{"version":"1.0","provider_name":"JusticeInfo.net","provider_url":"https:\/\/www.justiceinfo.net\/fr","title":"Justice en Libye : espoir ou impasse ?","type":"rich","width":600,"height":338,"html":"<blockquote class=\"wp-embedded-content\" data-secret=\"JTUvLCnnqY\"><a href=\"https:\/\/www.justiceinfo.net\/fr\/103897-justice-libye-espoir-ou-impasse.html\">Justice en Libye : espoir ou impasse ?<\/a><\/blockquote><iframe sandbox=\"allow-scripts\" security=\"restricted\" src=\"https:\/\/www.justiceinfo.net\/fr\/103897-justice-libye-espoir-ou-impasse.html\/embed#?secret=JTUvLCnnqY\" width=\"600\" height=\"338\" title=\"\u00ab\u00a0Justice en Libye : espoir ou impasse ?\u00a0\u00bb &#8212; JusticeInfo.net\" data-secret=\"JTUvLCnnqY\" frameborder=\"0\" marginwidth=\"0\" marginheight=\"0\" scrolling=\"no\" class=\"wp-embedded-content\"><\/iframe><script type=\"text\/javascript\">\n\/* <![CDATA[ *\/\n\/*! This file is auto-generated *\/\n!function(d,l){\"use strict\";l.querySelector&&d.addEventListener&&\"undefined\"!=typeof URL&&(d.wp=d.wp||{},d.wp.receiveEmbedMessage||(d.wp.receiveEmbedMessage=function(e){var t=e.data;if((t||t.secret||t.message||t.value)&&!\/[^a-zA-Z0-9]\/.test(t.secret)){for(var s,r,n,a=l.querySelectorAll('iframe[data-secret=\"'+t.secret+'\"]'),o=l.querySelectorAll('blockquote[data-secret=\"'+t.secret+'\"]'),c=new RegExp(\"^https?:$\",\"i\"),i=0;i<o.length;i++)o[i].style.display=\"none\";for(i=0;i<a.length;i++)s=a[i],e.source===s.contentWindow&&(s.removeAttribute(\"style\"),\"height\"===t.message?(1e3<(r=parseInt(t.value,10))?r=1e3:~~r<200&&(r=200),s.height=r):\"link\"===t.message&&(r=new URL(s.getAttribute(\"src\")),n=new URL(t.value),c.test(n.protocol))&&n.host===r.host&&l.activeElement===s&&(d.top.location.href=t.value))}},d.addEventListener(\"message\",d.wp.receiveEmbedMessage,!1),l.addEventListener(\"DOMContentLoaded\",function(){for(var e,t,s=l.querySelectorAll(\"iframe.wp-embedded-content\"),r=0;r<s.length;r++)(t=(e=s[r]).getAttribute(\"data-secret\"))||(t=Math.random().toString(36).substring(2,12),e.src+=\"#?secret=\"+t,e.setAttribute(\"data-secret\",t)),e.contentWindow.postMessage({message:\"ready\",secret:t},\"*\")},!1)))}(window,document);\n\/* ]]> *\/\n<\/script>\n","thumbnail_url":"https:\/\/www.justiceinfo.net\/wp-content\/uploads\/Libya_family-vitims-funeral-procession_@Mahmud-Turkia-AFP.jpg","thumbnail_width":1200,"thumbnail_height":737,"description":"Une mission d'enqu\u00eate de l'Onu a r\u00e9cemment publi\u00e9 son troisi\u00e8me rapport, d\u00e9voilant de nouvelles preuves de \"crimes contre l'humanit\u00e9, de crimes de guerre et de violations flagrantes des droits de l'homme\" en Libye, notamment \u00e0 l'encontre des migrants. Les autorit\u00e9s nationales sont cens\u00e9es enqu\u00eater, mais rien ne le d\u00e9montre. La Cour p\u00e9nale internationale est saisie de la situation libyenne depuis 2011, mais reste jusqu'\u00e0 pr\u00e9sent inefficace."}

Une mission d'enquête de l'Onu a récemment publié son troisième rapport, dévoilant de nouvelles preuves de "crimes contre l'humanité, de crimes de guerre et de violations flagrantes des droits de l'homme" en Libye, notamment à l'encontre des migrants. Les autorités nationales sont censées enquêter, mais rien ne le démontre. La Cour pénale internationale est saisie de la situation libyenne depuis 2011, mais reste jusqu'à présent inefficace.
