{"version":"1.0","provider_name":"JusticeInfo.net","provider_url":"https:\/\/www.justiceinfo.net\/fr","title":"Ouganda\u00a0: \u00e0 la rencontre des fermiers qui se battent en justice contre Total","type":"rich","width":600,"height":338,"html":"<blockquote class=\"wp-embedded-content\" data-secret=\"30YyVrQsYc\"><a href=\"https:\/\/www.justiceinfo.net\/fr\/104720-ouganda-rencontre-fermiers-justice-contre-total.html\">Ouganda\u00a0: \u00e0 la rencontre des fermiers qui se battent en justice contre Total<\/a><\/blockquote><iframe sandbox=\"allow-scripts\" security=\"restricted\" src=\"https:\/\/www.justiceinfo.net\/fr\/104720-ouganda-rencontre-fermiers-justice-contre-total.html\/embed#?secret=30YyVrQsYc\" width=\"600\" height=\"338\" title=\"\u00ab\u00a0Ouganda\u00a0: \u00e0 la rencontre des fermiers qui se battent en justice contre Total\u00a0\u00bb &#8212; JusticeInfo.net\" data-secret=\"30YyVrQsYc\" frameborder=\"0\" marginwidth=\"0\" marginheight=\"0\" scrolling=\"no\" class=\"wp-embedded-content\"><\/iframe><script type=\"text\/javascript\">\n\/* <![CDATA[ *\/\n\/*! This file is auto-generated *\/\n!function(d,l){\"use strict\";l.querySelector&&d.addEventListener&&\"undefined\"!=typeof URL&&(d.wp=d.wp||{},d.wp.receiveEmbedMessage||(d.wp.receiveEmbedMessage=function(e){var t=e.data;if((t||t.secret||t.message||t.value)&&!\/[^a-zA-Z0-9]\/.test(t.secret)){for(var s,r,n,a=l.querySelectorAll('iframe[data-secret=\"'+t.secret+'\"]'),o=l.querySelectorAll('blockquote[data-secret=\"'+t.secret+'\"]'),c=new RegExp(\"^https?:$\",\"i\"),i=0;i<o.length;i++)o[i].style.display=\"none\";for(i=0;i<a.length;i++)s=a[i],e.source===s.contentWindow&&(s.removeAttribute(\"style\"),\"height\"===t.message?(1e3<(r=parseInt(t.value,10))?r=1e3:~~r<200&&(r=200),s.height=r):\"link\"===t.message&&(r=new URL(s.getAttribute(\"src\")),n=new URL(t.value),c.test(n.protocol))&&n.host===r.host&&l.activeElement===s&&(d.top.location.href=t.value))}},d.addEventListener(\"message\",d.wp.receiveEmbedMessage,!1),l.addEventListener(\"DOMContentLoaded\",function(){for(var e,t,s=l.querySelectorAll(\"iframe.wp-embedded-content\"),r=0;r<s.length;r++)(t=(e=s[r]).getAttribute(\"data-secret\"))||(t=Math.random().toString(36).substring(2,12),e.src+=\"#?secret=\"+t,e.setAttribute(\"data-secret\",t)),e.contentWindow.postMessage({message:\"ready\",secret:t},\"*\")},!1)))}(window,document);\n\/* ]]> *\/\n<\/script>\n","thumbnail_url":"https:\/\/www.justiceinfo.net\/wp-content\/uploads\/Ouganda_lac-Albert-projets-petrole_@AFP.jpg","thumbnail_width":1054,"thumbnail_height":658,"description":"Dans l'ouest de l'Ouganda, environ 100 000 personnes sont d\u00e9plac\u00e9es par un \u00e9norme projet p\u00e9trolier men\u00e9 par le g\u00e9ant fran\u00e7ais Total Energies. La zone a \u00e9t\u00e9 verrouill\u00e9e par le gouvernement. Total fait l'objet d'un proc\u00e8s en France. Notre correspondant sp\u00e9cial en Ouganda est all\u00e9 \u00e0 la rencontre des paysans locaux qui se battent encore contre la soci\u00e9t\u00e9 priv\u00e9e et le gouvernement ougandais, devant les tribunaux."}

Ouganda : à la rencontre des fermiers qui se battent en justice contre Total

<blockquote class="wp-embedded-content" data-secret="30YyVrQsYc"><a href="https://www.justiceinfo.net/fr/104720-ouganda-rencontre-fermiers-justice-contre-total.html">Ouganda : à la rencontre des fermiers qui se battent en justice contre Total</a></blockquote><iframe sandbox="allow-scripts" security="restricted" src="https://www.justiceinfo.net/fr/104720-ouganda-rencontre-fermiers-justice-contre-total.html/embed#?secret=30YyVrQsYc" width="600" height="338" title="« Ouganda : à la rencontre des fermiers qui se battent en justice contre Total » &#8212; JusticeInfo.net" data-secret="30YyVrQsYc" frameborder="0" marginwidth="0" marginheight="0" scrolling="no" class="wp-embedded-content"></iframe><script type="text/javascript">
/* <![CDATA[ */
/*! This file is auto-generated */
!function(d,l){"use strict";l.querySelector&&d.addEventListener&&"undefined"!=typeof URL&&(d.wp=d.wp||{},d.wp.receiveEmbedMessage||(d.wp.receiveEmbedMessage=function(e){var t=e.data;if((t||t.secret||t.message||t.value)&&!/[^a-zA-Z0-9]/.test(t.secret)){for(var s,r,n,a=l.querySelectorAll('iframe[data-secret="'+t.secret+'"]'),o=l.querySelectorAll('blockquote[data-secret="'+t.secret+'"]'),c=new RegExp("^https?:$","i"),i=0;i<o.length;i++)o[i].style.display="none";for(i=0;i<a.length;i++)s=a[i],e.source===s.contentWindow&&(s.removeAttribute("style"),"height"===t.message?(1e3<(r=parseInt(t.value,10))?r=1e3:~~r<200&&(r=200),s.height=r):"link"===t.message&&(r=new URL(s.getAttribute("src")),n=new URL(t.value),c.test(n.protocol))&&n.host===r.host&&l.activeElement===s&&(d.top.location.href=t.value))}},d.addEventListener("message",d.wp.receiveEmbedMessage,!1),l.addEventListener("DOMContentLoaded",function(){for(var e,t,s=l.querySelectorAll("iframe.wp-embedded-content"),r=0;r<s.length;r++)(t=(e=s[r]).getAttribute("data-secret"))||(t=Math.random().toString(36).substring(2,12),e.src+="#?secret="+t,e.setAttribute("data-secret",t)),e.contentWindow.postMessage({message:"ready",secret:t},"*")},!1)))}(window,document);
/* ]]> */
</script>

Dans l'ouest de l'Ouganda, environ 100 000 personnes sont déplacées par un énorme projet pétrolier mené par le géant français Total Energies. La zone a été verrouillée par le gouvernement. Total fait l'objet d'un procès en France. Notre correspondant spécial en Ouganda est allé à la rencontre des paysans locaux qui se battent encore contre la société privée et le gouvernement ougandais, devant les tribunaux.
