{"version":"1.0","provider_name":"JusticeInfo.net","provider_url":"https:\/\/www.justiceinfo.net\/fr","title":"A Nuremberg, \u00ab\u00a0on s'est mis \u00e0 juger des cadres et dirigeants d'entreprise \u00bb","type":"rich","width":600,"height":338,"html":"<blockquote class=\"wp-embedded-content\" data-secret=\"HYJLRuijNg\"><a href=\"https:\/\/www.justiceinfo.net\/fr\/106268-nuremberg-juger-cadres-dirigeants-entreprise.html\">A Nuremberg, \u00ab\u00a0on s'est mis \u00e0 juger des cadres et dirigeants d'entreprise \u00bb<\/a><\/blockquote><iframe sandbox=\"allow-scripts\" security=\"restricted\" src=\"https:\/\/www.justiceinfo.net\/fr\/106268-nuremberg-juger-cadres-dirigeants-entreprise.html\/embed#?secret=HYJLRuijNg\" width=\"600\" height=\"338\" title=\"\u00ab\u00a0A Nuremberg, \u00ab\u00a0on s&#039;est mis \u00e0 juger des cadres et dirigeants d&#039;entreprise \u00bb\u00a0\u00bb &#8212; JusticeInfo.net\" data-secret=\"HYJLRuijNg\" frameborder=\"0\" marginwidth=\"0\" marginheight=\"0\" scrolling=\"no\" class=\"wp-embedded-content\"><\/iframe><script type=\"text\/javascript\">\n\/* <![CDATA[ *\/\n\/*! This file is auto-generated *\/\n!function(d,l){\"use strict\";l.querySelector&&d.addEventListener&&\"undefined\"!=typeof URL&&(d.wp=d.wp||{},d.wp.receiveEmbedMessage||(d.wp.receiveEmbedMessage=function(e){var t=e.data;if((t||t.secret||t.message||t.value)&&!\/[^a-zA-Z0-9]\/.test(t.secret)){for(var s,r,n,a=l.querySelectorAll('iframe[data-secret=\"'+t.secret+'\"]'),o=l.querySelectorAll('blockquote[data-secret=\"'+t.secret+'\"]'),c=new RegExp(\"^https?:$\",\"i\"),i=0;i<o.length;i++)o[i].style.display=\"none\";for(i=0;i<a.length;i++)s=a[i],e.source===s.contentWindow&&(s.removeAttribute(\"style\"),\"height\"===t.message?(1e3<(r=parseInt(t.value,10))?r=1e3:~~r<200&&(r=200),s.height=r):\"link\"===t.message&&(r=new URL(s.getAttribute(\"src\")),n=new URL(t.value),c.test(n.protocol))&&n.host===r.host&&l.activeElement===s&&(d.top.location.href=t.value))}},d.addEventListener(\"message\",d.wp.receiveEmbedMessage,!1),l.addEventListener(\"DOMContentLoaded\",function(){for(var e,t,s=l.querySelectorAll(\"iframe.wp-embedded-content\"),r=0;r<s.length;r++)(t=(e=s[r]).getAttribute(\"data-secret\"))||(t=Math.random().toString(36).substring(2,12),e.src+=\"#?secret=\"+t,e.setAttribute(\"data-secret\",t)),e.contentWindow.postMessage({message:\"ready\",secret:t},\"*\")},!1)))}(window,document);\n\/* ]]> *\/\n<\/script>\n","thumbnail_url":"https:\/\/www.justiceinfo.net\/wp-content\/uploads\/Germany_Nuremberg-Flick-trial.jpg","thumbnail_width":1200,"thumbnail_height":867,"description":"L\u2019historien et sociologue fran\u00e7ais Guillaume Mouralis, qui travaille sur l\u2019histoire des pratiques juridiques en situation de sortie de conflit, revient sur le moment charni\u00e8re des proc\u00e8s de Nuremberg au cours desquels plusieurs dirigeants d\u2019entreprise ont \u00e9t\u00e9 jug\u00e9s. Bien que d\u2019impact limit\u00e9, ces proc\u00e8s ont pos\u00e9 le principe d\u2019une responsabilit\u00e9 p\u00e9nale individuelle des dirigeants d\u2019entreprise en mati\u00e8re de crimes internationaux."}

A Nuremberg, « on s'est mis à juger des cadres et dirigeants d'entreprise »

<blockquote class="wp-embedded-content" data-secret="HYJLRuijNg"><a href="https://www.justiceinfo.net/fr/106268-nuremberg-juger-cadres-dirigeants-entreprise.html">A Nuremberg, « on s'est mis à juger des cadres et dirigeants d'entreprise »</a></blockquote><iframe sandbox="allow-scripts" security="restricted" src="https://www.justiceinfo.net/fr/106268-nuremberg-juger-cadres-dirigeants-entreprise.html/embed#?secret=HYJLRuijNg" width="600" height="338" title="« A Nuremberg, « on s&#039;est mis à juger des cadres et dirigeants d&#039;entreprise » » &#8212; JusticeInfo.net" data-secret="HYJLRuijNg" frameborder="0" marginwidth="0" marginheight="0" scrolling="no" class="wp-embedded-content"></iframe><script type="text/javascript">
/* <![CDATA[ */
/*! This file is auto-generated */
!function(d,l){"use strict";l.querySelector&&d.addEventListener&&"undefined"!=typeof URL&&(d.wp=d.wp||{},d.wp.receiveEmbedMessage||(d.wp.receiveEmbedMessage=function(e){var t=e.data;if((t||t.secret||t.message||t.value)&&!/[^a-zA-Z0-9]/.test(t.secret)){for(var s,r,n,a=l.querySelectorAll('iframe[data-secret="'+t.secret+'"]'),o=l.querySelectorAll('blockquote[data-secret="'+t.secret+'"]'),c=new RegExp("^https?:$","i"),i=0;i<o.length;i++)o[i].style.display="none";for(i=0;i<a.length;i++)s=a[i],e.source===s.contentWindow&&(s.removeAttribute("style"),"height"===t.message?(1e3<(r=parseInt(t.value,10))?r=1e3:~~r<200&&(r=200),s.height=r):"link"===t.message&&(r=new URL(s.getAttribute("src")),n=new URL(t.value),c.test(n.protocol))&&n.host===r.host&&l.activeElement===s&&(d.top.location.href=t.value))}},d.addEventListener("message",d.wp.receiveEmbedMessage,!1),l.addEventListener("DOMContentLoaded",function(){for(var e,t,s=l.querySelectorAll("iframe.wp-embedded-content"),r=0;r<s.length;r++)(t=(e=s[r]).getAttribute("data-secret"))||(t=Math.random().toString(36).substring(2,12),e.src+="#?secret="+t,e.setAttribute("data-secret",t)),e.contentWindow.postMessage({message:"ready",secret:t},"*")},!1)))}(window,document);
/* ]]> */
</script>

L’historien et sociologue français Guillaume Mouralis, qui travaille sur l’histoire des pratiques juridiques en situation de sortie de conflit, revient sur le moment charnière des procès de Nuremberg au cours desquels plusieurs dirigeants d’entreprise ont été jugés. Bien que d’impact limité, ces procès ont posé le principe d’une responsabilité pénale individuelle des dirigeants d’entreprise en matière de crimes internationaux.
