{"version":"1.0","provider_name":"JusticeInfo.net","provider_url":"https:\/\/www.justiceinfo.net\/fr","title":"La\u00a0justice est-elle un\u00a0outil pour sauver le climat\u00a0?","type":"rich","width":600,"height":338,"html":"<blockquote class=\"wp-embedded-content\" data-secret=\"mmBEzghYst\"><a href=\"https:\/\/www.justiceinfo.net\/fr\/108479-justice-outil-pour-sauver-climat.html\">La\u00a0justice est-elle un\u00a0outil pour sauver le climat\u00a0?<\/a><\/blockquote><iframe sandbox=\"allow-scripts\" security=\"restricted\" src=\"https:\/\/www.justiceinfo.net\/fr\/108479-justice-outil-pour-sauver-climat.html\/embed#?secret=mmBEzghYst\" width=\"600\" height=\"338\" title=\"\u00ab\u00a0La\u00a0justice est-elle un\u00a0outil pour sauver le climat\u00a0?\u00a0\u00bb &#8212; JusticeInfo.net\" data-secret=\"mmBEzghYst\" frameborder=\"0\" marginwidth=\"0\" marginheight=\"0\" scrolling=\"no\" class=\"wp-embedded-content\"><\/iframe><script type=\"text\/javascript\">\n\/* <![CDATA[ *\/\n\/*! This file is auto-generated *\/\n!function(d,l){\"use strict\";l.querySelector&&d.addEventListener&&\"undefined\"!=typeof URL&&(d.wp=d.wp||{},d.wp.receiveEmbedMessage||(d.wp.receiveEmbedMessage=function(e){var t=e.data;if((t||t.secret||t.message||t.value)&&!\/[^a-zA-Z0-9]\/.test(t.secret)){for(var s,r,n,a=l.querySelectorAll('iframe[data-secret=\"'+t.secret+'\"]'),o=l.querySelectorAll('blockquote[data-secret=\"'+t.secret+'\"]'),c=new RegExp(\"^https?:$\",\"i\"),i=0;i<o.length;i++)o[i].style.display=\"none\";for(i=0;i<a.length;i++)s=a[i],e.source===s.contentWindow&&(s.removeAttribute(\"style\"),\"height\"===t.message?(1e3<(r=parseInt(t.value,10))?r=1e3:~~r<200&&(r=200),s.height=r):\"link\"===t.message&&(r=new URL(s.getAttribute(\"src\")),n=new URL(t.value),c.test(n.protocol))&&n.host===r.host&&l.activeElement===s&&(d.top.location.href=t.value))}},d.addEventListener(\"message\",d.wp.receiveEmbedMessage,!1),l.addEventListener(\"DOMContentLoaded\",function(){for(var e,t,s=l.querySelectorAll(\"iframe.wp-embedded-content\"),r=0;r<s.length;r++)(t=(e=s[r]).getAttribute(\"data-secret\"))||(t=Math.random().toString(36).substring(2,12),e.src+=\"#?secret=\"+t,e.setAttribute(\"data-secret\",t)),e.contentWindow.postMessage({message:\"ready\",secret:t},\"*\")},!1)))}(window,document);\n\/* ]]> *\/\n<\/script>\n","thumbnail_url":"https:\/\/www.justiceinfo.net\/wp-content\/uploads\/Climate-justice-now_demonstration-sign_@Kerstin-Joensson-AFP.jpg","thumbnail_width":1200,"thumbnail_height":718,"description":"Dans ce podcast clair, pr\u00e9cis et \u00e9clairant, Judith Rochfeld, professeur de droit priv\u00e9 \u00e0 l'universit\u00e9 Paris 1-Panth\u00e9on-Sorbonne retrace l\u2019\u00e9volution de la \u00ab justice climatique \u00bb, notamment apr\u00e8s l\u2019Accord de Paris, en 2015. Comment le droit est devenu une arme pour les militants et la soci\u00e9t\u00e9 civile pour essayer de contraindre \u00c9tats et entreprises \u00e0 remplir leurs obligations de lutte contre la crise climatique."}

Dans ce podcast clair, précis et éclairant, Judith Rochfeld, professeur de droit privé à l'université Paris 1-Panthéon-Sorbonne retrace l’évolution de la « justice climatique », notamment après l’Accord de Paris, en 2015. Comment le droit est devenu une arme pour les militants et la société civile pour essayer de contraindre États et entreprises à remplir leurs obligations de lutte contre la crise climatique.
