{"version":"1.0","provider_name":"JusticeInfo.net","provider_url":"https:\/\/www.justiceinfo.net\/fr","title":"Philip Grant : \u00ab\u00a0L'Ukraine acc\u00e9l\u00e8re le renouveau de la comp\u00e9tence universelle\u00a0\u00bb","type":"rich","width":600,"height":338,"html":"<blockquote class=\"wp-embedded-content\" data-secret=\"vjTnNdfCva\"><a href=\"https:\/\/www.justiceinfo.net\/fr\/109558-philip-grant-ukraine-renouveau-competence-universelle.html\">Philip Grant : \u00ab\u00a0L'Ukraine acc\u00e9l\u00e8re le renouveau de la comp\u00e9tence universelle\u00a0\u00bb<\/a><\/blockquote><iframe sandbox=\"allow-scripts\" security=\"restricted\" src=\"https:\/\/www.justiceinfo.net\/fr\/109558-philip-grant-ukraine-renouveau-competence-universelle.html\/embed#?secret=vjTnNdfCva\" width=\"600\" height=\"338\" title=\"\u00ab\u00a0Philip Grant : \u00ab\u00a0L&#039;Ukraine acc\u00e9l\u00e8re le renouveau de la comp\u00e9tence universelle\u00a0\u00bb\u00a0\u00bb &#8212; JusticeInfo.net\" data-secret=\"vjTnNdfCva\" frameborder=\"0\" marginwidth=\"0\" marginheight=\"0\" scrolling=\"no\" class=\"wp-embedded-content\"><\/iframe><script type=\"text\/javascript\">\n\/* <![CDATA[ *\/\n\/*! This file is auto-generated *\/\n!function(d,l){\"use strict\";l.querySelector&&d.addEventListener&&\"undefined\"!=typeof URL&&(d.wp=d.wp||{},d.wp.receiveEmbedMessage||(d.wp.receiveEmbedMessage=function(e){var t=e.data;if((t||t.secret||t.message||t.value)&&!\/[^a-zA-Z0-9]\/.test(t.secret)){for(var s,r,n,a=l.querySelectorAll('iframe[data-secret=\"'+t.secret+'\"]'),o=l.querySelectorAll('blockquote[data-secret=\"'+t.secret+'\"]'),c=new RegExp(\"^https?:$\",\"i\"),i=0;i<o.length;i++)o[i].style.display=\"none\";for(i=0;i<a.length;i++)s=a[i],e.source===s.contentWindow&&(s.removeAttribute(\"style\"),\"height\"===t.message?(1e3<(r=parseInt(t.value,10))?r=1e3:~~r<200&&(r=200),s.height=r):\"link\"===t.message&&(r=new URL(s.getAttribute(\"src\")),n=new URL(t.value),c.test(n.protocol))&&n.host===r.host&&l.activeElement===s&&(d.top.location.href=t.value))}},d.addEventListener(\"message\",d.wp.receiveEmbedMessage,!1),l.addEventListener(\"DOMContentLoaded\",function(){for(var e,t,s=l.querySelectorAll(\"iframe.wp-embedded-content\"),r=0;r<s.length;r++)(t=(e=s[r]).getAttribute(\"data-secret\"))||(t=Math.random().toString(36).substring(2,12),e.src+=\"#?secret=\"+t,e.setAttribute(\"data-secret\",t)),e.contentWindow.postMessage({message:\"ready\",secret:t},\"*\")},!1)))}(window,document);\n\/* ]]> *\/\n<\/script>\n","thumbnail_url":"https:\/\/www.justiceinfo.net\/wp-content\/uploads\/Philip-Grant_In-depth-interview-grand-entretien_@Benoit-Peyrucq.jpg","thumbnail_width":1200,"thumbnail_height":800,"description":"Grand entretien avec Philip Grant, directeur de TRIAL International, une ONG suisse cr\u00e9\u00e9e il y a 20 ans, parle \u00e0 Justice Info du d\u00e9veloppement de la comp\u00e9tence universelle, de la valeur des proc\u00e8s nationaux en R\u00e9publique d\u00e9mocratique du Congo, et de la fa\u00e7on dont il voit l'avenir de la justice internationale."}

Philip Grant : « L'Ukraine accélère le renouveau de la compétence universelle »

<blockquote class="wp-embedded-content" data-secret="vjTnNdfCva"><a href="https://www.justiceinfo.net/fr/109558-philip-grant-ukraine-renouveau-competence-universelle.html">Philip Grant : « L'Ukraine accélère le renouveau de la compétence universelle »</a></blockquote><iframe sandbox="allow-scripts" security="restricted" src="https://www.justiceinfo.net/fr/109558-philip-grant-ukraine-renouveau-competence-universelle.html/embed#?secret=vjTnNdfCva" width="600" height="338" title="« Philip Grant : « L&#039;Ukraine accélère le renouveau de la compétence universelle » » &#8212; JusticeInfo.net" data-secret="vjTnNdfCva" frameborder="0" marginwidth="0" marginheight="0" scrolling="no" class="wp-embedded-content"></iframe><script type="text/javascript">
/* <![CDATA[ */
/*! This file is auto-generated */
!function(d,l){"use strict";l.querySelector&&d.addEventListener&&"undefined"!=typeof URL&&(d.wp=d.wp||{},d.wp.receiveEmbedMessage||(d.wp.receiveEmbedMessage=function(e){var t=e.data;if((t||t.secret||t.message||t.value)&&!/[^a-zA-Z0-9]/.test(t.secret)){for(var s,r,n,a=l.querySelectorAll('iframe[data-secret="'+t.secret+'"]'),o=l.querySelectorAll('blockquote[data-secret="'+t.secret+'"]'),c=new RegExp("^https?:$","i"),i=0;i<o.length;i++)o[i].style.display="none";for(i=0;i<a.length;i++)s=a[i],e.source===s.contentWindow&&(s.removeAttribute("style"),"height"===t.message?(1e3<(r=parseInt(t.value,10))?r=1e3:~~r<200&&(r=200),s.height=r):"link"===t.message&&(r=new URL(s.getAttribute("src")),n=new URL(t.value),c.test(n.protocol))&&n.host===r.host&&l.activeElement===s&&(d.top.location.href=t.value))}},d.addEventListener("message",d.wp.receiveEmbedMessage,!1),l.addEventListener("DOMContentLoaded",function(){for(var e,t,s=l.querySelectorAll("iframe.wp-embedded-content"),r=0;r<s.length;r++)(t=(e=s[r]).getAttribute("data-secret"))||(t=Math.random().toString(36).substring(2,12),e.src+="#?secret="+t,e.setAttribute("data-secret",t)),e.contentWindow.postMessage({message:"ready",secret:t},"*")},!1)))}(window,document);
/* ]]> */
</script>

Grand entretien avec Philip Grant, directeur de TRIAL International, une ONG suisse créée il y a 20 ans, parle à Justice Info du développement de la compétence universelle, de la valeur des procès nationaux en République démocratique du Congo, et de la façon dont il voit l'avenir de la justice internationale.
