{"version":"1.0","provider_name":"JusticeInfo.net","provider_url":"https:\/\/www.justiceinfo.net\/fr","title":"Colombie : les v\u00e9rit\u00e9s que les anciennes FARC rechignent \u00e0 admettre","type":"rich","width":600,"height":338,"html":"<blockquote class=\"wp-embedded-content\" data-secret=\"JZqkLTxbUU\"><a href=\"https:\/\/www.justiceinfo.net\/fr\/110074-colombie-verites-farc-rechignent-admettre.html\">Colombie : les v\u00e9rit\u00e9s que les anciennes FARC rechignent \u00e0 admettre<\/a><\/blockquote><iframe sandbox=\"allow-scripts\" security=\"restricted\" src=\"https:\/\/www.justiceinfo.net\/fr\/110074-colombie-verites-farc-rechignent-admettre.html\/embed#?secret=JZqkLTxbUU\" width=\"600\" height=\"338\" title=\"\u00ab\u00a0Colombie : les v\u00e9rit\u00e9s que les anciennes FARC rechignent \u00e0 admettre\u00a0\u00bb &#8212; JusticeInfo.net\" data-secret=\"JZqkLTxbUU\" frameborder=\"0\" marginwidth=\"0\" marginheight=\"0\" scrolling=\"no\" class=\"wp-embedded-content\"><\/iframe><script type=\"text\/javascript\">\n\/* <![CDATA[ *\/\n\/*! This file is auto-generated *\/\n!function(d,l){\"use strict\";l.querySelector&&d.addEventListener&&\"undefined\"!=typeof URL&&(d.wp=d.wp||{},d.wp.receiveEmbedMessage||(d.wp.receiveEmbedMessage=function(e){var t=e.data;if((t||t.secret||t.message||t.value)&&!\/[^a-zA-Z0-9]\/.test(t.secret)){for(var s,r,n,a=l.querySelectorAll('iframe[data-secret=\"'+t.secret+'\"]'),o=l.querySelectorAll('blockquote[data-secret=\"'+t.secret+'\"]'),c=new RegExp(\"^https?:$\",\"i\"),i=0;i<o.length;i++)o[i].style.display=\"none\";for(i=0;i<a.length;i++)s=a[i],e.source===s.contentWindow&&(s.removeAttribute(\"style\"),\"height\"===t.message?(1e3<(r=parseInt(t.value,10))?r=1e3:~~r<200&&(r=200),s.height=r):\"link\"===t.message&&(r=new URL(s.getAttribute(\"src\")),n=new URL(t.value),c.test(n.protocol))&&n.host===r.host&&l.activeElement===s&&(d.top.location.href=t.value))}},d.addEventListener(\"message\",d.wp.receiveEmbedMessage,!1),l.addEventListener(\"DOMContentLoaded\",function(){for(var e,t,s=l.querySelectorAll(\"iframe.wp-embedded-content\"),r=0;r<s.length;r++)(t=(e=s[r]).getAttribute(\"data-secret\"))||(t=Math.random().toString(36).substring(2,12),e.src+=\"#?secret=\"+t,e.setAttribute(\"data-secret\",t)),e.contentWindow.postMessage({message:\"ready\",secret:t},\"*\")},!1)))}(window,document);\n\/* ]]> *\/\n<\/script>\n","thumbnail_url":"https:\/\/www.justiceinfo.net\/wp-content\/uploads\/Colombia_Gabarra-massacre-victims-memory_@Rodrigo-Londono.jpg","thumbnail_width":1200,"thumbnail_height":900,"description":"De nombreuses victimes en Colombie ont le sentiment que les FARC demeurent r\u00e9ticentes \u00e0 reconna\u00eetre pleinement un grand nombre de leurs atrocit\u00e9s. Surtout lorsqu'il s'agit de crimes commis contre des politiciens de gauche et des paysans. Le meurtre de l'ancien d\u00e9put\u00e9 Jos\u00e9 Cardona Hoyos en 1986 et le massacre de La Gabarra en 2004 illustrent ces v\u00e9rit\u00e9s g\u00eanantes que le processus de justice transitionnelle n'a pas clarifi\u00e9."}

Colombie : les vérités que les anciennes FARC rechignent à admettre

<blockquote class="wp-embedded-content" data-secret="JZqkLTxbUU"><a href="https://www.justiceinfo.net/fr/110074-colombie-verites-farc-rechignent-admettre.html">Colombie : les vérités que les anciennes FARC rechignent à admettre</a></blockquote><iframe sandbox="allow-scripts" security="restricted" src="https://www.justiceinfo.net/fr/110074-colombie-verites-farc-rechignent-admettre.html/embed#?secret=JZqkLTxbUU" width="600" height="338" title="« Colombie : les vérités que les anciennes FARC rechignent à admettre » &#8212; JusticeInfo.net" data-secret="JZqkLTxbUU" frameborder="0" marginwidth="0" marginheight="0" scrolling="no" class="wp-embedded-content"></iframe><script type="text/javascript">
/* <![CDATA[ */
/*! This file is auto-generated */
!function(d,l){"use strict";l.querySelector&&d.addEventListener&&"undefined"!=typeof URL&&(d.wp=d.wp||{},d.wp.receiveEmbedMessage||(d.wp.receiveEmbedMessage=function(e){var t=e.data;if((t||t.secret||t.message||t.value)&&!/[^a-zA-Z0-9]/.test(t.secret)){for(var s,r,n,a=l.querySelectorAll('iframe[data-secret="'+t.secret+'"]'),o=l.querySelectorAll('blockquote[data-secret="'+t.secret+'"]'),c=new RegExp("^https?:$","i"),i=0;i<o.length;i++)o[i].style.display="none";for(i=0;i<a.length;i++)s=a[i],e.source===s.contentWindow&&(s.removeAttribute("style"),"height"===t.message?(1e3<(r=parseInt(t.value,10))?r=1e3:~~r<200&&(r=200),s.height=r):"link"===t.message&&(r=new URL(s.getAttribute("src")),n=new URL(t.value),c.test(n.protocol))&&n.host===r.host&&l.activeElement===s&&(d.top.location.href=t.value))}},d.addEventListener("message",d.wp.receiveEmbedMessage,!1),l.addEventListener("DOMContentLoaded",function(){for(var e,t,s=l.querySelectorAll("iframe.wp-embedded-content"),r=0;r<s.length;r++)(t=(e=s[r]).getAttribute("data-secret"))||(t=Math.random().toString(36).substring(2,12),e.src+="#?secret="+t,e.setAttribute("data-secret",t)),e.contentWindow.postMessage({message:"ready",secret:t},"*")},!1)))}(window,document);
/* ]]> */
</script>

De nombreuses victimes en Colombie ont le sentiment que les FARC demeurent réticentes à reconnaître pleinement un grand nombre de leurs atrocités. Surtout lorsqu'il s'agit de crimes commis contre des politiciens de gauche et des paysans. Le meurtre de l'ancien député José Cardona Hoyos en 1986 et le massacre de La Gabarra en 2004 illustrent ces vérités gênantes que le processus de justice transitionnelle n'a pas clarifié.
