{"version":"1.0","provider_name":"JusticeInfo.net","provider_url":"https:\/\/www.justiceinfo.net\/fr","title":"CPI\u00a0: la controverse sur les \"interm\u00e9diaires\" resurgit dans le proc\u00e8s Yekatom","type":"rich","width":600,"height":338,"html":"<blockquote class=\"wp-embedded-content\" data-secret=\"Cuj0etY65B\"><a href=\"https:\/\/www.justiceinfo.net\/fr\/126859-cpi-controverse-intermediaires-proces-yekatom.html\">CPI\u00a0: la controverse sur les \"interm\u00e9diaires\" resurgit dans le proc\u00e8s Yekatom<\/a><\/blockquote><iframe sandbox=\"allow-scripts\" security=\"restricted\" src=\"https:\/\/www.justiceinfo.net\/fr\/126859-cpi-controverse-intermediaires-proces-yekatom.html\/embed#?secret=Cuj0etY65B\" width=\"600\" height=\"338\" title=\"\u00ab\u00a0CPI\u00a0: la controverse sur les &quot;interm\u00e9diaires&quot; resurgit dans le proc\u00e8s Yekatom\u00a0\u00bb &#8212; JusticeInfo.net\" data-secret=\"Cuj0etY65B\" frameborder=\"0\" marginwidth=\"0\" marginheight=\"0\" scrolling=\"no\" class=\"wp-embedded-content\"><\/iframe><script type=\"text\/javascript\">\n\/* <![CDATA[ *\/\n\/*! This file is auto-generated *\/\n!function(d,l){\"use strict\";l.querySelector&&d.addEventListener&&\"undefined\"!=typeof URL&&(d.wp=d.wp||{},d.wp.receiveEmbedMessage||(d.wp.receiveEmbedMessage=function(e){var t=e.data;if((t||t.secret||t.message||t.value)&&!\/[^a-zA-Z0-9]\/.test(t.secret)){for(var s,r,n,a=l.querySelectorAll('iframe[data-secret=\"'+t.secret+'\"]'),o=l.querySelectorAll('blockquote[data-secret=\"'+t.secret+'\"]'),c=new RegExp(\"^https?:$\",\"i\"),i=0;i<o.length;i++)o[i].style.display=\"none\";for(i=0;i<a.length;i++)s=a[i],e.source===s.contentWindow&&(s.removeAttribute(\"style\"),\"height\"===t.message?(1e3<(r=parseInt(t.value,10))?r=1e3:~~r<200&&(r=200),s.height=r):\"link\"===t.message&&(r=new URL(s.getAttribute(\"src\")),n=new URL(t.value),c.test(n.protocol))&&n.host===r.host&&l.activeElement===s&&(d.top.location.href=t.value))}},d.addEventListener(\"message\",d.wp.receiveEmbedMessage,!1),l.addEventListener(\"DOMContentLoaded\",function(){for(var e,t,s=l.querySelectorAll(\"iframe.wp-embedded-content\"),r=0;r<s.length;r++)(t=(e=s[r]).getAttribute(\"data-secret\"))||(t=Math.random().toString(36).substring(2,12),e.src+=\"#?secret=\"+t,e.setAttribute(\"data-secret\",t)),e.contentWindow.postMessage({message:\"ready\",secret:t},\"*\")},!1)))}(window,document);\n\/* ]]> *\/\n<\/script>\n","thumbnail_url":"https:\/\/www.justiceinfo.net\/wp-content\/uploads\/Central-African-Republic_Yekatom-trial-Dimitri_@ICC-CPI.jpg","thumbnail_width":1200,"thumbnail_height":800,"description":"En d\u00e9cembre, la d\u00e9fense d'Alfred Yekatom a pr\u00e9sent\u00e9 de premiers t\u00e9moins et une charge lourde contre le procureur de la Cour p\u00e9nale internationale (CPI), accus\u00e9 d'avoir une nouvelle fois eu recours \u00e0 des interm\u00e9diaires et ferm\u00e9 les yeux sur un acte de naissance falsifi\u00e9."}

CPI : la controverse sur les "intermédiaires" resurgit dans le procès Yekatom

<blockquote class="wp-embedded-content" data-secret="Cuj0etY65B"><a href="https://www.justiceinfo.net/fr/126859-cpi-controverse-intermediaires-proces-yekatom.html">CPI : la controverse sur les "intermédiaires" resurgit dans le procès Yekatom</a></blockquote><iframe sandbox="allow-scripts" security="restricted" src="https://www.justiceinfo.net/fr/126859-cpi-controverse-intermediaires-proces-yekatom.html/embed#?secret=Cuj0etY65B" width="600" height="338" title="« CPI : la controverse sur les &quot;intermédiaires&quot; resurgit dans le procès Yekatom » &#8212; JusticeInfo.net" data-secret="Cuj0etY65B" frameborder="0" marginwidth="0" marginheight="0" scrolling="no" class="wp-embedded-content"></iframe><script type="text/javascript">
/* <![CDATA[ */
/*! This file is auto-generated */
!function(d,l){"use strict";l.querySelector&&d.addEventListener&&"undefined"!=typeof URL&&(d.wp=d.wp||{},d.wp.receiveEmbedMessage||(d.wp.receiveEmbedMessage=function(e){var t=e.data;if((t||t.secret||t.message||t.value)&&!/[^a-zA-Z0-9]/.test(t.secret)){for(var s,r,n,a=l.querySelectorAll('iframe[data-secret="'+t.secret+'"]'),o=l.querySelectorAll('blockquote[data-secret="'+t.secret+'"]'),c=new RegExp("^https?:$","i"),i=0;i<o.length;i++)o[i].style.display="none";for(i=0;i<a.length;i++)s=a[i],e.source===s.contentWindow&&(s.removeAttribute("style"),"height"===t.message?(1e3<(r=parseInt(t.value,10))?r=1e3:~~r<200&&(r=200),s.height=r):"link"===t.message&&(r=new URL(s.getAttribute("src")),n=new URL(t.value),c.test(n.protocol))&&n.host===r.host&&l.activeElement===s&&(d.top.location.href=t.value))}},d.addEventListener("message",d.wp.receiveEmbedMessage,!1),l.addEventListener("DOMContentLoaded",function(){for(var e,t,s=l.querySelectorAll("iframe.wp-embedded-content"),r=0;r<s.length;r++)(t=(e=s[r]).getAttribute("data-secret"))||(t=Math.random().toString(36).substring(2,12),e.src+="#?secret="+t,e.setAttribute("data-secret",t)),e.contentWindow.postMessage({message:"ready",secret:t},"*")},!1)))}(window,document);
/* ]]> */
</script>

En décembre, la défense d'Alfred Yekatom a présenté de premiers témoins et une charge lourde contre le procureur de la Cour pénale internationale (CPI), accusé d'avoir une nouvelle fois eu recours à des intermédiaires et fermé les yeux sur un acte de naissance falsifié.
