{"version":"1.0","provider_name":"JusticeInfo.net","provider_url":"https:\/\/www.justiceinfo.net\/fr","title":"Proc\u00e8s Sonko : qui est responsable du meurtre de Baba Jobe ?","type":"rich","width":600,"height":338,"html":"<blockquote class=\"wp-embedded-content\" data-secret=\"JpabkDgB3e\"><a href=\"https:\/\/www.justiceinfo.net\/fr\/127301-proces-sonko-qui-responsable-meurtre-baba-jobe.html\">Proc\u00e8s Sonko : qui est responsable du meurtre de Baba Jobe ?<\/a><\/blockquote><iframe sandbox=\"allow-scripts\" security=\"restricted\" src=\"https:\/\/www.justiceinfo.net\/fr\/127301-proces-sonko-qui-responsable-meurtre-baba-jobe.html\/embed#?secret=JpabkDgB3e\" width=\"600\" height=\"338\" title=\"\u00ab\u00a0Proc\u00e8s Sonko : qui est responsable du meurtre de Baba Jobe ?\u00a0\u00bb &#8212; JusticeInfo.net\" data-secret=\"JpabkDgB3e\" frameborder=\"0\" marginwidth=\"0\" marginheight=\"0\" scrolling=\"no\" class=\"wp-embedded-content\"><\/iframe><script type=\"text\/javascript\">\n\/* <![CDATA[ *\/\n\/*! This file is auto-generated *\/\n!function(d,l){\"use strict\";l.querySelector&&d.addEventListener&&\"undefined\"!=typeof URL&&(d.wp=d.wp||{},d.wp.receiveEmbedMessage||(d.wp.receiveEmbedMessage=function(e){var t=e.data;if((t||t.secret||t.message||t.value)&&!\/[^a-zA-Z0-9]\/.test(t.secret)){for(var s,r,n,a=l.querySelectorAll('iframe[data-secret=\"'+t.secret+'\"]'),o=l.querySelectorAll('blockquote[data-secret=\"'+t.secret+'\"]'),c=new RegExp(\"^https?:$\",\"i\"),i=0;i<o.length;i++)o[i].style.display=\"none\";for(i=0;i<a.length;i++)s=a[i],e.source===s.contentWindow&&(s.removeAttribute(\"style\"),\"height\"===t.message?(1e3<(r=parseInt(t.value,10))?r=1e3:~~r<200&&(r=200),s.height=r):\"link\"===t.message&&(r=new URL(s.getAttribute(\"src\")),n=new URL(t.value),c.test(n.protocol))&&n.host===r.host&&l.activeElement===s&&(d.top.location.href=t.value))}},d.addEventListener(\"message\",d.wp.receiveEmbedMessage,!1),l.addEventListener(\"DOMContentLoaded\",function(){for(var e,t,s=l.querySelectorAll(\"iframe.wp-embedded-content\"),r=0;r<s.length;r++)(t=(e=s[r]).getAttribute(\"data-secret\"))||(t=Math.random().toString(36).substring(2,12),e.src+=\"#?secret=\"+t,e.setAttribute(\"data-secret\",t)),e.contentWindow.postMessage({message:\"ready\",secret:t},\"*\")},!1)))}(window,document);\n\/* ]]> *\/\n<\/script>\n","thumbnail_url":"https:\/\/www.justiceinfo.net\/wp-content\/uploads\/Switzerland_Sonko-court_@Tonatiuh-Ambrosetti-Bundesamt-fur-Bauten-und-Logistik-BBL.jpg","thumbnail_width":1200,"thumbnail_height":922,"description":"Un ex-gardien de prison t\u00e9moigne devant la justice suisse sur le meurtre de Baba Jobe (homme politique gambien) alors qu'il \u00e9tait d\u00e9tenu en 2011, quand Ousman Sonko \u00e9tait ministre de l'Int\u00e9rieur. Mais Sonko renvoie la faute sur Yahya Jammeh."}

Procès Sonko : qui est responsable du meurtre de Baba Jobe ?

<blockquote class="wp-embedded-content" data-secret="JpabkDgB3e"><a href="https://www.justiceinfo.net/fr/127301-proces-sonko-qui-responsable-meurtre-baba-jobe.html">Procès Sonko : qui est responsable du meurtre de Baba Jobe ?</a></blockquote><iframe sandbox="allow-scripts" security="restricted" src="https://www.justiceinfo.net/fr/127301-proces-sonko-qui-responsable-meurtre-baba-jobe.html/embed#?secret=JpabkDgB3e" width="600" height="338" title="« Procès Sonko : qui est responsable du meurtre de Baba Jobe ? » &#8212; JusticeInfo.net" data-secret="JpabkDgB3e" frameborder="0" marginwidth="0" marginheight="0" scrolling="no" class="wp-embedded-content"></iframe><script type="text/javascript">
/* <![CDATA[ */
/*! This file is auto-generated */
!function(d,l){"use strict";l.querySelector&&d.addEventListener&&"undefined"!=typeof URL&&(d.wp=d.wp||{},d.wp.receiveEmbedMessage||(d.wp.receiveEmbedMessage=function(e){var t=e.data;if((t||t.secret||t.message||t.value)&&!/[^a-zA-Z0-9]/.test(t.secret)){for(var s,r,n,a=l.querySelectorAll('iframe[data-secret="'+t.secret+'"]'),o=l.querySelectorAll('blockquote[data-secret="'+t.secret+'"]'),c=new RegExp("^https?:$","i"),i=0;i<o.length;i++)o[i].style.display="none";for(i=0;i<a.length;i++)s=a[i],e.source===s.contentWindow&&(s.removeAttribute("style"),"height"===t.message?(1e3<(r=parseInt(t.value,10))?r=1e3:~~r<200&&(r=200),s.height=r):"link"===t.message&&(r=new URL(s.getAttribute("src")),n=new URL(t.value),c.test(n.protocol))&&n.host===r.host&&l.activeElement===s&&(d.top.location.href=t.value))}},d.addEventListener("message",d.wp.receiveEmbedMessage,!1),l.addEventListener("DOMContentLoaded",function(){for(var e,t,s=l.querySelectorAll("iframe.wp-embedded-content"),r=0;r<s.length;r++)(t=(e=s[r]).getAttribute("data-secret"))||(t=Math.random().toString(36).substring(2,12),e.src+="#?secret="+t,e.setAttribute("data-secret",t)),e.contentWindow.postMessage({message:"ready",secret:t},"*")},!1)))}(window,document);
/* ]]> */
</script>

Un ex-gardien de prison témoigne devant la justice suisse sur le meurtre de Baba Jobe (homme politique gambien) alors qu'il était détenu en 2011, quand Ousman Sonko était ministre de l'Intérieur. Mais Sonko renvoie la faute sur Yahya Jammeh.
