{"version":"1.0","provider_name":"JusticeInfo.net","provider_url":"https:\/\/www.justiceinfo.net\/fr","title":"Dans le Donetsk occup\u00e9 d'avant 2022, l'enfer d'une prison","type":"rich","width":600,"height":338,"html":"<blockquote class=\"wp-embedded-content\" data-secret=\"6aURs6jd83\"><a href=\"https:\/\/www.justiceinfo.net\/fr\/127343-donetsk-occupe-avant-2022-enfer-prison.html\">Dans le Donetsk occup\u00e9 d'avant 2022, l'enfer d'une prison<\/a><\/blockquote><iframe sandbox=\"allow-scripts\" security=\"restricted\" src=\"https:\/\/www.justiceinfo.net\/fr\/127343-donetsk-occupe-avant-2022-enfer-prison.html\/embed#?secret=6aURs6jd83\" width=\"600\" height=\"338\" title=\"\u00ab\u00a0Dans le Donetsk occup\u00e9 d&#039;avant 2022, l&#039;enfer d&#039;une prison\u00a0\u00bb &#8212; JusticeInfo.net\" data-secret=\"6aURs6jd83\" frameborder=\"0\" marginwidth=\"0\" marginheight=\"0\" scrolling=\"no\" class=\"wp-embedded-content\"><\/iframe><script type=\"text\/javascript\">\n\/* <![CDATA[ *\/\n\/*! This file is auto-generated *\/\n!function(d,l){\"use strict\";l.querySelector&&d.addEventListener&&\"undefined\"!=typeof URL&&(d.wp=d.wp||{},d.wp.receiveEmbedMessage||(d.wp.receiveEmbedMessage=function(e){var t=e.data;if((t||t.secret||t.message||t.value)&&!\/[^a-zA-Z0-9]\/.test(t.secret)){for(var s,r,n,a=l.querySelectorAll('iframe[data-secret=\"'+t.secret+'\"]'),o=l.querySelectorAll('blockquote[data-secret=\"'+t.secret+'\"]'),c=new RegExp(\"^https?:$\",\"i\"),i=0;i<o.length;i++)o[i].style.display=\"none\";for(i=0;i<a.length;i++)s=a[i],e.source===s.contentWindow&&(s.removeAttribute(\"style\"),\"height\"===t.message?(1e3<(r=parseInt(t.value,10))?r=1e3:~~r<200&&(r=200),s.height=r):\"link\"===t.message&&(r=new URL(s.getAttribute(\"src\")),n=new URL(t.value),c.test(n.protocol))&&n.host===r.host&&l.activeElement===s&&(d.top.location.href=t.value))}},d.addEventListener(\"message\",d.wp.receiveEmbedMessage,!1),l.addEventListener(\"DOMContentLoaded\",function(){for(var e,t,s=l.querySelectorAll(\"iframe.wp-embedded-content\"),r=0;r<s.length;r++)(t=(e=s[r]).getAttribute(\"data-secret\"))||(t=Math.random().toString(36).substring(2,12),e.src+=\"#?secret=\"+t,e.setAttribute(\"data-secret\",t)),e.contentWindow.postMessage({message:\"ready\",secret:t},\"*\")},!1)))}(window,document);\n\/* ]]> *\/\n<\/script>\n","thumbnail_url":"https:\/\/www.justiceinfo.net\/wp-content\/uploads\/Ukraine_Denys-Kulikovskyi-trial-prison-Izolyatsiya-Donetsk_@Free-Radio.jpg","thumbnail_width":1200,"thumbnail_height":729,"description":"Denys Kulikovskyi est d\u00e9crit comme le tortionnaire en chef de la prison ill\u00e9gale \"Izolyatsiya\" \u00e0 Donetsk, dans l'est de l'Ukraine (en zone occup\u00e9e). Reconnu coupable de torture sur des prisonniers de guerre et des civils, il est condamn\u00e9 \u00e0 15 ans de prison."}

Dans le Donetsk occupé d'avant 2022, l'enfer d'une prison

<blockquote class="wp-embedded-content" data-secret="6aURs6jd83"><a href="https://www.justiceinfo.net/fr/127343-donetsk-occupe-avant-2022-enfer-prison.html">Dans le Donetsk occupé d'avant 2022, l'enfer d'une prison</a></blockquote><iframe sandbox="allow-scripts" security="restricted" src="https://www.justiceinfo.net/fr/127343-donetsk-occupe-avant-2022-enfer-prison.html/embed#?secret=6aURs6jd83" width="600" height="338" title="« Dans le Donetsk occupé d&#039;avant 2022, l&#039;enfer d&#039;une prison » &#8212; JusticeInfo.net" data-secret="6aURs6jd83" frameborder="0" marginwidth="0" marginheight="0" scrolling="no" class="wp-embedded-content"></iframe><script type="text/javascript">
/* <![CDATA[ */
/*! This file is auto-generated */
!function(d,l){"use strict";l.querySelector&&d.addEventListener&&"undefined"!=typeof URL&&(d.wp=d.wp||{},d.wp.receiveEmbedMessage||(d.wp.receiveEmbedMessage=function(e){var t=e.data;if((t||t.secret||t.message||t.value)&&!/[^a-zA-Z0-9]/.test(t.secret)){for(var s,r,n,a=l.querySelectorAll('iframe[data-secret="'+t.secret+'"]'),o=l.querySelectorAll('blockquote[data-secret="'+t.secret+'"]'),c=new RegExp("^https?:$","i"),i=0;i<o.length;i++)o[i].style.display="none";for(i=0;i<a.length;i++)s=a[i],e.source===s.contentWindow&&(s.removeAttribute("style"),"height"===t.message?(1e3<(r=parseInt(t.value,10))?r=1e3:~~r<200&&(r=200),s.height=r):"link"===t.message&&(r=new URL(s.getAttribute("src")),n=new URL(t.value),c.test(n.protocol))&&n.host===r.host&&l.activeElement===s&&(d.top.location.href=t.value))}},d.addEventListener("message",d.wp.receiveEmbedMessage,!1),l.addEventListener("DOMContentLoaded",function(){for(var e,t,s=l.querySelectorAll("iframe.wp-embedded-content"),r=0;r<s.length;r++)(t=(e=s[r]).getAttribute("data-secret"))||(t=Math.random().toString(36).substring(2,12),e.src+="#?secret="+t,e.setAttribute("data-secret",t)),e.contentWindow.postMessage({message:"ready",secret:t},"*")},!1)))}(window,document);
/* ]]> */
</script>

Denys Kulikovskyi est décrit comme le tortionnaire en chef de la prison illégale "Izolyatsiya" à Donetsk, dans l'est de l'Ukraine (en zone occupée). Reconnu coupable de torture sur des prisonniers de guerre et des civils, il est condamné à 15 ans de prison.
