{"version":"1.0","provider_name":"JusticeInfo.net","provider_url":"https:\/\/www.justiceinfo.net\/fr","title":"Chronique d\u2019une collaboration en tandem dans un village pr\u00e8s de Kyiv","type":"rich","width":600,"height":338,"html":"<blockquote class=\"wp-embedded-content\" data-secret=\"3xCYIgJcZQ\"><a href=\"https:\/\/www.justiceinfo.net\/fr\/129981-chronique-collaboration-tandem-village-kyiv.html\">Chronique d\u2019une collaboration en tandem dans un village pr\u00e8s de Kyiv<\/a><\/blockquote><iframe sandbox=\"allow-scripts\" security=\"restricted\" src=\"https:\/\/www.justiceinfo.net\/fr\/129981-chronique-collaboration-tandem-village-kyiv.html\/embed#?secret=3xCYIgJcZQ\" width=\"600\" height=\"338\" title=\"\u00ab\u00a0Chronique d\u2019une collaboration en tandem dans un village pr\u00e8s de Kyiv\u00a0\u00bb &#8212; JusticeInfo.net\" data-secret=\"3xCYIgJcZQ\" frameborder=\"0\" marginwidth=\"0\" marginheight=\"0\" scrolling=\"no\" class=\"wp-embedded-content\"><\/iframe><script type=\"text\/javascript\">\n\/* <![CDATA[ *\/\n\/*! This file is auto-generated *\/\n!function(d,l){\"use strict\";l.querySelector&&d.addEventListener&&\"undefined\"!=typeof URL&&(d.wp=d.wp||{},d.wp.receiveEmbedMessage||(d.wp.receiveEmbedMessage=function(e){var t=e.data;if((t||t.secret||t.message||t.value)&&!\/[^a-zA-Z0-9]\/.test(t.secret)){for(var s,r,n,a=l.querySelectorAll('iframe[data-secret=\"'+t.secret+'\"]'),o=l.querySelectorAll('blockquote[data-secret=\"'+t.secret+'\"]'),c=new RegExp(\"^https?:$\",\"i\"),i=0;i<o.length;i++)o[i].style.display=\"none\";for(i=0;i<a.length;i++)s=a[i],e.source===s.contentWindow&&(s.removeAttribute(\"style\"),\"height\"===t.message?(1e3<(r=parseInt(t.value,10))?r=1e3:~~r<200&&(r=200),s.height=r):\"link\"===t.message&&(r=new URL(s.getAttribute(\"src\")),n=new URL(t.value),c.test(n.protocol))&&n.host===r.host&&l.activeElement===s&&(d.top.location.href=t.value))}},d.addEventListener(\"message\",d.wp.receiveEmbedMessage,!1),l.addEventListener(\"DOMContentLoaded\",function(){for(var e,t,s=l.querySelectorAll(\"iframe.wp-embedded-content\"),r=0;r<s.length;r++)(t=(e=s[r]).getAttribute(\"data-secret\"))||(t=Math.random().toString(36).substring(2,12),e.src+=\"#?secret=\"+t,e.setAttribute(\"data-secret\",t)),e.contentWindow.postMessage({message:\"ready\",secret:t},\"*\")},!1)))}(window,document);\n\/* ]]> *\/\n<\/script>\n","thumbnail_url":"https:\/\/www.justiceinfo.net\/wp-content\/uploads\/Ukraine_collaboration-trial-Oleksandr-Kharchenko_@RT.jpg","thumbnail_width":980,"thumbnail_height":653,"description":"Une chronique judiciaire rare, recouvrant plusieurs mois de proc\u00e8s de deux hommes jug\u00e9s dans deux tribunaux de la r\u00e9gion de Kyiv, pour collaboration avec l\u2019occupant russe. Entre aide humanitaire, instinct de survie et soif du pouvoir."}

Chronique d’une collaboration en tandem dans un village près de Kyiv

<blockquote class="wp-embedded-content" data-secret="3xCYIgJcZQ"><a href="https://www.justiceinfo.net/fr/129981-chronique-collaboration-tandem-village-kyiv.html">Chronique d’une collaboration en tandem dans un village près de Kyiv</a></blockquote><iframe sandbox="allow-scripts" security="restricted" src="https://www.justiceinfo.net/fr/129981-chronique-collaboration-tandem-village-kyiv.html/embed#?secret=3xCYIgJcZQ" width="600" height="338" title="« Chronique d’une collaboration en tandem dans un village près de Kyiv » &#8212; JusticeInfo.net" data-secret="3xCYIgJcZQ" frameborder="0" marginwidth="0" marginheight="0" scrolling="no" class="wp-embedded-content"></iframe><script type="text/javascript">
/* <![CDATA[ */
/*! This file is auto-generated */
!function(d,l){"use strict";l.querySelector&&d.addEventListener&&"undefined"!=typeof URL&&(d.wp=d.wp||{},d.wp.receiveEmbedMessage||(d.wp.receiveEmbedMessage=function(e){var t=e.data;if((t||t.secret||t.message||t.value)&&!/[^a-zA-Z0-9]/.test(t.secret)){for(var s,r,n,a=l.querySelectorAll('iframe[data-secret="'+t.secret+'"]'),o=l.querySelectorAll('blockquote[data-secret="'+t.secret+'"]'),c=new RegExp("^https?:$","i"),i=0;i<o.length;i++)o[i].style.display="none";for(i=0;i<a.length;i++)s=a[i],e.source===s.contentWindow&&(s.removeAttribute("style"),"height"===t.message?(1e3<(r=parseInt(t.value,10))?r=1e3:~~r<200&&(r=200),s.height=r):"link"===t.message&&(r=new URL(s.getAttribute("src")),n=new URL(t.value),c.test(n.protocol))&&n.host===r.host&&l.activeElement===s&&(d.top.location.href=t.value))}},d.addEventListener("message",d.wp.receiveEmbedMessage,!1),l.addEventListener("DOMContentLoaded",function(){for(var e,t,s=l.querySelectorAll("iframe.wp-embedded-content"),r=0;r<s.length;r++)(t=(e=s[r]).getAttribute("data-secret"))||(t=Math.random().toString(36).substring(2,12),e.src+="#?secret="+t,e.setAttribute("data-secret",t)),e.contentWindow.postMessage({message:"ready",secret:t},"*")},!1)))}(window,document);
/* ]]> */
</script>

Une chronique judiciaire rare, recouvrant plusieurs mois de procès de deux hommes jugés dans deux tribunaux de la région de Kyiv, pour collaboration avec l’occupant russe. Entre aide humanitaire, instinct de survie et soif du pouvoir.
