{"version":"1.0","provider_name":"JusticeInfo.net","provider_url":"https:\/\/www.justiceinfo.net\/fr","title":"Bangladesh\u00a0: la deuxi\u00e8me vie du Tribunal des crimes internationaux","type":"rich","width":600,"height":338,"html":"<blockquote class=\"wp-embedded-content\" data-secret=\"X9q7Vc2MdB\"><a href=\"https:\/\/www.justiceinfo.net\/fr\/141838-bangladesh-deuxieme-tribunal-crimes-internationaux.html\">Bangladesh\u00a0: la deuxi\u00e8me vie du Tribunal des crimes internationaux<\/a><\/blockquote><iframe sandbox=\"allow-scripts\" security=\"restricted\" src=\"https:\/\/www.justiceinfo.net\/fr\/141838-bangladesh-deuxieme-tribunal-crimes-internationaux.html\/embed#?secret=X9q7Vc2MdB\" width=\"600\" height=\"338\" title=\"\u00ab\u00a0Bangladesh\u00a0: la deuxi\u00e8me vie du Tribunal des crimes internationaux\u00a0\u00bb &#8212; JusticeInfo.net\" data-secret=\"X9q7Vc2MdB\" frameborder=\"0\" marginwidth=\"0\" marginheight=\"0\" scrolling=\"no\" class=\"wp-embedded-content\"><\/iframe><script type=\"text\/javascript\">\n\/* <![CDATA[ *\/\n\/*! This file is auto-generated *\/\n!function(d,l){\"use strict\";l.querySelector&&d.addEventListener&&\"undefined\"!=typeof URL&&(d.wp=d.wp||{},d.wp.receiveEmbedMessage||(d.wp.receiveEmbedMessage=function(e){var t=e.data;if((t||t.secret||t.message||t.value)&&!\/[^a-zA-Z0-9]\/.test(t.secret)){for(var s,r,n,a=l.querySelectorAll('iframe[data-secret=\"'+t.secret+'\"]'),o=l.querySelectorAll('blockquote[data-secret=\"'+t.secret+'\"]'),c=new RegExp(\"^https?:$\",\"i\"),i=0;i<o.length;i++)o[i].style.display=\"none\";for(i=0;i<a.length;i++)s=a[i],e.source===s.contentWindow&&(s.removeAttribute(\"style\"),\"height\"===t.message?(1e3<(r=parseInt(t.value,10))?r=1e3:~~r<200&&(r=200),s.height=r):\"link\"===t.message&&(r=new URL(s.getAttribute(\"src\")),n=new URL(t.value),c.test(n.protocol))&&n.host===r.host&&l.activeElement===s&&(d.top.location.href=t.value))}},d.addEventListener(\"message\",d.wp.receiveEmbedMessage,!1),l.addEventListener(\"DOMContentLoaded\",function(){for(var e,t,s=l.querySelectorAll(\"iframe.wp-embedded-content\"),r=0;r<s.length;r++)(t=(e=s[r]).getAttribute(\"data-secret\"))||(t=Math.random().toString(36).substring(2,12),e.src+=\"#?secret=\"+t,e.setAttribute(\"data-secret\",t)),e.contentWindow.postMessage({message:\"ready\",secret:t},\"*\")},!1)))}(window,document);\n\/* ]]> *\/\n<\/script>\n","thumbnail_url":"https:\/\/www.justiceinfo.net\/wp-content\/uploads\/Bangladesh_anti-government-protesters-flag_@Munir-Uz-Zaman-AFP.jpg","thumbnail_width":1200,"thumbnail_height":800,"description":"Au Bangladesh, suite aux manifestations de l'\u00e9t\u00e9 2024 ayant donn\u00e9 lieu \u00e0 des crimes de masse, le Tribunal des crimes internationaux reprend du service pour juger les responsables. Mais des rapports s'inqui\u00e8tent du fonctionnement de la justice locale et de sa politisation."}

Bangladesh : la deuxième vie du Tribunal des crimes internationaux

<blockquote class="wp-embedded-content" data-secret="X9q7Vc2MdB"><a href="https://www.justiceinfo.net/fr/141838-bangladesh-deuxieme-tribunal-crimes-internationaux.html">Bangladesh : la deuxième vie du Tribunal des crimes internationaux</a></blockquote><iframe sandbox="allow-scripts" security="restricted" src="https://www.justiceinfo.net/fr/141838-bangladesh-deuxieme-tribunal-crimes-internationaux.html/embed#?secret=X9q7Vc2MdB" width="600" height="338" title="« Bangladesh : la deuxième vie du Tribunal des crimes internationaux » &#8212; JusticeInfo.net" data-secret="X9q7Vc2MdB" frameborder="0" marginwidth="0" marginheight="0" scrolling="no" class="wp-embedded-content"></iframe><script type="text/javascript">
/* <![CDATA[ */
/*! This file is auto-generated */
!function(d,l){"use strict";l.querySelector&&d.addEventListener&&"undefined"!=typeof URL&&(d.wp=d.wp||{},d.wp.receiveEmbedMessage||(d.wp.receiveEmbedMessage=function(e){var t=e.data;if((t||t.secret||t.message||t.value)&&!/[^a-zA-Z0-9]/.test(t.secret)){for(var s,r,n,a=l.querySelectorAll('iframe[data-secret="'+t.secret+'"]'),o=l.querySelectorAll('blockquote[data-secret="'+t.secret+'"]'),c=new RegExp("^https?:$","i"),i=0;i<o.length;i++)o[i].style.display="none";for(i=0;i<a.length;i++)s=a[i],e.source===s.contentWindow&&(s.removeAttribute("style"),"height"===t.message?(1e3<(r=parseInt(t.value,10))?r=1e3:~~r<200&&(r=200),s.height=r):"link"===t.message&&(r=new URL(s.getAttribute("src")),n=new URL(t.value),c.test(n.protocol))&&n.host===r.host&&l.activeElement===s&&(d.top.location.href=t.value))}},d.addEventListener("message",d.wp.receiveEmbedMessage,!1),l.addEventListener("DOMContentLoaded",function(){for(var e,t,s=l.querySelectorAll("iframe.wp-embedded-content"),r=0;r<s.length;r++)(t=(e=s[r]).getAttribute("data-secret"))||(t=Math.random().toString(36).substring(2,12),e.src+="#?secret="+t,e.setAttribute("data-secret",t)),e.contentWindow.postMessage({message:"ready",secret:t},"*")},!1)))}(window,document);
/* ]]> */
</script>

Au Bangladesh, suite aux manifestations de l'été 2024 ayant donné lieu à des crimes de masse, le Tribunal des crimes internationaux reprend du service pour juger les responsables. Mais des rapports s'inquiètent du fonctionnement de la justice locale et de sa politisation.
