{"version":"1.0","provider_name":"JusticeInfo.net","provider_url":"https:\/\/www.justiceinfo.net\/fr","title":"Sidi Bouzid : terre de dissidence face aux pouvoirs","type":"rich","width":600,"height":338,"html":"<blockquote class=\"wp-embedded-content\" data-secret=\"4iIj8yh0pn\"><a href=\"https:\/\/www.justiceinfo.net\/fr\/25204-sidi-bouzid-terre-de-dissidence.html\">Sidi Bouzid : terre de dissidence face aux pouvoirs<\/a><\/blockquote><iframe sandbox=\"allow-scripts\" security=\"restricted\" src=\"https:\/\/www.justiceinfo.net\/fr\/25204-sidi-bouzid-terre-de-dissidence.html\/embed#?secret=4iIj8yh0pn\" width=\"600\" height=\"338\" title=\"\u00ab\u00a0Sidi Bouzid : terre de dissidence face aux pouvoirs\u00a0\u00bb &#8212; JusticeInfo.net\" data-secret=\"4iIj8yh0pn\" frameborder=\"0\" marginwidth=\"0\" marginheight=\"0\" scrolling=\"no\" class=\"wp-embedded-content\"><\/iframe><script type=\"text\/javascript\">\n\/* <![CDATA[ *\/\n\/*! This file is auto-generated *\/\n!function(d,l){\"use strict\";l.querySelector&&d.addEventListener&&\"undefined\"!=typeof URL&&(d.wp=d.wp||{},d.wp.receiveEmbedMessage||(d.wp.receiveEmbedMessage=function(e){var t=e.data;if((t||t.secret||t.message||t.value)&&!\/[^a-zA-Z0-9]\/.test(t.secret)){for(var s,r,n,a=l.querySelectorAll('iframe[data-secret=\"'+t.secret+'\"]'),o=l.querySelectorAll('blockquote[data-secret=\"'+t.secret+'\"]'),c=new RegExp(\"^https?:$\",\"i\"),i=0;i<o.length;i++)o[i].style.display=\"none\";for(i=0;i<a.length;i++)s=a[i],e.source===s.contentWindow&&(s.removeAttribute(\"style\"),\"height\"===t.message?(1e3<(r=parseInt(t.value,10))?r=1e3:~~r<200&&(r=200),s.height=r):\"link\"===t.message&&(r=new URL(s.getAttribute(\"src\")),n=new URL(t.value),c.test(n.protocol))&&n.host===r.host&&l.activeElement===s&&(d.top.location.href=t.value))}},d.addEventListener(\"message\",d.wp.receiveEmbedMessage,!1),l.addEventListener(\"DOMContentLoaded\",function(){for(var e,t,s=l.querySelectorAll(\"iframe.wp-embedded-content\"),r=0;r<s.length;r++)(t=(e=s[r]).getAttribute(\"data-secret\"))||(t=Math.random().toString(36).substring(2,12),e.src+=\"#?secret=\"+t,e.setAttribute(\"data-secret\",t)),e.contentWindow.postMessage({message:\"ready\",secret:t},\"*\")},!1)))}(window,document);\n\/* ]]> *\/\n<\/script>\n","thumbnail_url":"https:\/\/www.justiceinfo.net\/wp-content\/uploads\/f6ae93ed368542384aedf40a9140415a-scaled.jpg","thumbnail_width":2560,"thumbnail_height":1912,"description":"\u00ab\u00a0De quoi la justice transitionnelle est-elle le nom\u00a0?\u00a0\u00bb. Elles sont six jeunes filles en fleur, dynamiques et engag\u00e9es, \u00e2g\u00e9es entre 24 et 30 ans, \u00e0 sillonner les douze d\u00e9l\u00e9gations de Sidi Bouzid pour r\u00e9pondre \u00e0 cette question. Elles expliquent aux hommes et aux femmes, dans les caf\u00e9s, les souks hebdomadaires, les maisons de culture, les [&hellip;]"}

« De quoi la justice transitionnelle est-elle le nom ? ». Elles sont six jeunes filles en fleur, dynamiques et engagées, âgées entre 24 et 30 ans, à sillonner les douze délégations de Sidi Bouzid pour répondre à cette question. Elles expliquent aux hommes et aux femmes, dans les cafés, les souks hebdomadaires, les maisons de culture, les [&hellip;]
