{"version":"1.0","provider_name":"JusticeInfo.net","provider_url":"https:\/\/www.justiceinfo.net\/fr","title":"Tunisie : Ain Draham, r\u00e9gion victime devant l'Instance V\u00e9rit\u00e9 et Justice","type":"rich","width":600,"height":338,"html":"<blockquote class=\"wp-embedded-content\" data-secret=\"fNokIGsHDO\"><a href=\"https:\/\/www.justiceinfo.net\/fr\/26192-tunisie-9.html\">Tunisie : Ain Draham, r\u00e9gion victime devant l'Instance V\u00e9rit\u00e9 et Justice<\/a><\/blockquote><iframe sandbox=\"allow-scripts\" security=\"restricted\" src=\"https:\/\/www.justiceinfo.net\/fr\/26192-tunisie-9.html\/embed#?secret=fNokIGsHDO\" width=\"600\" height=\"338\" title=\"\u00ab\u00a0Tunisie : Ain Draham, r\u00e9gion victime devant l&#039;Instance V\u00e9rit\u00e9 et Justice\u00a0\u00bb &#8212; JusticeInfo.net\" data-secret=\"fNokIGsHDO\" frameborder=\"0\" marginwidth=\"0\" marginheight=\"0\" scrolling=\"no\" class=\"wp-embedded-content\"><\/iframe><script type=\"text\/javascript\">\n\/* <![CDATA[ *\/\n\/*! This file is auto-generated *\/\n!function(d,l){\"use strict\";l.querySelector&&d.addEventListener&&\"undefined\"!=typeof URL&&(d.wp=d.wp||{},d.wp.receiveEmbedMessage||(d.wp.receiveEmbedMessage=function(e){var t=e.data;if((t||t.secret||t.message||t.value)&&!\/[^a-zA-Z0-9]\/.test(t.secret)){for(var s,r,n,a=l.querySelectorAll('iframe[data-secret=\"'+t.secret+'\"]'),o=l.querySelectorAll('blockquote[data-secret=\"'+t.secret+'\"]'),c=new RegExp(\"^https?:$\",\"i\"),i=0;i<o.length;i++)o[i].style.display=\"none\";for(i=0;i<a.length;i++)s=a[i],e.source===s.contentWindow&&(s.removeAttribute(\"style\"),\"height\"===t.message?(1e3<(r=parseInt(t.value,10))?r=1e3:~~r<200&&(r=200),s.height=r):\"link\"===t.message&&(r=new URL(s.getAttribute(\"src\")),n=new URL(t.value),c.test(n.protocol))&&n.host===r.host&&l.activeElement===s&&(d.top.location.href=t.value))}},d.addEventListener(\"message\",d.wp.receiveEmbedMessage,!1),l.addEventListener(\"DOMContentLoaded\",function(){for(var e,t,s=l.querySelectorAll(\"iframe.wp-embedded-content\"),r=0;r<s.length;r++)(t=(e=s[r]).getAttribute(\"data-secret\"))||(t=Math.random().toString(36).substring(2,12),e.src+=\"#?secret=\"+t,e.setAttribute(\"data-secret\",t)),e.contentWindow.postMessage({message:\"ready\",secret:t},\"*\")},!1)))}(window,document);\n\/* ]]> *\/\n<\/script>\n","thumbnail_url":"https:\/\/www.justiceinfo.net\/wp-content\/uploads\/36c84056516a0aab8c5a2d8437662275.jpg","thumbnail_width":1600,"thumbnail_height":1200,"description":"Dans la loi tunisienne relative \u00e0 la justice transitionnelle, adopt\u00e9e en d\u00e9cembre 2013, la notion de victime est tr\u00e8s large. Elle inclut, \u00e0 c\u00f4t\u00e9 des individus ayant subi une violation des droits de l\u2019homme ou une atteinte \u00e0 leurs droits \u00e9conomiques et sociaux, \u00ab toute r\u00e9gion qui a \u00e9t\u00e9 marginalis\u00e9e et exclue de mani\u00e8re syst\u00e9matique [&hellip;]"}

Tunisie : Ain Draham, région victime devant l'Instance Vérité et Justice

<blockquote class="wp-embedded-content" data-secret="fNokIGsHDO"><a href="https://www.justiceinfo.net/fr/26192-tunisie-9.html">Tunisie : Ain Draham, région victime devant l'Instance Vérité et Justice</a></blockquote><iframe sandbox="allow-scripts" security="restricted" src="https://www.justiceinfo.net/fr/26192-tunisie-9.html/embed#?secret=fNokIGsHDO" width="600" height="338" title="« Tunisie : Ain Draham, région victime devant l&#039;Instance Vérité et Justice » &#8212; JusticeInfo.net" data-secret="fNokIGsHDO" frameborder="0" marginwidth="0" marginheight="0" scrolling="no" class="wp-embedded-content"></iframe><script type="text/javascript">
/* <![CDATA[ */
/*! This file is auto-generated */
!function(d,l){"use strict";l.querySelector&&d.addEventListener&&"undefined"!=typeof URL&&(d.wp=d.wp||{},d.wp.receiveEmbedMessage||(d.wp.receiveEmbedMessage=function(e){var t=e.data;if((t||t.secret||t.message||t.value)&&!/[^a-zA-Z0-9]/.test(t.secret)){for(var s,r,n,a=l.querySelectorAll('iframe[data-secret="'+t.secret+'"]'),o=l.querySelectorAll('blockquote[data-secret="'+t.secret+'"]'),c=new RegExp("^https?:$","i"),i=0;i<o.length;i++)o[i].style.display="none";for(i=0;i<a.length;i++)s=a[i],e.source===s.contentWindow&&(s.removeAttribute("style"),"height"===t.message?(1e3<(r=parseInt(t.value,10))?r=1e3:~~r<200&&(r=200),s.height=r):"link"===t.message&&(r=new URL(s.getAttribute("src")),n=new URL(t.value),c.test(n.protocol))&&n.host===r.host&&l.activeElement===s&&(d.top.location.href=t.value))}},d.addEventListener("message",d.wp.receiveEmbedMessage,!1),l.addEventListener("DOMContentLoaded",function(){for(var e,t,s=l.querySelectorAll("iframe.wp-embedded-content"),r=0;r<s.length;r++)(t=(e=s[r]).getAttribute("data-secret"))||(t=Math.random().toString(36).substring(2,12),e.src+="#?secret="+t,e.setAttribute("data-secret",t)),e.contentWindow.postMessage({message:"ready",secret:t},"*")},!1)))}(window,document);
/* ]]> */
</script>

Dans la loi tunisienne relative à la justice transitionnelle, adoptée en décembre 2013, la notion de victime est très large. Elle inclut, à côté des individus ayant subi une violation des droits de l’homme ou une atteinte à leurs droits économiques et sociaux, « toute région qui a été marginalisée et exclue de manière systématique [&hellip;]
