{"version":"1.0","provider_name":"JusticeInfo.net","provider_url":"https:\/\/www.justiceinfo.net\/fr","title":"Tunisie : en mati\u00e8re de torture, l'impunit\u00e9 reste de r\u00e8gle","type":"rich","width":600,"height":338,"html":"<blockquote class=\"wp-embedded-content\" data-secret=\"abJD3e30dj\"><a href=\"https:\/\/www.justiceinfo.net\/fr\/26440-tunisie-la-torture-en-toute-impunite.html\">Tunisie : en mati\u00e8re de torture, l'impunit\u00e9 reste de r\u00e8gle<\/a><\/blockquote><iframe sandbox=\"allow-scripts\" security=\"restricted\" src=\"https:\/\/www.justiceinfo.net\/fr\/26440-tunisie-la-torture-en-toute-impunite.html\/embed#?secret=abJD3e30dj\" width=\"600\" height=\"338\" title=\"\u00ab\u00a0Tunisie : en mati\u00e8re de torture, l&#039;impunit\u00e9 reste de r\u00e8gle\u00a0\u00bb &#8212; JusticeInfo.net\" data-secret=\"abJD3e30dj\" frameborder=\"0\" marginwidth=\"0\" marginheight=\"0\" scrolling=\"no\" class=\"wp-embedded-content\"><\/iframe><script type=\"text\/javascript\">\n\/* <![CDATA[ *\/\n\/*! This file is auto-generated *\/\n!function(d,l){\"use strict\";l.querySelector&&d.addEventListener&&\"undefined\"!=typeof URL&&(d.wp=d.wp||{},d.wp.receiveEmbedMessage||(d.wp.receiveEmbedMessage=function(e){var t=e.data;if((t||t.secret||t.message||t.value)&&!\/[^a-zA-Z0-9]\/.test(t.secret)){for(var s,r,n,a=l.querySelectorAll('iframe[data-secret=\"'+t.secret+'\"]'),o=l.querySelectorAll('blockquote[data-secret=\"'+t.secret+'\"]'),c=new RegExp(\"^https?:$\",\"i\"),i=0;i<o.length;i++)o[i].style.display=\"none\";for(i=0;i<a.length;i++)s=a[i],e.source===s.contentWindow&&(s.removeAttribute(\"style\"),\"height\"===t.message?(1e3<(r=parseInt(t.value,10))?r=1e3:~~r<200&&(r=200),s.height=r):\"link\"===t.message&&(r=new URL(s.getAttribute(\"src\")),n=new URL(t.value),c.test(n.protocol))&&n.host===r.host&&l.activeElement===s&&(d.top.location.href=t.value))}},d.addEventListener(\"message\",d.wp.receiveEmbedMessage,!1),l.addEventListener(\"DOMContentLoaded\",function(){for(var e,t,s=l.querySelectorAll(\"iframe.wp-embedded-content\"),r=0;r<s.length;r++)(t=(e=s[r]).getAttribute(\"data-secret\"))||(t=Math.random().toString(36).substring(2,12),e.src+=\"#?secret=\"+t,e.setAttribute(\"data-secret\",t)),e.contentWindow.postMessage({message:\"ready\",secret:t},\"*\")},!1)))}(window,document);\n\/* ]]> *\/\n<\/script>\n","thumbnail_url":"https:\/\/www.justiceinfo.net\/wp-content\/uploads\/4f801afa5b7ded3c54036d6bdc65633e.jpg","thumbnail_width":960,"thumbnail_height":646,"description":"Halim Meddeb est un avocat tr\u00e8s engag\u00e9 dans la lutte contre les atteintes aux droits de l\u2019homme. Il travaille \u00e9galement comme conseiller juridique aupr\u00e8s du bureau de Tunis de l\u2019Organisation mondiale contre la torture (OMCT). Une des organisations internationales, qui avec le Conseil de l\u2019Europe, le PNUD et le Haut commissariat des NU aux droits [&hellip;]"}

Tunisie : en matière de torture, l'impunité reste de règle

<blockquote class="wp-embedded-content" data-secret="abJD3e30dj"><a href="https://www.justiceinfo.net/fr/26440-tunisie-la-torture-en-toute-impunite.html">Tunisie : en matière de torture, l'impunité reste de règle</a></blockquote><iframe sandbox="allow-scripts" security="restricted" src="https://www.justiceinfo.net/fr/26440-tunisie-la-torture-en-toute-impunite.html/embed#?secret=abJD3e30dj" width="600" height="338" title="« Tunisie : en matière de torture, l&#039;impunité reste de règle » &#8212; JusticeInfo.net" data-secret="abJD3e30dj" frameborder="0" marginwidth="0" marginheight="0" scrolling="no" class="wp-embedded-content"></iframe><script type="text/javascript">
/* <![CDATA[ */
/*! This file is auto-generated */
!function(d,l){"use strict";l.querySelector&&d.addEventListener&&"undefined"!=typeof URL&&(d.wp=d.wp||{},d.wp.receiveEmbedMessage||(d.wp.receiveEmbedMessage=function(e){var t=e.data;if((t||t.secret||t.message||t.value)&&!/[^a-zA-Z0-9]/.test(t.secret)){for(var s,r,n,a=l.querySelectorAll('iframe[data-secret="'+t.secret+'"]'),o=l.querySelectorAll('blockquote[data-secret="'+t.secret+'"]'),c=new RegExp("^https?:$","i"),i=0;i<o.length;i++)o[i].style.display="none";for(i=0;i<a.length;i++)s=a[i],e.source===s.contentWindow&&(s.removeAttribute("style"),"height"===t.message?(1e3<(r=parseInt(t.value,10))?r=1e3:~~r<200&&(r=200),s.height=r):"link"===t.message&&(r=new URL(s.getAttribute("src")),n=new URL(t.value),c.test(n.protocol))&&n.host===r.host&&l.activeElement===s&&(d.top.location.href=t.value))}},d.addEventListener("message",d.wp.receiveEmbedMessage,!1),l.addEventListener("DOMContentLoaded",function(){for(var e,t,s=l.querySelectorAll("iframe.wp-embedded-content"),r=0;r<s.length;r++)(t=(e=s[r]).getAttribute("data-secret"))||(t=Math.random().toString(36).substring(2,12),e.src+="#?secret="+t,e.setAttribute("data-secret",t)),e.contentWindow.postMessage({message:"ready",secret:t},"*")},!1)))}(window,document);
/* ]]> */
</script>

Halim Meddeb est un avocat très engagé dans la lutte contre les atteintes aux droits de l’homme. Il travaille également comme conseiller juridique auprès du bureau de Tunis de l’Organisation mondiale contre la torture (OMCT). Une des organisations internationales, qui avec le Conseil de l’Europe, le PNUD et le Haut commissariat des NU aux droits [&hellip;]
