{"version":"1.0","provider_name":"JusticeInfo.net","provider_url":"https:\/\/www.justiceinfo.net\/fr","title":"La semaine de la justice transitionnelle :Union africaine, RCA et Sri Lanka","type":"rich","width":600,"height":338,"html":"<blockquote class=\"wp-embedded-content\" data-secret=\"oZ15kTSox5\"><a href=\"https:\/\/www.justiceinfo.net\/fr\/28582-la-semaine-de-la-justice-transitionnelle-5.html\">La semaine de la justice transitionnelle :Union africaine, RCA et Sri Lanka<\/a><\/blockquote><iframe sandbox=\"allow-scripts\" security=\"restricted\" src=\"https:\/\/www.justiceinfo.net\/fr\/28582-la-semaine-de-la-justice-transitionnelle-5.html\/embed#?secret=oZ15kTSox5\" width=\"600\" height=\"338\" title=\"\u00ab\u00a0La semaine de la justice transitionnelle :Union africaine, RCA et Sri Lanka\u00a0\u00bb &#8212; JusticeInfo.net\" data-secret=\"oZ15kTSox5\" frameborder=\"0\" marginwidth=\"0\" marginheight=\"0\" scrolling=\"no\" class=\"wp-embedded-content\"><\/iframe><script type=\"text\/javascript\">\n\/* <![CDATA[ *\/\n\/*! This file is auto-generated *\/\n!function(d,l){\"use strict\";l.querySelector&&d.addEventListener&&\"undefined\"!=typeof URL&&(d.wp=d.wp||{},d.wp.receiveEmbedMessage||(d.wp.receiveEmbedMessage=function(e){var t=e.data;if((t||t.secret||t.message||t.value)&&!\/[^a-zA-Z0-9]\/.test(t.secret)){for(var s,r,n,a=l.querySelectorAll('iframe[data-secret=\"'+t.secret+'\"]'),o=l.querySelectorAll('blockquote[data-secret=\"'+t.secret+'\"]'),c=new RegExp(\"^https?:$\",\"i\"),i=0;i<o.length;i++)o[i].style.display=\"none\";for(i=0;i<a.length;i++)s=a[i],e.source===s.contentWindow&&(s.removeAttribute(\"style\"),\"height\"===t.message?(1e3<(r=parseInt(t.value,10))?r=1e3:~~r<200&&(r=200),s.height=r):\"link\"===t.message&&(r=new URL(s.getAttribute(\"src\")),n=new URL(t.value),c.test(n.protocol))&&n.host===r.host&&l.activeElement===s&&(d.top.location.href=t.value))}},d.addEventListener(\"message\",d.wp.receiveEmbedMessage,!1),l.addEventListener(\"DOMContentLoaded\",function(){for(var e,t,s=l.querySelectorAll(\"iframe.wp-embedded-content\"),r=0;r<s.length;r++)(t=(e=s[r]).getAttribute(\"data-secret\"))||(t=Math.random().toString(36).substring(2,12),e.src+=\"#?secret=\"+t,e.setAttribute(\"data-secret\",t)),e.contentWindow.postMessage({message:\"ready\",secret:t},\"*\")},!1)))}(window,document);\n\/* ]]> *\/\n<\/script>\n","thumbnail_url":"https:\/\/www.justiceinfo.net\/wp-content\/uploads\/45f9367d5391314a6dcf7c251c257194-scaled.jpg","thumbnail_width":2560,"thumbnail_height":1707,"description":"\u00a0La semaine de la justice transitionnelle et de Justiceinfo.net a \u00e9t\u00e9 domin\u00e9e par le sommet de l\u2019Union Africaine \u00e0 Kigali. Cette r\u00e9union devait confirmer \u00e0 grand bruit la guerre ouverte entre le continent et la Cour P\u00e9nale Internationale. Mais, \u00e9crit notre envoy\u00e9 sp\u00e9cial, Emmanuel Sehene Ruvugiro, la montagne a accouch\u00e9 d\u2019une souris. \u00ab\u00a0Alors que la [&hellip;]"}

La semaine de la justice transitionnelle et de Justiceinfo.net a été dominée par le sommet de l’Union Africaine à Kigali. Cette réunion devait confirmer à grand bruit la guerre ouverte entre le continent et la Cour Pénale Internationale. Mais, écrit notre envoyé spécial, Emmanuel Sehene Ruvugiro, la montagne a accouché d’une souris. « Alors que la [&hellip;]
