{"version":"1.0","provider_name":"JusticeInfo.net","provider_url":"https:\/\/www.justiceinfo.net\/fr","title":"Les mots de la COP21 : justice climatique","type":"rich","width":600,"height":338,"html":"<blockquote class=\"wp-embedded-content\" data-secret=\"fgadEVYMQs\"><a href=\"https:\/\/www.justiceinfo.net\/fr\/3086-les-mots-de-la-cop21-justice-climatique.html\">Les mots de la COP21 : justice climatique<\/a><\/blockquote><iframe sandbox=\"allow-scripts\" security=\"restricted\" src=\"https:\/\/www.justiceinfo.net\/fr\/3086-les-mots-de-la-cop21-justice-climatique.html\/embed#?secret=fgadEVYMQs\" width=\"600\" height=\"338\" title=\"\u00ab\u00a0Les mots de la COP21 : justice climatique\u00a0\u00bb &#8212; JusticeInfo.net\" data-secret=\"fgadEVYMQs\" frameborder=\"0\" marginwidth=\"0\" marginheight=\"0\" scrolling=\"no\" class=\"wp-embedded-content\"><\/iframe><script type=\"text\/javascript\">\n\/* <![CDATA[ *\/\n\/*! This file is auto-generated *\/\n!function(d,l){\"use strict\";l.querySelector&&d.addEventListener&&\"undefined\"!=typeof URL&&(d.wp=d.wp||{},d.wp.receiveEmbedMessage||(d.wp.receiveEmbedMessage=function(e){var t=e.data;if((t||t.secret||t.message||t.value)&&!\/[^a-zA-Z0-9]\/.test(t.secret)){for(var s,r,n,a=l.querySelectorAll('iframe[data-secret=\"'+t.secret+'\"]'),o=l.querySelectorAll('blockquote[data-secret=\"'+t.secret+'\"]'),c=new RegExp(\"^https?:$\",\"i\"),i=0;i<o.length;i++)o[i].style.display=\"none\";for(i=0;i<a.length;i++)s=a[i],e.source===s.contentWindow&&(s.removeAttribute(\"style\"),\"height\"===t.message?(1e3<(r=parseInt(t.value,10))?r=1e3:~~r<200&&(r=200),s.height=r):\"link\"===t.message&&(r=new URL(s.getAttribute(\"src\")),n=new URL(t.value),c.test(n.protocol))&&n.host===r.host&&l.activeElement===s&&(d.top.location.href=t.value))}},d.addEventListener(\"message\",d.wp.receiveEmbedMessage,!1),l.addEventListener(\"DOMContentLoaded\",function(){for(var e,t,s=l.querySelectorAll(\"iframe.wp-embedded-content\"),r=0;r<s.length;r++)(t=(e=s[r]).getAttribute(\"data-secret\"))||(t=Math.random().toString(36).substring(2,12),e.src+=\"#?secret=\"+t,e.setAttribute(\"data-secret\",t)),e.contentWindow.postMessage({message:\"ready\",secret:t},\"*\")},!1)))}(window,document);\n\/* ]]> *\/\n<\/script>\n","description":"D\u00e8s l\u2019\u00e9laboration de la Convention-cadre des Nations unies sur les changements climatiques (CCNUCC) en 1992 et le d\u00e9but de la n\u00e9gociation climatique internationale, l\u2019\u00e9quit\u00e9 est apparue comme la cl\u00e9 de vo\u00fbte d\u2019un r\u00e9gime international du climat ambitieux. Il est en effet ind\u00e9niable que l\u2019enjeu climatique est un enjeu de justice. C\u2019est d\u2019autant plus vrai si [&hellip;]","thumbnail_url":"https:\/\/www.justiceinfo.net\/wp-content\/uploads\/JusticeInfoNet_logo_1200x630px.jpg","thumbnail_width":1200,"thumbnail_height":630}

Dès l’élaboration de la Convention-cadre des Nations unies sur les changements climatiques (CCNUCC) en 1992 et le début de la négociation climatique internationale, l’équité est apparue comme la clé de voûte d’un régime international du climat ambitieux. Il est en effet indéniable que l’enjeu climatique est un enjeu de justice. C’est d’autant plus vrai si [&hellip;]
