{"version":"1.0","provider_name":"JusticeInfo.net","provider_url":"https:\/\/www.justiceinfo.net\/fr","title":"La semaine de la justice transitionnelle : \u00e9crire l'histoire","type":"rich","width":600,"height":338,"html":"<blockquote class=\"wp-embedded-content\" data-secret=\"LV9IqXbncn\"><a href=\"https:\/\/www.justiceinfo.net\/fr\/31717-la-semaine-de-la-justice-transitionnelle-4.html\">La semaine de la justice transitionnelle : \u00e9crire l'histoire<\/a><\/blockquote><iframe sandbox=\"allow-scripts\" security=\"restricted\" src=\"https:\/\/www.justiceinfo.net\/fr\/31717-la-semaine-de-la-justice-transitionnelle-4.html\/embed#?secret=LV9IqXbncn\" width=\"600\" height=\"338\" title=\"\u00ab\u00a0La semaine de la justice transitionnelle : \u00e9crire l&#039;histoire\u00a0\u00bb &#8212; JusticeInfo.net\" data-secret=\"LV9IqXbncn\" frameborder=\"0\" marginwidth=\"0\" marginheight=\"0\" scrolling=\"no\" class=\"wp-embedded-content\"><\/iframe><script type=\"text\/javascript\">\n\/* <![CDATA[ *\/\n\/*! This file is auto-generated *\/\n!function(d,l){\"use strict\";l.querySelector&&d.addEventListener&&\"undefined\"!=typeof URL&&(d.wp=d.wp||{},d.wp.receiveEmbedMessage||(d.wp.receiveEmbedMessage=function(e){var t=e.data;if((t||t.secret||t.message||t.value)&&!\/[^a-zA-Z0-9]\/.test(t.secret)){for(var s,r,n,a=l.querySelectorAll('iframe[data-secret=\"'+t.secret+'\"]'),o=l.querySelectorAll('blockquote[data-secret=\"'+t.secret+'\"]'),c=new RegExp(\"^https?:$\",\"i\"),i=0;i<o.length;i++)o[i].style.display=\"none\";for(i=0;i<a.length;i++)s=a[i],e.source===s.contentWindow&&(s.removeAttribute(\"style\"),\"height\"===t.message?(1e3<(r=parseInt(t.value,10))?r=1e3:~~r<200&&(r=200),s.height=r):\"link\"===t.message&&(r=new URL(s.getAttribute(\"src\")),n=new URL(t.value),c.test(n.protocol))&&n.host===r.host&&l.activeElement===s&&(d.top.location.href=t.value))}},d.addEventListener(\"message\",d.wp.receiveEmbedMessage,!1),l.addEventListener(\"DOMContentLoaded\",function(){for(var e,t,s=l.querySelectorAll(\"iframe.wp-embedded-content\"),r=0;r<s.length;r++)(t=(e=s[r]).getAttribute(\"data-secret\"))||(t=Math.random().toString(36).substring(2,12),e.src+=\"#?secret=\"+t,e.setAttribute(\"data-secret\",t)),e.contentWindow.postMessage({message:\"ready\",secret:t},\"*\")},!1)))}(window,document);\n\/* ]]> *\/\n<\/script>\n","thumbnail_url":"https:\/\/www.justiceinfo.net\/wp-content\/uploads\/dacb288dd36e095b2122e63b98a0007a.jpg","thumbnail_width":600,"thumbnail_height":451,"description":"L\u2019\u00e9criture de l\u2019histoire a \u00e9t\u00e9 au c\u0153ur de la justice transitionnelle cette semaine.\u00a0 En Tunisie, en Palestine, en Isra\u00ebl ou au Rwanda. La justice transitionnelle n\u2019est pas seulement faite de m\u00e9canismes juridiques, de proc\u00e8s et de condamnations. Les processus de r\u00e9conciliation passent aussi par une relecture commune d\u2019un pass\u00e9 divis\u00e9. Ainsi au Rwanda, seul pays [&hellip;]"}

La semaine de la justice transitionnelle : écrire l'histoire

<blockquote class="wp-embedded-content" data-secret="LV9IqXbncn"><a href="https://www.justiceinfo.net/fr/31717-la-semaine-de-la-justice-transitionnelle-4.html">La semaine de la justice transitionnelle : écrire l'histoire</a></blockquote><iframe sandbox="allow-scripts" security="restricted" src="https://www.justiceinfo.net/fr/31717-la-semaine-de-la-justice-transitionnelle-4.html/embed#?secret=LV9IqXbncn" width="600" height="338" title="« La semaine de la justice transitionnelle : écrire l&#039;histoire » &#8212; JusticeInfo.net" data-secret="LV9IqXbncn" frameborder="0" marginwidth="0" marginheight="0" scrolling="no" class="wp-embedded-content"></iframe><script type="text/javascript">
/* <![CDATA[ */
/*! This file is auto-generated */
!function(d,l){"use strict";l.querySelector&&d.addEventListener&&"undefined"!=typeof URL&&(d.wp=d.wp||{},d.wp.receiveEmbedMessage||(d.wp.receiveEmbedMessage=function(e){var t=e.data;if((t||t.secret||t.message||t.value)&&!/[^a-zA-Z0-9]/.test(t.secret)){for(var s,r,n,a=l.querySelectorAll('iframe[data-secret="'+t.secret+'"]'),o=l.querySelectorAll('blockquote[data-secret="'+t.secret+'"]'),c=new RegExp("^https?:$","i"),i=0;i<o.length;i++)o[i].style.display="none";for(i=0;i<a.length;i++)s=a[i],e.source===s.contentWindow&&(s.removeAttribute("style"),"height"===t.message?(1e3<(r=parseInt(t.value,10))?r=1e3:~~r<200&&(r=200),s.height=r):"link"===t.message&&(r=new URL(s.getAttribute("src")),n=new URL(t.value),c.test(n.protocol))&&n.host===r.host&&l.activeElement===s&&(d.top.location.href=t.value))}},d.addEventListener("message",d.wp.receiveEmbedMessage,!1),l.addEventListener("DOMContentLoaded",function(){for(var e,t,s=l.querySelectorAll("iframe.wp-embedded-content"),r=0;r<s.length;r++)(t=(e=s[r]).getAttribute("data-secret"))||(t=Math.random().toString(36).substring(2,12),e.src+="#?secret="+t,e.setAttribute("data-secret",t)),e.contentWindow.postMessage({message:"ready",secret:t},"*")},!1)))}(window,document);
/* ]]> */
</script>

L’écriture de l’histoire a été au cœur de la justice transitionnelle cette semaine.  En Tunisie, en Palestine, en Israël ou au Rwanda. La justice transitionnelle n’est pas seulement faite de mécanismes juridiques, de procès et de condamnations. Les processus de réconciliation passent aussi par une relecture commune d’un passé divisé. Ainsi au Rwanda, seul pays [&hellip;]
