{"version":"1.0","provider_name":"JusticeInfo.net","provider_url":"https:\/\/www.justiceinfo.net\/fr","title":"Justice transitionnelle : \"les victimes finiront par rattraper leurs bourreaux\", explique Trial","type":"rich","width":600,"height":338,"html":"<blockquote class=\"wp-embedded-content\" data-secret=\"4DTeT8Edhs\"><a href=\"https:\/\/www.justiceinfo.net\/fr\/32358-jt.html\">Justice transitionnelle : \"les victimes finiront par rattraper leurs bourreaux\", explique Trial<\/a><\/blockquote><iframe sandbox=\"allow-scripts\" security=\"restricted\" src=\"https:\/\/www.justiceinfo.net\/fr\/32358-jt.html\/embed#?secret=4DTeT8Edhs\" width=\"600\" height=\"338\" title=\"\u00ab\u00a0Justice transitionnelle : &quot;les victimes finiront par rattraper leurs bourreaux&quot;, explique Trial\u00a0\u00bb &#8212; JusticeInfo.net\" data-secret=\"4DTeT8Edhs\" frameborder=\"0\" marginwidth=\"0\" marginheight=\"0\" scrolling=\"no\" class=\"wp-embedded-content\"><\/iframe><script type=\"text\/javascript\">\n\/* <![CDATA[ *\/\n\/*! This file is auto-generated *\/\n!function(d,l){\"use strict\";l.querySelector&&d.addEventListener&&\"undefined\"!=typeof URL&&(d.wp=d.wp||{},d.wp.receiveEmbedMessage||(d.wp.receiveEmbedMessage=function(e){var t=e.data;if((t||t.secret||t.message||t.value)&&!\/[^a-zA-Z0-9]\/.test(t.secret)){for(var s,r,n,a=l.querySelectorAll('iframe[data-secret=\"'+t.secret+'\"]'),o=l.querySelectorAll('blockquote[data-secret=\"'+t.secret+'\"]'),c=new RegExp(\"^https?:$\",\"i\"),i=0;i<o.length;i++)o[i].style.display=\"none\";for(i=0;i<a.length;i++)s=a[i],e.source===s.contentWindow&&(s.removeAttribute(\"style\"),\"height\"===t.message?(1e3<(r=parseInt(t.value,10))?r=1e3:~~r<200&&(r=200),s.height=r):\"link\"===t.message&&(r=new URL(s.getAttribute(\"src\")),n=new URL(t.value),c.test(n.protocol))&&n.host===r.host&&l.activeElement===s&&(d.top.location.href=t.value))}},d.addEventListener(\"message\",d.wp.receiveEmbedMessage,!1),l.addEventListener(\"DOMContentLoaded\",function(){for(var e,t,s=l.querySelectorAll(\"iframe.wp-embedded-content\"),r=0;r<s.length;r++)(t=(e=s[r]).getAttribute(\"data-secret\"))||(t=Math.random().toString(36).substring(2,12),e.src+=\"#?secret=\"+t,e.setAttribute(\"data-secret\",t)),e.contentWindow.postMessage({message:\"ready\",secret:t},\"*\")},!1)))}(window,document);\n\/* ]]> *\/\n<\/script>\n","thumbnail_url":"https:\/\/www.justiceinfo.net\/wp-content\/uploads\/bfab5a756dc8167cbaf93cef5037fa78.jpg","thumbnail_width":1024,"thumbnail_height":449,"description":"L\u2019annonce l\u2019ann\u00e9e derni\u00e8re du retrait par quelques Etats membres de la Cour p\u00e9nale internationale pr\u00e9sageait d\u2019un recul dans la lutte contre l\u2019impunit\u00e9 des auteurs de crimes contre l\u2019humanit\u00e9. Une proc\u00e9dure ouverte en Suisse contre un ancien ministre gambien t\u00e9moigne du contraire. Explications avec un acteur de la lutte contre l\u2019impunit\u00e9 bas\u00e9 \u00e0 Gen\u00e8ve. Philip Grant [&hellip;]"}

L’annonce l’année dernière du retrait par quelques Etats membres de la Cour pénale internationale présageait d’un recul dans la lutte contre l’impunité des auteurs de crimes contre l’humanité. Une procédure ouverte en Suisse contre un ancien ministre gambien témoigne du contraire. Explications avec un acteur de la lutte contre l’impunité basé à Genève. Philip Grant [&hellip;]
