{"version":"1.0","provider_name":"JusticeInfo.net","provider_url":"https:\/\/www.justiceinfo.net\/fr","title":"La comp\u00e9tence universelle trace son chemin de Pinochet \u00e0 la Syrie","type":"rich","width":600,"height":338,"html":"<blockquote class=\"wp-embedded-content\" data-secret=\"AFApJZDF76\"><a href=\"https:\/\/www.justiceinfo.net\/fr\/32624-competence-universelle-justice-transitionnelle.html\">La comp\u00e9tence universelle trace son chemin de Pinochet \u00e0 la Syrie<\/a><\/blockquote><iframe sandbox=\"allow-scripts\" security=\"restricted\" src=\"https:\/\/www.justiceinfo.net\/fr\/32624-competence-universelle-justice-transitionnelle.html\/embed#?secret=AFApJZDF76\" width=\"600\" height=\"338\" title=\"\u00ab\u00a0La comp\u00e9tence universelle trace son chemin de Pinochet \u00e0 la Syrie\u00a0\u00bb &#8212; JusticeInfo.net\" data-secret=\"AFApJZDF76\" frameborder=\"0\" marginwidth=\"0\" marginheight=\"0\" scrolling=\"no\" class=\"wp-embedded-content\"><\/iframe><script type=\"text\/javascript\">\n\/* <![CDATA[ *\/\n\/*! This file is auto-generated *\/\n!function(d,l){\"use strict\";l.querySelector&&d.addEventListener&&\"undefined\"!=typeof URL&&(d.wp=d.wp||{},d.wp.receiveEmbedMessage||(d.wp.receiveEmbedMessage=function(e){var t=e.data;if((t||t.secret||t.message||t.value)&&!\/[^a-zA-Z0-9]\/.test(t.secret)){for(var s,r,n,a=l.querySelectorAll('iframe[data-secret=\"'+t.secret+'\"]'),o=l.querySelectorAll('blockquote[data-secret=\"'+t.secret+'\"]'),c=new RegExp(\"^https?:$\",\"i\"),i=0;i<o.length;i++)o[i].style.display=\"none\";for(i=0;i<a.length;i++)s=a[i],e.source===s.contentWindow&&(s.removeAttribute(\"style\"),\"height\"===t.message?(1e3<(r=parseInt(t.value,10))?r=1e3:~~r<200&&(r=200),s.height=r):\"link\"===t.message&&(r=new URL(s.getAttribute(\"src\")),n=new URL(t.value),c.test(n.protocol))&&n.host===r.host&&l.activeElement===s&&(d.top.location.href=t.value))}},d.addEventListener(\"message\",d.wp.receiveEmbedMessage,!1),l.addEventListener(\"DOMContentLoaded\",function(){for(var e,t,s=l.querySelectorAll(\"iframe.wp-embedded-content\"),r=0;r<s.length;r++)(t=(e=s[r]).getAttribute(\"data-secret\"))||(t=Math.random().toString(36).substring(2,12),e.src+=\"#?secret=\"+t,e.setAttribute(\"data-secret\",t)),e.contentWindow.postMessage({message:\"ready\",secret:t},\"*\")},!1)))}(window,document);\n\/* ]]> *\/\n<\/script>\n","thumbnail_url":"https:\/\/www.justiceinfo.net\/wp-content\/uploads\/c1883f62fd7e28bd2558033168c81d35.jpg","thumbnail_width":396,"thumbnail_height":448,"description":"Dans un rapport publi\u00e9 lundi 27 mars, cinq organisations de d\u00e9fense des droits de l\u2019Homme font le bilan annuel de la comp\u00e9tence universelle. \u00ab Make way for Justice \u00bb montre une progression lente mais stable du principe de comp\u00e9tence universelle qui d\u00e9passe de plus en plus les seules fronti\u00e8res de l\u2019Union europ\u00e9enne. \u00a0 \u00a0En 2016, [&hellip;]"}

La compétence universelle trace son chemin de Pinochet à la Syrie

<blockquote class="wp-embedded-content" data-secret="AFApJZDF76"><a href="https://www.justiceinfo.net/fr/32624-competence-universelle-justice-transitionnelle.html">La compétence universelle trace son chemin de Pinochet à la Syrie</a></blockquote><iframe sandbox="allow-scripts" security="restricted" src="https://www.justiceinfo.net/fr/32624-competence-universelle-justice-transitionnelle.html/embed#?secret=AFApJZDF76" width="600" height="338" title="« La compétence universelle trace son chemin de Pinochet à la Syrie » &#8212; JusticeInfo.net" data-secret="AFApJZDF76" frameborder="0" marginwidth="0" marginheight="0" scrolling="no" class="wp-embedded-content"></iframe><script type="text/javascript">
/* <![CDATA[ */
/*! This file is auto-generated */
!function(d,l){"use strict";l.querySelector&&d.addEventListener&&"undefined"!=typeof URL&&(d.wp=d.wp||{},d.wp.receiveEmbedMessage||(d.wp.receiveEmbedMessage=function(e){var t=e.data;if((t||t.secret||t.message||t.value)&&!/[^a-zA-Z0-9]/.test(t.secret)){for(var s,r,n,a=l.querySelectorAll('iframe[data-secret="'+t.secret+'"]'),o=l.querySelectorAll('blockquote[data-secret="'+t.secret+'"]'),c=new RegExp("^https?:$","i"),i=0;i<o.length;i++)o[i].style.display="none";for(i=0;i<a.length;i++)s=a[i],e.source===s.contentWindow&&(s.removeAttribute("style"),"height"===t.message?(1e3<(r=parseInt(t.value,10))?r=1e3:~~r<200&&(r=200),s.height=r):"link"===t.message&&(r=new URL(s.getAttribute("src")),n=new URL(t.value),c.test(n.protocol))&&n.host===r.host&&l.activeElement===s&&(d.top.location.href=t.value))}},d.addEventListener("message",d.wp.receiveEmbedMessage,!1),l.addEventListener("DOMContentLoaded",function(){for(var e,t,s=l.querySelectorAll("iframe.wp-embedded-content"),r=0;r<s.length;r++)(t=(e=s[r]).getAttribute("data-secret"))||(t=Math.random().toString(36).substring(2,12),e.src+="#?secret="+t,e.setAttribute("data-secret",t)),e.contentWindow.postMessage({message:"ready",secret:t},"*")},!1)))}(window,document);
/* ]]> */
</script>

Dans un rapport publié lundi 27 mars, cinq organisations de défense des droits de l’Homme font le bilan annuel de la compétence universelle. « Make way for Justice » montre une progression lente mais stable du principe de compétence universelle qui dépasse de plus en plus les seules frontières de l’Union européenne.    En 2016, [&hellip;]
