{"version":"1.0","provider_name":"JusticeInfo.net","provider_url":"https:\/\/www.justiceinfo.net\/fr","title":"En Espagne, la gauche r\u00e9clame un retour \u00e0 la \"justice universelle\"","type":"rich","width":600,"height":338,"html":"<blockquote class=\"wp-embedded-content\" data-secret=\"4ljHGhqgz9\"><a href=\"https:\/\/www.justiceinfo.net\/fr\/33501-espagne-competence-universelle-justice-universelle.html\">En Espagne, la gauche r\u00e9clame un retour \u00e0 la \"justice universelle\"<\/a><\/blockquote><iframe sandbox=\"allow-scripts\" security=\"restricted\" src=\"https:\/\/www.justiceinfo.net\/fr\/33501-espagne-competence-universelle-justice-universelle.html\/embed#?secret=4ljHGhqgz9\" width=\"600\" height=\"338\" title=\"\u00ab\u00a0En Espagne, la gauche r\u00e9clame un retour \u00e0 la &quot;justice universelle&quot;\u00a0\u00bb &#8212; JusticeInfo.net\" data-secret=\"4ljHGhqgz9\" frameborder=\"0\" marginwidth=\"0\" marginheight=\"0\" scrolling=\"no\" class=\"wp-embedded-content\"><\/iframe><script type=\"text\/javascript\">\n\/* <![CDATA[ *\/\n\/*! This file is auto-generated *\/\n!function(d,l){\"use strict\";l.querySelector&&d.addEventListener&&\"undefined\"!=typeof URL&&(d.wp=d.wp||{},d.wp.receiveEmbedMessage||(d.wp.receiveEmbedMessage=function(e){var t=e.data;if((t||t.secret||t.message||t.value)&&!\/[^a-zA-Z0-9]\/.test(t.secret)){for(var s,r,n,a=l.querySelectorAll('iframe[data-secret=\"'+t.secret+'\"]'),o=l.querySelectorAll('blockquote[data-secret=\"'+t.secret+'\"]'),c=new RegExp(\"^https?:$\",\"i\"),i=0;i<o.length;i++)o[i].style.display=\"none\";for(i=0;i<a.length;i++)s=a[i],e.source===s.contentWindow&&(s.removeAttribute(\"style\"),\"height\"===t.message?(1e3<(r=parseInt(t.value,10))?r=1e3:~~r<200&&(r=200),s.height=r):\"link\"===t.message&&(r=new URL(s.getAttribute(\"src\")),n=new URL(t.value),c.test(n.protocol))&&n.host===r.host&&l.activeElement===s&&(d.top.location.href=t.value))}},d.addEventListener(\"message\",d.wp.receiveEmbedMessage,!1),l.addEventListener(\"DOMContentLoaded\",function(){for(var e,t,s=l.querySelectorAll(\"iframe.wp-embedded-content\"),r=0;r<s.length;r++)(t=(e=s[r]).getAttribute(\"data-secret\"))||(t=Math.random().toString(36).substring(2,12),e.src+=\"#?secret=\"+t,e.setAttribute(\"data-secret\",t)),e.contentWindow.postMessage({message:\"ready\",secret:t},\"*\")},!1)))}(window,document);\n\/* ]]> *\/\n<\/script>\n","thumbnail_url":"https:\/\/www.justiceinfo.net\/wp-content\/uploads\/a8f1cb9057a250a67cea499871291092.jpg","thumbnail_width":401,"thumbnail_height":599,"description":"Le concept de \u00abJustice universelle\u00bb, une comp\u00e9tence qui a distingu\u00e9 les juges espagnols pendant les ann\u00e9es 2000, peut-il redevenir d\u2019actualit\u00e9 ? Une nouvelle l\u00e9gislation allant dans ce sens est dans les tuyaux parlementaires, m\u00eame si, pour l\u2019heure, elle est bloqu\u00e9e par la formation au pouvoir, le Parti Populaire. Dans la mouvance du parti Podemos, troisi\u00e8me [&hellip;]"}

En Espagne, la gauche réclame un retour à la "justice universelle"

<blockquote class="wp-embedded-content" data-secret="4ljHGhqgz9"><a href="https://www.justiceinfo.net/fr/33501-espagne-competence-universelle-justice-universelle.html">En Espagne, la gauche réclame un retour à la "justice universelle"</a></blockquote><iframe sandbox="allow-scripts" security="restricted" src="https://www.justiceinfo.net/fr/33501-espagne-competence-universelle-justice-universelle.html/embed#?secret=4ljHGhqgz9" width="600" height="338" title="« En Espagne, la gauche réclame un retour à la &quot;justice universelle&quot; » &#8212; JusticeInfo.net" data-secret="4ljHGhqgz9" frameborder="0" marginwidth="0" marginheight="0" scrolling="no" class="wp-embedded-content"></iframe><script type="text/javascript">
/* <![CDATA[ */
/*! This file is auto-generated */
!function(d,l){"use strict";l.querySelector&&d.addEventListener&&"undefined"!=typeof URL&&(d.wp=d.wp||{},d.wp.receiveEmbedMessage||(d.wp.receiveEmbedMessage=function(e){var t=e.data;if((t||t.secret||t.message||t.value)&&!/[^a-zA-Z0-9]/.test(t.secret)){for(var s,r,n,a=l.querySelectorAll('iframe[data-secret="'+t.secret+'"]'),o=l.querySelectorAll('blockquote[data-secret="'+t.secret+'"]'),c=new RegExp("^https?:$","i"),i=0;i<o.length;i++)o[i].style.display="none";for(i=0;i<a.length;i++)s=a[i],e.source===s.contentWindow&&(s.removeAttribute("style"),"height"===t.message?(1e3<(r=parseInt(t.value,10))?r=1e3:~~r<200&&(r=200),s.height=r):"link"===t.message&&(r=new URL(s.getAttribute("src")),n=new URL(t.value),c.test(n.protocol))&&n.host===r.host&&l.activeElement===s&&(d.top.location.href=t.value))}},d.addEventListener("message",d.wp.receiveEmbedMessage,!1),l.addEventListener("DOMContentLoaded",function(){for(var e,t,s=l.querySelectorAll("iframe.wp-embedded-content"),r=0;r<s.length;r++)(t=(e=s[r]).getAttribute("data-secret"))||(t=Math.random().toString(36).substring(2,12),e.src+="#?secret="+t,e.setAttribute("data-secret",t)),e.contentWindow.postMessage({message:"ready",secret:t},"*")},!1)))}(window,document);
/* ]]> */
</script>

Le concept de «Justice universelle», une compétence qui a distingué les juges espagnols pendant les années 2000, peut-il redevenir d’actualité ? Une nouvelle législation allant dans ce sens est dans les tuyaux parlementaires, même si, pour l’heure, elle est bloquée par la formation au pouvoir, le Parti Populaire. Dans la mouvance du parti Podemos, troisième [&hellip;]
