{"version":"1.0","provider_name":"JusticeInfo.net","provider_url":"https:\/\/www.justiceinfo.net\/fr","title":"Un fait divers r\u00e9v\u00e8le la traite des enfants aux Tunisiens","type":"rich","width":600,"height":338,"html":"<blockquote class=\"wp-embedded-content\" data-secret=\"oXD2Spvz7y\"><a href=\"https:\/\/www.justiceinfo.net\/fr\/33645-tunisien-enfants-traite-justice-ong-asf.html\">Un fait divers r\u00e9v\u00e8le la traite des enfants aux Tunisiens<\/a><\/blockquote><iframe sandbox=\"allow-scripts\" security=\"restricted\" src=\"https:\/\/www.justiceinfo.net\/fr\/33645-tunisien-enfants-traite-justice-ong-asf.html\/embed#?secret=oXD2Spvz7y\" width=\"600\" height=\"338\" title=\"\u00ab\u00a0Un fait divers r\u00e9v\u00e8le la traite des enfants aux Tunisiens\u00a0\u00bb &#8212; JusticeInfo.net\" data-secret=\"oXD2Spvz7y\" frameborder=\"0\" marginwidth=\"0\" marginheight=\"0\" scrolling=\"no\" class=\"wp-embedded-content\"><\/iframe><script type=\"text\/javascript\">\n\/* <![CDATA[ *\/\n\/*! This file is auto-generated *\/\n!function(d,l){\"use strict\";l.querySelector&&d.addEventListener&&\"undefined\"!=typeof URL&&(d.wp=d.wp||{},d.wp.receiveEmbedMessage||(d.wp.receiveEmbedMessage=function(e){var t=e.data;if((t||t.secret||t.message||t.value)&&!\/[^a-zA-Z0-9]\/.test(t.secret)){for(var s,r,n,a=l.querySelectorAll('iframe[data-secret=\"'+t.secret+'\"]'),o=l.querySelectorAll('blockquote[data-secret=\"'+t.secret+'\"]'),c=new RegExp(\"^https?:$\",\"i\"),i=0;i<o.length;i++)o[i].style.display=\"none\";for(i=0;i<a.length;i++)s=a[i],e.source===s.contentWindow&&(s.removeAttribute(\"style\"),\"height\"===t.message?(1e3<(r=parseInt(t.value,10))?r=1e3:~~r<200&&(r=200),s.height=r):\"link\"===t.message&&(r=new URL(s.getAttribute(\"src\")),n=new URL(t.value),c.test(n.protocol))&&n.host===r.host&&l.activeElement===s&&(d.top.location.href=t.value))}},d.addEventListener(\"message\",d.wp.receiveEmbedMessage,!1),l.addEventListener(\"DOMContentLoaded\",function(){for(var e,t,s=l.querySelectorAll(\"iframe.wp-embedded-content\"),r=0;r<s.length;r++)(t=(e=s[r]).getAttribute(\"data-secret\"))||(t=Math.random().toString(36).substring(2,12),e.src+=\"#?secret=\"+t,e.setAttribute(\"data-secret\",t)),e.contentWindow.postMessage({message:\"ready\",secret:t},\"*\")},!1)))}(window,document);\n\/* ]]> *\/\n<\/script>\n","thumbnail_url":"https:\/\/www.justiceinfo.net\/wp-content\/uploads\/0a6f64ba76fd9cd6cbfde342e56da672.jpg","thumbnail_width":1000,"thumbnail_height":1000,"description":"\u00ab\u00a0Est consid\u00e9r\u00e9e comme traite des personnes, le recrutement, le transport, le transfert, le d\u00e9tournement, le rapatriement, l\u2019h\u00e9bergement ou l\u2019accueil de personnes, par le recours ou la menace de recours \u00e0 la force\u2026aux fins d\u2019exploitation, quelle qu\u2019en soit la forme\u00a0\u00bb. C\u2019est ainsi que la loi organique du 3 aout 2016 relative \u00e0 la pr\u00e9vention et la [&hellip;]"}

Un fait divers révèle la traite des enfants aux Tunisiens

<blockquote class="wp-embedded-content" data-secret="oXD2Spvz7y"><a href="https://www.justiceinfo.net/fr/33645-tunisien-enfants-traite-justice-ong-asf.html">Un fait divers révèle la traite des enfants aux Tunisiens</a></blockquote><iframe sandbox="allow-scripts" security="restricted" src="https://www.justiceinfo.net/fr/33645-tunisien-enfants-traite-justice-ong-asf.html/embed#?secret=oXD2Spvz7y" width="600" height="338" title="« Un fait divers révèle la traite des enfants aux Tunisiens » &#8212; JusticeInfo.net" data-secret="oXD2Spvz7y" frameborder="0" marginwidth="0" marginheight="0" scrolling="no" class="wp-embedded-content"></iframe><script type="text/javascript">
/* <![CDATA[ */
/*! This file is auto-generated */
!function(d,l){"use strict";l.querySelector&&d.addEventListener&&"undefined"!=typeof URL&&(d.wp=d.wp||{},d.wp.receiveEmbedMessage||(d.wp.receiveEmbedMessage=function(e){var t=e.data;if((t||t.secret||t.message||t.value)&&!/[^a-zA-Z0-9]/.test(t.secret)){for(var s,r,n,a=l.querySelectorAll('iframe[data-secret="'+t.secret+'"]'),o=l.querySelectorAll('blockquote[data-secret="'+t.secret+'"]'),c=new RegExp("^https?:$","i"),i=0;i<o.length;i++)o[i].style.display="none";for(i=0;i<a.length;i++)s=a[i],e.source===s.contentWindow&&(s.removeAttribute("style"),"height"===t.message?(1e3<(r=parseInt(t.value,10))?r=1e3:~~r<200&&(r=200),s.height=r):"link"===t.message&&(r=new URL(s.getAttribute("src")),n=new URL(t.value),c.test(n.protocol))&&n.host===r.host&&l.activeElement===s&&(d.top.location.href=t.value))}},d.addEventListener("message",d.wp.receiveEmbedMessage,!1),l.addEventListener("DOMContentLoaded",function(){for(var e,t,s=l.querySelectorAll("iframe.wp-embedded-content"),r=0;r<s.length;r++)(t=(e=s[r]).getAttribute("data-secret"))||(t=Math.random().toString(36).substring(2,12),e.src+="#?secret="+t,e.setAttribute("data-secret",t)),e.contentWindow.postMessage({message:"ready",secret:t},"*")},!1)))}(window,document);
/* ]]> */
</script>

« Est considérée comme traite des personnes, le recrutement, le transport, le transfert, le détournement, le rapatriement, l’hébergement ou l’accueil de personnes, par le recours ou la menace de recours à la force…aux fins d’exploitation, quelle qu’en soit la forme ». C’est ainsi que la loi organique du 3 aout 2016 relative à la prévention et la [&hellip;]
