{"version":"1.0","provider_name":"JusticeInfo.net","provider_url":"https:\/\/www.justiceinfo.net\/fr","title":"Tunisie : 34 ans d'injustice pour les victimes des \u00e9meutes de la faim","type":"rich","width":600,"height":338,"html":"<blockquote class=\"wp-embedded-content\" data-secret=\"vn0UZ2KnN3\"><a href=\"https:\/\/www.justiceinfo.net\/fr\/36041-tunisie-6.html\">Tunisie : 34 ans d'injustice pour les victimes des \u00e9meutes de la faim<\/a><\/blockquote><iframe sandbox=\"allow-scripts\" security=\"restricted\" src=\"https:\/\/www.justiceinfo.net\/fr\/36041-tunisie-6.html\/embed#?secret=vn0UZ2KnN3\" width=\"600\" height=\"338\" title=\"\u00ab\u00a0Tunisie : 34 ans d&#039;injustice pour les victimes des \u00e9meutes de la faim\u00a0\u00bb &#8212; JusticeInfo.net\" data-secret=\"vn0UZ2KnN3\" frameborder=\"0\" marginwidth=\"0\" marginheight=\"0\" scrolling=\"no\" class=\"wp-embedded-content\"><\/iframe><script type=\"text\/javascript\">\n\/* <![CDATA[ *\/\n\/*! This file is auto-generated *\/\n!function(d,l){\"use strict\";l.querySelector&&d.addEventListener&&\"undefined\"!=typeof URL&&(d.wp=d.wp||{},d.wp.receiveEmbedMessage||(d.wp.receiveEmbedMessage=function(e){var t=e.data;if((t||t.secret||t.message||t.value)&&!\/[^a-zA-Z0-9]\/.test(t.secret)){for(var s,r,n,a=l.querySelectorAll('iframe[data-secret=\"'+t.secret+'\"]'),o=l.querySelectorAll('blockquote[data-secret=\"'+t.secret+'\"]'),c=new RegExp(\"^https?:$\",\"i\"),i=0;i<o.length;i++)o[i].style.display=\"none\";for(i=0;i<a.length;i++)s=a[i],e.source===s.contentWindow&&(s.removeAttribute(\"style\"),\"height\"===t.message?(1e3<(r=parseInt(t.value,10))?r=1e3:~~r<200&&(r=200),s.height=r):\"link\"===t.message&&(r=new URL(s.getAttribute(\"src\")),n=new URL(t.value),c.test(n.protocol))&&n.host===r.host&&l.activeElement===s&&(d.top.location.href=t.value))}},d.addEventListener(\"message\",d.wp.receiveEmbedMessage,!1),l.addEventListener(\"DOMContentLoaded\",function(){for(var e,t,s=l.querySelectorAll(\"iframe.wp-embedded-content\"),r=0;r<s.length;r++)(t=(e=s[r]).getAttribute(\"data-secret\"))||(t=Math.random().toString(36).substring(2,12),e.src+=\"#?secret=\"+t,e.setAttribute(\"data-secret\",t)),e.contentWindow.postMessage({message:\"ready\",secret:t},\"*\")},!1)))}(window,document);\n\/* ]]> *\/\n<\/script>\n","thumbnail_url":"https:\/\/www.justiceinfo.net\/wp-content\/uploads\/fcb17221b31171a80d4a9beb3cd45d62-scaled.jpg","thumbnail_width":2560,"thumbnail_height":1853,"description":"Les auditions publiques de l\u2019Instance v\u00e9rit\u00e9 et dignit\u00e9 (IVD) ont abord\u00e9 jeudi 4 janvier le dossier des \u00e9meutes du pain de janvier 1984. La police avait tir\u00e9 \u00e0 balles r\u00e9elles sur des manifestants contre la hausse des prix de la semoule et du pain. Devant l\u2019IVD, les victimes ont d\u00e9voil\u00e9 l\u2019injustice qu\u2019ils ont continu\u00e9 \u00e0 [&hellip;]"}

Tunisie : 34 ans d'injustice pour les victimes des émeutes de la faim

<blockquote class="wp-embedded-content" data-secret="vn0UZ2KnN3"><a href="https://www.justiceinfo.net/fr/36041-tunisie-6.html">Tunisie : 34 ans d'injustice pour les victimes des émeutes de la faim</a></blockquote><iframe sandbox="allow-scripts" security="restricted" src="https://www.justiceinfo.net/fr/36041-tunisie-6.html/embed#?secret=vn0UZ2KnN3" width="600" height="338" title="« Tunisie : 34 ans d&#039;injustice pour les victimes des émeutes de la faim » &#8212; JusticeInfo.net" data-secret="vn0UZ2KnN3" frameborder="0" marginwidth="0" marginheight="0" scrolling="no" class="wp-embedded-content"></iframe><script type="text/javascript">
/* <![CDATA[ */
/*! This file is auto-generated */
!function(d,l){"use strict";l.querySelector&&d.addEventListener&&"undefined"!=typeof URL&&(d.wp=d.wp||{},d.wp.receiveEmbedMessage||(d.wp.receiveEmbedMessage=function(e){var t=e.data;if((t||t.secret||t.message||t.value)&&!/[^a-zA-Z0-9]/.test(t.secret)){for(var s,r,n,a=l.querySelectorAll('iframe[data-secret="'+t.secret+'"]'),o=l.querySelectorAll('blockquote[data-secret="'+t.secret+'"]'),c=new RegExp("^https?:$","i"),i=0;i<o.length;i++)o[i].style.display="none";for(i=0;i<a.length;i++)s=a[i],e.source===s.contentWindow&&(s.removeAttribute("style"),"height"===t.message?(1e3<(r=parseInt(t.value,10))?r=1e3:~~r<200&&(r=200),s.height=r):"link"===t.message&&(r=new URL(s.getAttribute("src")),n=new URL(t.value),c.test(n.protocol))&&n.host===r.host&&l.activeElement===s&&(d.top.location.href=t.value))}},d.addEventListener("message",d.wp.receiveEmbedMessage,!1),l.addEventListener("DOMContentLoaded",function(){for(var e,t,s=l.querySelectorAll("iframe.wp-embedded-content"),r=0;r<s.length;r++)(t=(e=s[r]).getAttribute("data-secret"))||(t=Math.random().toString(36).substring(2,12),e.src+="#?secret="+t,e.setAttribute("data-secret",t)),e.contentWindow.postMessage({message:"ready",secret:t},"*")},!1)))}(window,document);
/* ]]> */
</script>

Les auditions publiques de l’Instance vérité et dignité (IVD) ont abordé jeudi 4 janvier le dossier des émeutes du pain de janvier 1984. La police avait tiré à balles réelles sur des manifestants contre la hausse des prix de la semoule et du pain. Devant l’IVD, les victimes ont dévoilé l’injustice qu’ils ont continué à [&hellip;]
