{"version":"1.0","provider_name":"JusticeInfo.net","provider_url":"https:\/\/www.justiceinfo.net\/fr","title":"Protestations \u00e0 Gaza: des cl\u00e9s pour comprendre","type":"rich","width":600,"height":338,"html":"<blockquote class=\"wp-embedded-content\" data-secret=\"9cWdhswdPi\"><a href=\"https:\/\/www.justiceinfo.net\/fr\/37452-protestations-a-gaza-des-cles-pour-comprendre.html\">Protestations \u00e0 Gaza: des cl\u00e9s pour comprendre<\/a><\/blockquote><iframe sandbox=\"allow-scripts\" security=\"restricted\" src=\"https:\/\/www.justiceinfo.net\/fr\/37452-protestations-a-gaza-des-cles-pour-comprendre.html\/embed#?secret=9cWdhswdPi\" width=\"600\" height=\"338\" title=\"\u00ab\u00a0Protestations \u00e0 Gaza: des cl\u00e9s pour comprendre\u00a0\u00bb &#8212; JusticeInfo.net\" data-secret=\"9cWdhswdPi\" frameborder=\"0\" marginwidth=\"0\" marginheight=\"0\" scrolling=\"no\" class=\"wp-embedded-content\"><\/iframe><script type=\"text\/javascript\">\n\/* <![CDATA[ *\/\n\/*! This file is auto-generated *\/\n!function(d,l){\"use strict\";l.querySelector&&d.addEventListener&&\"undefined\"!=typeof URL&&(d.wp=d.wp||{},d.wp.receiveEmbedMessage||(d.wp.receiveEmbedMessage=function(e){var t=e.data;if((t||t.secret||t.message||t.value)&&!\/[^a-zA-Z0-9]\/.test(t.secret)){for(var s,r,n,a=l.querySelectorAll('iframe[data-secret=\"'+t.secret+'\"]'),o=l.querySelectorAll('blockquote[data-secret=\"'+t.secret+'\"]'),c=new RegExp(\"^https?:$\",\"i\"),i=0;i<o.length;i++)o[i].style.display=\"none\";for(i=0;i<a.length;i++)s=a[i],e.source===s.contentWindow&&(s.removeAttribute(\"style\"),\"height\"===t.message?(1e3<(r=parseInt(t.value,10))?r=1e3:~~r<200&&(r=200),s.height=r):\"link\"===t.message&&(r=new URL(s.getAttribute(\"src\")),n=new URL(t.value),c.test(n.protocol))&&n.host===r.host&&l.activeElement===s&&(d.top.location.href=t.value))}},d.addEventListener(\"message\",d.wp.receiveEmbedMessage,!1),l.addEventListener(\"DOMContentLoaded\",function(){for(var e,t,s=l.querySelectorAll(\"iframe.wp-embedded-content\"),r=0;r<s.length;r++)(t=(e=s[r]).getAttribute(\"data-secret\"))||(t=Math.random().toString(36).substring(2,12),e.src+=\"#?secret=\"+t,e.setAttribute(\"data-secret\",t)),e.contentWindow.postMessage({message:\"ready\",secret:t},\"*\")},!1)))}(window,document);\n\/* ]]> *\/\n<\/script>\n","description":"La bande de Gaza est le th\u00e9\u00e2tre depuis le 30 mars d'un mouvement, la \"marche du retour\", qui a culmin\u00e9 lundi avec des affrontements dans lesquels pr\u00e8s de 60 Palestiniens ont \u00e9t\u00e9 tu\u00e9s par des tirs isra\u00e9liens. Des cl\u00e9s pour comprendre. Pourquoi cette mobilisation? Elle tourne autour du \"droit au retour\", la revendication des Palestiniens [&hellip;]","thumbnail_url":"https:\/\/www.justiceinfo.net\/wp-content\/uploads\/JusticeInfoNet_logo_1200x630px.jpg","thumbnail_width":1200,"thumbnail_height":630}

Protestations à Gaza: des clés pour comprendre

<blockquote class="wp-embedded-content" data-secret="9cWdhswdPi"><a href="https://www.justiceinfo.net/fr/37452-protestations-a-gaza-des-cles-pour-comprendre.html">Protestations à Gaza: des clés pour comprendre</a></blockquote><iframe sandbox="allow-scripts" security="restricted" src="https://www.justiceinfo.net/fr/37452-protestations-a-gaza-des-cles-pour-comprendre.html/embed#?secret=9cWdhswdPi" width="600" height="338" title="« Protestations à Gaza: des clés pour comprendre » &#8212; JusticeInfo.net" data-secret="9cWdhswdPi" frameborder="0" marginwidth="0" marginheight="0" scrolling="no" class="wp-embedded-content"></iframe><script type="text/javascript">
/* <![CDATA[ */
/*! This file is auto-generated */
!function(d,l){"use strict";l.querySelector&&d.addEventListener&&"undefined"!=typeof URL&&(d.wp=d.wp||{},d.wp.receiveEmbedMessage||(d.wp.receiveEmbedMessage=function(e){var t=e.data;if((t||t.secret||t.message||t.value)&&!/[^a-zA-Z0-9]/.test(t.secret)){for(var s,r,n,a=l.querySelectorAll('iframe[data-secret="'+t.secret+'"]'),o=l.querySelectorAll('blockquote[data-secret="'+t.secret+'"]'),c=new RegExp("^https?:$","i"),i=0;i<o.length;i++)o[i].style.display="none";for(i=0;i<a.length;i++)s=a[i],e.source===s.contentWindow&&(s.removeAttribute("style"),"height"===t.message?(1e3<(r=parseInt(t.value,10))?r=1e3:~~r<200&&(r=200),s.height=r):"link"===t.message&&(r=new URL(s.getAttribute("src")),n=new URL(t.value),c.test(n.protocol))&&n.host===r.host&&l.activeElement===s&&(d.top.location.href=t.value))}},d.addEventListener("message",d.wp.receiveEmbedMessage,!1),l.addEventListener("DOMContentLoaded",function(){for(var e,t,s=l.querySelectorAll("iframe.wp-embedded-content"),r=0;r<s.length;r++)(t=(e=s[r]).getAttribute("data-secret"))||(t=Math.random().toString(36).substring(2,12),e.src+="#?secret="+t,e.setAttribute("data-secret",t)),e.contentWindow.postMessage({message:"ready",secret:t},"*")},!1)))}(window,document);
/* ]]> */
</script>

La bande de Gaza est le théâtre depuis le 30 mars d'un mouvement, la "marche du retour", qui a culminé lundi avec des affrontements dans lesquels près de 60 Palestiniens ont été tués par des tirs israéliens. Des clés pour comprendre. Pourquoi cette mobilisation? Elle tourne autour du "droit au retour", la revendication des Palestiniens [&hellip;]
