{"version":"1.0","provider_name":"JusticeInfo.net","provider_url":"https:\/\/www.justiceinfo.net\/fr","title":"L'Afrique au chevet du Burundi","type":"rich","width":600,"height":338,"html":"<blockquote class=\"wp-embedded-content\" data-secret=\"mnnVLzUmWq\"><a href=\"https:\/\/www.justiceinfo.net\/fr\/379-l-afrique-au-chevet-du-burundi.html\">L'Afrique au chevet du Burundi<\/a><\/blockquote><iframe sandbox=\"allow-scripts\" security=\"restricted\" src=\"https:\/\/www.justiceinfo.net\/fr\/379-l-afrique-au-chevet-du-burundi.html\/embed#?secret=mnnVLzUmWq\" width=\"600\" height=\"338\" title=\"\u00ab\u00a0L&#039;Afrique au chevet du Burundi\u00a0\u00bb &#8212; JusticeInfo.net\" data-secret=\"mnnVLzUmWq\" frameborder=\"0\" marginwidth=\"0\" marginheight=\"0\" scrolling=\"no\" class=\"wp-embedded-content\"><\/iframe><script type=\"text\/javascript\">\n\/* <![CDATA[ *\/\n\/*! This file is auto-generated *\/\n!function(d,l){\"use strict\";l.querySelector&&d.addEventListener&&\"undefined\"!=typeof URL&&(d.wp=d.wp||{},d.wp.receiveEmbedMessage||(d.wp.receiveEmbedMessage=function(e){var t=e.data;if((t||t.secret||t.message||t.value)&&!\/[^a-zA-Z0-9]\/.test(t.secret)){for(var s,r,n,a=l.querySelectorAll('iframe[data-secret=\"'+t.secret+'\"]'),o=l.querySelectorAll('blockquote[data-secret=\"'+t.secret+'\"]'),c=new RegExp(\"^https?:$\",\"i\"),i=0;i<o.length;i++)o[i].style.display=\"none\";for(i=0;i<a.length;i++)s=a[i],e.source===s.contentWindow&&(s.removeAttribute(\"style\"),\"height\"===t.message?(1e3<(r=parseInt(t.value,10))?r=1e3:~~r<200&&(r=200),s.height=r):\"link\"===t.message&&(r=new URL(s.getAttribute(\"src\")),n=new URL(t.value),c.test(n.protocol))&&n.host===r.host&&l.activeElement===s&&(d.top.location.href=t.value))}},d.addEventListener(\"message\",d.wp.receiveEmbedMessage,!1),l.addEventListener(\"DOMContentLoaded\",function(){for(var e,t,s=l.querySelectorAll(\"iframe.wp-embedded-content\"),r=0;r<s.length;r++)(t=(e=s[r]).getAttribute(\"data-secret\"))||(t=Math.random().toString(36).substring(2,12),e.src+=\"#?secret=\"+t,e.setAttribute(\"data-secret\",t)),e.contentWindow.postMessage({message:\"ready\",secret:t},\"*\")},!1)))}(window,document);\n\/* ]]> *\/\n<\/script>\n","thumbnail_url":"https:\/\/www.justiceinfo.net\/wp-content\/uploads\/eb9b7452cdc806568d2312ea5614a301.jpg","thumbnail_width":640,"thumbnail_height":452,"description":"Que peut-on attendre du sommet r\u00e9gional de dimanche sur la crise au Burundi? Au mieux un report des \u00e9lections, mais certainement pas une prise de position publique sur le coeur du probl\u00e8me, un \u00e9ventuel troisi\u00e8me mandat du pr\u00e9sident Pierre Nkurunziza, estiment les experts. Alors que la contestation populaire qui secoue Bujumbura depuis plus d'un mois [&hellip;]"}

Que peut-on attendre du sommet régional de dimanche sur la crise au Burundi? Au mieux un report des élections, mais certainement pas une prise de position publique sur le coeur du problème, un éventuel troisième mandat du président Pierre Nkurunziza, estiment les experts. Alors que la contestation populaire qui secoue Bujumbura depuis plus d'un mois [&hellip;]
