{"version":"1.0","provider_name":"JusticeInfo.net","provider_url":"https:\/\/www.justiceinfo.net\/fr","title":"La Commission v\u00e9rit\u00e9 centrafricaine patine","type":"rich","width":600,"height":338,"html":"<blockquote class=\"wp-embedded-content\" data-secret=\"wnZRiDSVak\"><a href=\"https:\/\/www.justiceinfo.net\/fr\/41343-la-commission-verite-centrafricaine-patine.html\">La Commission v\u00e9rit\u00e9 centrafricaine patine<\/a><\/blockquote><iframe sandbox=\"allow-scripts\" security=\"restricted\" src=\"https:\/\/www.justiceinfo.net\/fr\/41343-la-commission-verite-centrafricaine-patine.html\/embed#?secret=wnZRiDSVak\" width=\"600\" height=\"338\" title=\"\u00ab\u00a0La Commission v\u00e9rit\u00e9 centrafricaine patine\u00a0\u00bb &#8212; JusticeInfo.net\" data-secret=\"wnZRiDSVak\" frameborder=\"0\" marginwidth=\"0\" marginheight=\"0\" scrolling=\"no\" class=\"wp-embedded-content\"><\/iframe><script type=\"text\/javascript\">\n\/* <![CDATA[ *\/\n\/*! This file is auto-generated *\/\n!function(d,l){\"use strict\";l.querySelector&&d.addEventListener&&\"undefined\"!=typeof URL&&(d.wp=d.wp||{},d.wp.receiveEmbedMessage||(d.wp.receiveEmbedMessage=function(e){var t=e.data;if((t||t.secret||t.message||t.value)&&!\/[^a-zA-Z0-9]\/.test(t.secret)){for(var s,r,n,a=l.querySelectorAll('iframe[data-secret=\"'+t.secret+'\"]'),o=l.querySelectorAll('blockquote[data-secret=\"'+t.secret+'\"]'),c=new RegExp(\"^https?:$\",\"i\"),i=0;i<o.length;i++)o[i].style.display=\"none\";for(i=0;i<a.length;i++)s=a[i],e.source===s.contentWindow&&(s.removeAttribute(\"style\"),\"height\"===t.message?(1e3<(r=parseInt(t.value,10))?r=1e3:~~r<200&&(r=200),s.height=r):\"link\"===t.message&&(r=new URL(s.getAttribute(\"src\")),n=new URL(t.value),c.test(n.protocol))&&n.host===r.host&&l.activeElement===s&&(d.top.location.href=t.value))}},d.addEventListener(\"message\",d.wp.receiveEmbedMessage,!1),l.addEventListener(\"DOMContentLoaded\",function(){for(var e,t,s=l.querySelectorAll(\"iframe.wp-embedded-content\"),r=0;r<s.length;r++)(t=(e=s[r]).getAttribute(\"data-secret\"))||(t=Math.random().toString(36).substring(2,12),e.src+=\"#?secret=\"+t,e.setAttribute(\"data-secret\",t)),e.contentWindow.postMessage({message:\"ready\",secret:t},\"*\")},!1)))}(window,document);\n\/* ]]> *\/\n<\/script>\n","thumbnail_url":"https:\/\/www.justiceinfo.net\/wp-content\/uploads\/9bb6f3dfaf78f44af163bb5120cdc9d6.jpg","thumbnail_width":1200,"thumbnail_height":800,"description":"Il y a trois mois \u00e9tait sign\u00e9 un accord de paix entre le gouvernement et 14 groupes arm\u00e9s. Il pr\u00e9voyait la cr\u00e9ation d\u2019une Commission v\u00e9rit\u00e9, justice, r\u00e9paration et r\u00e9conciliation (CVJRR) dans un d\u00e9lai de 90 jours. Une proposition \u00e9mise il y a quatre ans, en mai 2015, au Forum national de Bangui. Et dont le [&hellip;]"}

La Commission vérité centrafricaine patine

<blockquote class="wp-embedded-content" data-secret="wnZRiDSVak"><a href="https://www.justiceinfo.net/fr/41343-la-commission-verite-centrafricaine-patine.html">La Commission vérité centrafricaine patine</a></blockquote><iframe sandbox="allow-scripts" security="restricted" src="https://www.justiceinfo.net/fr/41343-la-commission-verite-centrafricaine-patine.html/embed#?secret=wnZRiDSVak" width="600" height="338" title="« La Commission vérité centrafricaine patine » &#8212; JusticeInfo.net" data-secret="wnZRiDSVak" frameborder="0" marginwidth="0" marginheight="0" scrolling="no" class="wp-embedded-content"></iframe><script type="text/javascript">
/* <![CDATA[ */
/*! This file is auto-generated */
!function(d,l){"use strict";l.querySelector&&d.addEventListener&&"undefined"!=typeof URL&&(d.wp=d.wp||{},d.wp.receiveEmbedMessage||(d.wp.receiveEmbedMessage=function(e){var t=e.data;if((t||t.secret||t.message||t.value)&&!/[^a-zA-Z0-9]/.test(t.secret)){for(var s,r,n,a=l.querySelectorAll('iframe[data-secret="'+t.secret+'"]'),o=l.querySelectorAll('blockquote[data-secret="'+t.secret+'"]'),c=new RegExp("^https?:$","i"),i=0;i<o.length;i++)o[i].style.display="none";for(i=0;i<a.length;i++)s=a[i],e.source===s.contentWindow&&(s.removeAttribute("style"),"height"===t.message?(1e3<(r=parseInt(t.value,10))?r=1e3:~~r<200&&(r=200),s.height=r):"link"===t.message&&(r=new URL(s.getAttribute("src")),n=new URL(t.value),c.test(n.protocol))&&n.host===r.host&&l.activeElement===s&&(d.top.location.href=t.value))}},d.addEventListener("message",d.wp.receiveEmbedMessage,!1),l.addEventListener("DOMContentLoaded",function(){for(var e,t,s=l.querySelectorAll("iframe.wp-embedded-content"),r=0;r<s.length;r++)(t=(e=s[r]).getAttribute("data-secret"))||(t=Math.random().toString(36).substring(2,12),e.src+="#?secret="+t,e.setAttribute("data-secret",t)),e.contentWindow.postMessage({message:"ready",secret:t},"*")},!1)))}(window,document);
/* ]]> */
</script>

Il y a trois mois était signé un accord de paix entre le gouvernement et 14 groupes armés. Il prévoyait la création d’une Commission vérité, justice, réparation et réconciliation (CVJRR) dans un délai de 90 jours. Une proposition émise il y a quatre ans, en mai 2015, au Forum national de Bangui. Et dont le [&hellip;]
