{"version":"1.0","provider_name":"JusticeInfo.net","provider_url":"https:\/\/www.justiceinfo.net\/fr","title":"\u00c0 Bangui, la Cour criminelle double la CPI et la CPS","type":"rich","width":600,"height":338,"html":"<blockquote class=\"wp-embedded-content\" data-secret=\"IBfAZU8G1L\"><a href=\"https:\/\/www.justiceinfo.net\/fr\/42466-bangui-cour-criminelle-double-cpi-et-cps.html\">\u00c0 Bangui, la Cour criminelle double la CPI et la CPS<\/a><\/blockquote><iframe sandbox=\"allow-scripts\" security=\"restricted\" src=\"https:\/\/www.justiceinfo.net\/fr\/42466-bangui-cour-criminelle-double-cpi-et-cps.html\/embed#?secret=IBfAZU8G1L\" width=\"600\" height=\"338\" title=\"\u00ab\u00a0\u00c0 Bangui, la Cour criminelle double la CPI et la CPS\u00a0\u00bb &#8212; JusticeInfo.net\" data-secret=\"IBfAZU8G1L\" frameborder=\"0\" marginwidth=\"0\" marginheight=\"0\" scrolling=\"no\" class=\"wp-embedded-content\"><\/iframe><script type=\"text\/javascript\">\n\/* <![CDATA[ *\/\n\/*! This file is auto-generated *\/\n!function(d,l){\"use strict\";l.querySelector&&d.addEventListener&&\"undefined\"!=typeof URL&&(d.wp=d.wp||{},d.wp.receiveEmbedMessage||(d.wp.receiveEmbedMessage=function(e){var t=e.data;if((t||t.secret||t.message||t.value)&&!\/[^a-zA-Z0-9]\/.test(t.secret)){for(var s,r,n,a=l.querySelectorAll('iframe[data-secret=\"'+t.secret+'\"]'),o=l.querySelectorAll('blockquote[data-secret=\"'+t.secret+'\"]'),c=new RegExp(\"^https?:$\",\"i\"),i=0;i<o.length;i++)o[i].style.display=\"none\";for(i=0;i<a.length;i++)s=a[i],e.source===s.contentWindow&&(s.removeAttribute(\"style\"),\"height\"===t.message?(1e3<(r=parseInt(t.value,10))?r=1e3:~~r<200&&(r=200),s.height=r):\"link\"===t.message&&(r=new URL(s.getAttribute(\"src\")),n=new URL(t.value),c.test(n.protocol))&&n.host===r.host&&l.activeElement===s&&(d.top.location.href=t.value))}},d.addEventListener(\"message\",d.wp.receiveEmbedMessage,!1),l.addEventListener(\"DOMContentLoaded\",function(){for(var e,t,s=l.querySelectorAll(\"iframe.wp-embedded-content\"),r=0;r<s.length;r++)(t=(e=s[r]).getAttribute(\"data-secret\"))||(t=Math.random().toString(36).substring(2,12),e.src+=\"#?secret=\"+t,e.setAttribute(\"data-secret\",t)),e.contentWindow.postMessage({message:\"ready\",secret:t},\"*\")},!1)))}(window,document);\n\/* ]]> *\/\n<\/script>\n","thumbnail_url":"https:\/\/www.justiceinfo.net\/wp-content\/uploads\/1005be587af3b111351f1a1ac4d7f18b.jpg","thumbnail_width":1200,"thumbnail_height":800,"description":"Un ex-chef de la S\u00e9l\u00e9ka a \u00e9t\u00e9 jug\u00e9 lundi devant la Cour criminelle de Bangui, pour crimes contre l\u2019humanit\u00e9 et crimes de guerre, tandis qu\u2019\u00e0 La Haye se d\u00e9roulait l\u2019audience de confirmation des charges contre deux anciens chefs anti-balakas. Avec ce premier proc\u00e8s S\u00e9l\u00e9ka, les tribunaux ordinaires ont pris de vitesse la CPI et la [&hellip;]"}

À Bangui, la Cour criminelle double la CPI et la CPS

<blockquote class="wp-embedded-content" data-secret="IBfAZU8G1L"><a href="https://www.justiceinfo.net/fr/42466-bangui-cour-criminelle-double-cpi-et-cps.html">À Bangui, la Cour criminelle double la CPI et la CPS</a></blockquote><iframe sandbox="allow-scripts" security="restricted" src="https://www.justiceinfo.net/fr/42466-bangui-cour-criminelle-double-cpi-et-cps.html/embed#?secret=IBfAZU8G1L" width="600" height="338" title="« À Bangui, la Cour criminelle double la CPI et la CPS » &#8212; JusticeInfo.net" data-secret="IBfAZU8G1L" frameborder="0" marginwidth="0" marginheight="0" scrolling="no" class="wp-embedded-content"></iframe><script type="text/javascript">
/* <![CDATA[ */
/*! This file is auto-generated */
!function(d,l){"use strict";l.querySelector&&d.addEventListener&&"undefined"!=typeof URL&&(d.wp=d.wp||{},d.wp.receiveEmbedMessage||(d.wp.receiveEmbedMessage=function(e){var t=e.data;if((t||t.secret||t.message||t.value)&&!/[^a-zA-Z0-9]/.test(t.secret)){for(var s,r,n,a=l.querySelectorAll('iframe[data-secret="'+t.secret+'"]'),o=l.querySelectorAll('blockquote[data-secret="'+t.secret+'"]'),c=new RegExp("^https?:$","i"),i=0;i<o.length;i++)o[i].style.display="none";for(i=0;i<a.length;i++)s=a[i],e.source===s.contentWindow&&(s.removeAttribute("style"),"height"===t.message?(1e3<(r=parseInt(t.value,10))?r=1e3:~~r<200&&(r=200),s.height=r):"link"===t.message&&(r=new URL(s.getAttribute("src")),n=new URL(t.value),c.test(n.protocol))&&n.host===r.host&&l.activeElement===s&&(d.top.location.href=t.value))}},d.addEventListener("message",d.wp.receiveEmbedMessage,!1),l.addEventListener("DOMContentLoaded",function(){for(var e,t,s=l.querySelectorAll("iframe.wp-embedded-content"),r=0;r<s.length;r++)(t=(e=s[r]).getAttribute("data-secret"))||(t=Math.random().toString(36).substring(2,12),e.src+="#?secret="+t,e.setAttribute("data-secret",t)),e.contentWindow.postMessage({message:"ready",secret:t},"*")},!1)))}(window,document);
/* ]]> */
</script>

Un ex-chef de la Séléka a été jugé lundi devant la Cour criminelle de Bangui, pour crimes contre l’humanité et crimes de guerre, tandis qu’à La Haye se déroulait l’audience de confirmation des charges contre deux anciens chefs anti-balakas. Avec ce premier procès Séléka, les tribunaux ordinaires ont pris de vitesse la CPI et la [&hellip;]
