{"version":"1.0","provider_name":"JusticeInfo.net","provider_url":"https:\/\/www.justiceinfo.net\/fr","title":"CPI : \u00ab Ongwen \u00e9tait et reste victime \u00bb, selon son avocat","type":"rich","width":600,"height":338,"html":"<blockquote class=\"wp-embedded-content\" data-secret=\"9cwDDzRN9Z\"><a href=\"https:\/\/www.justiceinfo.net\/fr\/42683-cpi-ongwen-reste-victime-selon-avocat.html\">CPI : \u00ab Ongwen \u00e9tait et reste victime \u00bb, selon son avocat<\/a><\/blockquote><iframe sandbox=\"allow-scripts\" security=\"restricted\" src=\"https:\/\/www.justiceinfo.net\/fr\/42683-cpi-ongwen-reste-victime-selon-avocat.html\/embed#?secret=9cwDDzRN9Z\" width=\"600\" height=\"338\" title=\"\u00ab\u00a0CPI : \u00ab Ongwen \u00e9tait et reste victime \u00bb, selon son avocat\u00a0\u00bb &#8212; JusticeInfo.net\" data-secret=\"9cwDDzRN9Z\" frameborder=\"0\" marginwidth=\"0\" marginheight=\"0\" scrolling=\"no\" class=\"wp-embedded-content\"><\/iframe><script type=\"text\/javascript\">\n\/* <![CDATA[ *\/\n\/*! This file is auto-generated *\/\n!function(d,l){\"use strict\";l.querySelector&&d.addEventListener&&\"undefined\"!=typeof URL&&(d.wp=d.wp||{},d.wp.receiveEmbedMessage||(d.wp.receiveEmbedMessage=function(e){var t=e.data;if((t||t.secret||t.message||t.value)&&!\/[^a-zA-Z0-9]\/.test(t.secret)){for(var s,r,n,a=l.querySelectorAll('iframe[data-secret=\"'+t.secret+'\"]'),o=l.querySelectorAll('blockquote[data-secret=\"'+t.secret+'\"]'),c=new RegExp(\"^https?:$\",\"i\"),i=0;i<o.length;i++)o[i].style.display=\"none\";for(i=0;i<a.length;i++)s=a[i],e.source===s.contentWindow&&(s.removeAttribute(\"style\"),\"height\"===t.message?(1e3<(r=parseInt(t.value,10))?r=1e3:~~r<200&&(r=200),s.height=r):\"link\"===t.message&&(r=new URL(s.getAttribute(\"src\")),n=new URL(t.value),c.test(n.protocol))&&n.host===r.host&&l.activeElement===s&&(d.top.location.href=t.value))}},d.addEventListener(\"message\",d.wp.receiveEmbedMessage,!1),l.addEventListener(\"DOMContentLoaded\",function(){for(var e,t,s=l.querySelectorAll(\"iframe.wp-embedded-content\"),r=0;r<s.length;r++)(t=(e=s[r]).getAttribute(\"data-secret\"))||(t=Math.random().toString(36).substring(2,12),e.src+=\"#?secret=\"+t,e.setAttribute(\"data-secret\",t)),e.contentWindow.postMessage({message:\"ready\",secret:t},\"*\")},!1)))}(window,document);\n\/* ]]> *\/\n<\/script>\n","thumbnail_url":"https:\/\/www.justiceinfo.net\/wp-content\/uploads\/c9e4f768b9037f2637ff258302bd739d.jpg","thumbnail_width":1200,"thumbnail_height":786,"description":"Depuis un an, l\u2019Ougandais Dominic Ongwen pr\u00e9sente sa d\u00e9fense devant la Cour p\u00e9nale internationale. \u00c0 ce jour, plus de cinquante t\u00e9moins ont d\u00e9pos\u00e9 \u00e0 la d\u00e9charge de l\u2019ancien commandant de brigade de l\u2019Arm\u00e9e de r\u00e9sistance du Seigneur qui, enlev\u00e9 \u00e0 l\u2019\u00e2ge de 9 ans, plaide l\u2019irresponsabilit\u00e9."}

CPI : « Ongwen était et reste victime », selon son avocat

<blockquote class="wp-embedded-content" data-secret="9cwDDzRN9Z"><a href="https://www.justiceinfo.net/fr/42683-cpi-ongwen-reste-victime-selon-avocat.html">CPI : « Ongwen était et reste victime », selon son avocat</a></blockquote><iframe sandbox="allow-scripts" security="restricted" src="https://www.justiceinfo.net/fr/42683-cpi-ongwen-reste-victime-selon-avocat.html/embed#?secret=9cwDDzRN9Z" width="600" height="338" title="« CPI : « Ongwen était et reste victime », selon son avocat » &#8212; JusticeInfo.net" data-secret="9cwDDzRN9Z" frameborder="0" marginwidth="0" marginheight="0" scrolling="no" class="wp-embedded-content"></iframe><script type="text/javascript">
/* <![CDATA[ */
/*! This file is auto-generated */
!function(d,l){"use strict";l.querySelector&&d.addEventListener&&"undefined"!=typeof URL&&(d.wp=d.wp||{},d.wp.receiveEmbedMessage||(d.wp.receiveEmbedMessage=function(e){var t=e.data;if((t||t.secret||t.message||t.value)&&!/[^a-zA-Z0-9]/.test(t.secret)){for(var s,r,n,a=l.querySelectorAll('iframe[data-secret="'+t.secret+'"]'),o=l.querySelectorAll('blockquote[data-secret="'+t.secret+'"]'),c=new RegExp("^https?:$","i"),i=0;i<o.length;i++)o[i].style.display="none";for(i=0;i<a.length;i++)s=a[i],e.source===s.contentWindow&&(s.removeAttribute("style"),"height"===t.message?(1e3<(r=parseInt(t.value,10))?r=1e3:~~r<200&&(r=200),s.height=r):"link"===t.message&&(r=new URL(s.getAttribute("src")),n=new URL(t.value),c.test(n.protocol))&&n.host===r.host&&l.activeElement===s&&(d.top.location.href=t.value))}},d.addEventListener("message",d.wp.receiveEmbedMessage,!1),l.addEventListener("DOMContentLoaded",function(){for(var e,t,s=l.querySelectorAll("iframe.wp-embedded-content"),r=0;r<s.length;r++)(t=(e=s[r]).getAttribute("data-secret"))||(t=Math.random().toString(36).substring(2,12),e.src+="#?secret="+t,e.setAttribute("data-secret",t)),e.contentWindow.postMessage({message:"ready",secret:t},"*")},!1)))}(window,document);
/* ]]> */
</script>

Depuis un an, l’Ougandais Dominic Ongwen présente sa défense devant la Cour pénale internationale. À ce jour, plus de cinquante témoins ont déposé à la décharge de l’ancien commandant de brigade de l’Armée de résistance du Seigneur qui, enlevé à l’âge de 9 ans, plaide l’irresponsabilité.
