{"version":"1.0","provider_name":"JusticeInfo.net","provider_url":"https:\/\/www.justiceinfo.net\/fr","title":"La v\u00e9rit\u00e9 en pause en Gambie, aux Seychelles et en Colombie","type":"rich","width":600,"height":338,"html":"<blockquote class=\"wp-embedded-content\" data-secret=\"g1NJhwtb9X\"><a href=\"https:\/\/www.justiceinfo.net\/fr\/44038-verite-en-pause-gambie-seychelles-colombie.html\">La v\u00e9rit\u00e9 en pause en Gambie, aux Seychelles et en Colombie<\/a><\/blockquote><iframe sandbox=\"allow-scripts\" security=\"restricted\" src=\"https:\/\/www.justiceinfo.net\/fr\/44038-verite-en-pause-gambie-seychelles-colombie.html\/embed#?secret=g1NJhwtb9X\" width=\"600\" height=\"338\" title=\"\u00ab\u00a0La v\u00e9rit\u00e9 en pause en Gambie, aux Seychelles et en Colombie\u00a0\u00bb &#8212; JusticeInfo.net\" data-secret=\"g1NJhwtb9X\" frameborder=\"0\" marginwidth=\"0\" marginheight=\"0\" scrolling=\"no\" class=\"wp-embedded-content\"><\/iframe><script type=\"text\/javascript\">\n\/* <![CDATA[ *\/\n\/*! This file is auto-generated *\/\n!function(d,l){\"use strict\";l.querySelector&&d.addEventListener&&\"undefined\"!=typeof URL&&(d.wp=d.wp||{},d.wp.receiveEmbedMessage||(d.wp.receiveEmbedMessage=function(e){var t=e.data;if((t||t.secret||t.message||t.value)&&!\/[^a-zA-Z0-9]\/.test(t.secret)){for(var s,r,n,a=l.querySelectorAll('iframe[data-secret=\"'+t.secret+'\"]'),o=l.querySelectorAll('blockquote[data-secret=\"'+t.secret+'\"]'),c=new RegExp(\"^https?:$\",\"i\"),i=0;i<o.length;i++)o[i].style.display=\"none\";for(i=0;i<a.length;i++)s=a[i],e.source===s.contentWindow&&(s.removeAttribute(\"style\"),\"height\"===t.message?(1e3<(r=parseInt(t.value,10))?r=1e3:~~r<200&&(r=200),s.height=r):\"link\"===t.message&&(r=new URL(s.getAttribute(\"src\")),n=new URL(t.value),c.test(n.protocol))&&n.host===r.host&&l.activeElement===s&&(d.top.location.href=t.value))}},d.addEventListener(\"message\",d.wp.receiveEmbedMessage,!1),l.addEventListener(\"DOMContentLoaded\",function(){for(var e,t,s=l.querySelectorAll(\"iframe.wp-embedded-content\"),r=0;r<s.length;r++)(t=(e=s[r]).getAttribute(\"data-secret\"))||(t=Math.random().toString(36).substring(2,12),e.src+=\"#?secret=\"+t,e.setAttribute(\"data-secret\",t)),e.contentWindow.postMessage({message:\"ready\",secret:t},\"*\")},!1)))}(window,document);\n\/* ]]> *\/\n<\/script>\n","thumbnail_url":"https:\/\/www.justiceinfo.net\/wp-content\/uploads\/d479a8bc5321b2631e767497b85e258c.jpg","thumbnail_width":1200,"thumbnail_height":800,"description":"En Gambie et aux Seychelles, les audiences des commissions v\u00e9rit\u00e9 sont suspendues en raison de la pand\u00e9mie de Covid-19. Les audiences publiques ne reprendront pas en Gambie avant d\u00e9but juin, au plus t\u00f4t apr\u00e8s le Ramadan. Il n'est pas encore certain qu'elles puissent reprendre en avril aux Seychelles. En Colombie [lire l'encadr\u00e9], la Juridiction sp\u00e9ciale [&hellip;]"}

La vérité en pause en Gambie, aux Seychelles et en Colombie

<blockquote class="wp-embedded-content" data-secret="g1NJhwtb9X"><a href="https://www.justiceinfo.net/fr/44038-verite-en-pause-gambie-seychelles-colombie.html">La vérité en pause en Gambie, aux Seychelles et en Colombie</a></blockquote><iframe sandbox="allow-scripts" security="restricted" src="https://www.justiceinfo.net/fr/44038-verite-en-pause-gambie-seychelles-colombie.html/embed#?secret=g1NJhwtb9X" width="600" height="338" title="« La vérité en pause en Gambie, aux Seychelles et en Colombie » &#8212; JusticeInfo.net" data-secret="g1NJhwtb9X" frameborder="0" marginwidth="0" marginheight="0" scrolling="no" class="wp-embedded-content"></iframe><script type="text/javascript">
/* <![CDATA[ */
/*! This file is auto-generated */
!function(d,l){"use strict";l.querySelector&&d.addEventListener&&"undefined"!=typeof URL&&(d.wp=d.wp||{},d.wp.receiveEmbedMessage||(d.wp.receiveEmbedMessage=function(e){var t=e.data;if((t||t.secret||t.message||t.value)&&!/[^a-zA-Z0-9]/.test(t.secret)){for(var s,r,n,a=l.querySelectorAll('iframe[data-secret="'+t.secret+'"]'),o=l.querySelectorAll('blockquote[data-secret="'+t.secret+'"]'),c=new RegExp("^https?:$","i"),i=0;i<o.length;i++)o[i].style.display="none";for(i=0;i<a.length;i++)s=a[i],e.source===s.contentWindow&&(s.removeAttribute("style"),"height"===t.message?(1e3<(r=parseInt(t.value,10))?r=1e3:~~r<200&&(r=200),s.height=r):"link"===t.message&&(r=new URL(s.getAttribute("src")),n=new URL(t.value),c.test(n.protocol))&&n.host===r.host&&l.activeElement===s&&(d.top.location.href=t.value))}},d.addEventListener("message",d.wp.receiveEmbedMessage,!1),l.addEventListener("DOMContentLoaded",function(){for(var e,t,s=l.querySelectorAll("iframe.wp-embedded-content"),r=0;r<s.length;r++)(t=(e=s[r]).getAttribute("data-secret"))||(t=Math.random().toString(36).substring(2,12),e.src+="#?secret="+t,e.setAttribute("data-secret",t)),e.contentWindow.postMessage({message:"ready",secret:t},"*")},!1)))}(window,document);
/* ]]> */
</script>

En Gambie et aux Seychelles, les audiences des commissions vérité sont suspendues en raison de la pandémie de Covid-19. Les audiences publiques ne reprendront pas en Gambie avant début juin, au plus tôt après le Ramadan. Il n'est pas encore certain qu'elles puissent reprendre en avril aux Seychelles. En Colombie [lire l'encadré], la Juridiction spéciale [&hellip;]
