{"version":"1.0","provider_name":"JusticeInfo.net","provider_url":"https:\/\/www.justiceinfo.net\/fr","title":"Le m\u00e9morial du massacre d'Asaba reste dans le pipeline au Nigeria","type":"rich","width":600,"height":338,"html":"<blockquote class=\"wp-embedded-content\" data-secret=\"iMaoMp1h0d\"><a href=\"https:\/\/www.justiceinfo.net\/fr\/44047-memorial-massacre-asaba-reste-dans-pipeline-nigeria.html\">Le m\u00e9morial du massacre d'Asaba reste dans le pipeline au Nigeria<\/a><\/blockquote><iframe sandbox=\"allow-scripts\" security=\"restricted\" src=\"https:\/\/www.justiceinfo.net\/fr\/44047-memorial-massacre-asaba-reste-dans-pipeline-nigeria.html\/embed#?secret=iMaoMp1h0d\" width=\"600\" height=\"338\" title=\"\u00ab\u00a0Le m\u00e9morial du massacre d&#039;Asaba reste dans le pipeline au Nigeria\u00a0\u00bb &#8212; JusticeInfo.net\" data-secret=\"iMaoMp1h0d\" frameborder=\"0\" marginwidth=\"0\" marginheight=\"0\" scrolling=\"no\" class=\"wp-embedded-content\"><\/iframe><script type=\"text\/javascript\">\n\/* <![CDATA[ *\/\n\/*! This file is auto-generated *\/\n!function(d,l){\"use strict\";l.querySelector&&d.addEventListener&&\"undefined\"!=typeof URL&&(d.wp=d.wp||{},d.wp.receiveEmbedMessage||(d.wp.receiveEmbedMessage=function(e){var t=e.data;if((t||t.secret||t.message||t.value)&&!\/[^a-zA-Z0-9]\/.test(t.secret)){for(var s,r,n,a=l.querySelectorAll('iframe[data-secret=\"'+t.secret+'\"]'),o=l.querySelectorAll('blockquote[data-secret=\"'+t.secret+'\"]'),c=new RegExp(\"^https?:$\",\"i\"),i=0;i<o.length;i++)o[i].style.display=\"none\";for(i=0;i<a.length;i++)s=a[i],e.source===s.contentWindow&&(s.removeAttribute(\"style\"),\"height\"===t.message?(1e3<(r=parseInt(t.value,10))?r=1e3:~~r<200&&(r=200),s.height=r):\"link\"===t.message&&(r=new URL(s.getAttribute(\"src\")),n=new URL(t.value),c.test(n.protocol))&&n.host===r.host&&l.activeElement===s&&(d.top.location.href=t.value))}},d.addEventListener(\"message\",d.wp.receiveEmbedMessage,!1),l.addEventListener(\"DOMContentLoaded\",function(){for(var e,t,s=l.querySelectorAll(\"iframe.wp-embedded-content\"),r=0;r<s.length;r++)(t=(e=s[r]).getAttribute(\"data-secret\"))||(t=Math.random().toString(36).substring(2,12),e.src+=\"#?secret=\"+t,e.setAttribute(\"data-secret\",t)),e.contentWindow.postMessage({message:\"ready\",secret:t},\"*\")},!1)))}(window,document);\n\/* ]]> *\/\n<\/script>\n","thumbnail_url":"https:\/\/www.justiceinfo.net\/wp-content\/uploads\/094d3860e022d47589f1fe9d99b702b1.jpg","thumbnail_width":1200,"thumbnail_height":801,"description":"Un millier de morts en trois jours. Aujourd\u2019hui encore, le nom d\u2019Asaba r\u00e9sonne dans la m\u00e9moire des Nig\u00e9rians comme celui d\u2019un des grands massacres de la guerre du Biafra. Mais plus de 52 ans apr\u00e8s, les tenants d\u2019un m\u00e9morial digne de ce nom continuent de se battre."}

Le mémorial du massacre d'Asaba reste dans le pipeline au Nigeria

<blockquote class="wp-embedded-content" data-secret="iMaoMp1h0d"><a href="https://www.justiceinfo.net/fr/44047-memorial-massacre-asaba-reste-dans-pipeline-nigeria.html">Le mémorial du massacre d'Asaba reste dans le pipeline au Nigeria</a></blockquote><iframe sandbox="allow-scripts" security="restricted" src="https://www.justiceinfo.net/fr/44047-memorial-massacre-asaba-reste-dans-pipeline-nigeria.html/embed#?secret=iMaoMp1h0d" width="600" height="338" title="« Le mémorial du massacre d&#039;Asaba reste dans le pipeline au Nigeria » &#8212; JusticeInfo.net" data-secret="iMaoMp1h0d" frameborder="0" marginwidth="0" marginheight="0" scrolling="no" class="wp-embedded-content"></iframe><script type="text/javascript">
/* <![CDATA[ */
/*! This file is auto-generated */
!function(d,l){"use strict";l.querySelector&&d.addEventListener&&"undefined"!=typeof URL&&(d.wp=d.wp||{},d.wp.receiveEmbedMessage||(d.wp.receiveEmbedMessage=function(e){var t=e.data;if((t||t.secret||t.message||t.value)&&!/[^a-zA-Z0-9]/.test(t.secret)){for(var s,r,n,a=l.querySelectorAll('iframe[data-secret="'+t.secret+'"]'),o=l.querySelectorAll('blockquote[data-secret="'+t.secret+'"]'),c=new RegExp("^https?:$","i"),i=0;i<o.length;i++)o[i].style.display="none";for(i=0;i<a.length;i++)s=a[i],e.source===s.contentWindow&&(s.removeAttribute("style"),"height"===t.message?(1e3<(r=parseInt(t.value,10))?r=1e3:~~r<200&&(r=200),s.height=r):"link"===t.message&&(r=new URL(s.getAttribute("src")),n=new URL(t.value),c.test(n.protocol))&&n.host===r.host&&l.activeElement===s&&(d.top.location.href=t.value))}},d.addEventListener("message",d.wp.receiveEmbedMessage,!1),l.addEventListener("DOMContentLoaded",function(){for(var e,t,s=l.querySelectorAll("iframe.wp-embedded-content"),r=0;r<s.length;r++)(t=(e=s[r]).getAttribute("data-secret"))||(t=Math.random().toString(36).substring(2,12),e.src+="#?secret="+t,e.setAttribute("data-secret",t)),e.contentWindow.postMessage({message:"ready",secret:t},"*")},!1)))}(window,document);
/* ]]> */
</script>

Un millier de morts en trois jours. Aujourd’hui encore, le nom d’Asaba résonne dans la mémoire des Nigérians comme celui d’un des grands massacres de la guerre du Biafra. Mais plus de 52 ans après, les tenants d’un mémorial digne de ce nom continuent de se battre.
