{"version":"1.0","provider_name":"JusticeInfo.net","provider_url":"https:\/\/www.justiceinfo.net\/fr","title":"Liberia : pourquoi les archives de la CVR restent aux USA","type":"rich","width":600,"height":338,"html":"<blockquote class=\"wp-embedded-content\" data-secret=\"WMqlqRDg1V\"><a href=\"https:\/\/www.justiceinfo.net\/fr\/44507-liberia-pourquoi-archives-cvr-restent-aux-usa.html\">Liberia : pourquoi les archives de la CVR restent aux USA<\/a><\/blockquote><iframe sandbox=\"allow-scripts\" security=\"restricted\" src=\"https:\/\/www.justiceinfo.net\/fr\/44507-liberia-pourquoi-archives-cvr-restent-aux-usa.html\/embed#?secret=WMqlqRDg1V\" width=\"600\" height=\"338\" title=\"\u00ab\u00a0Liberia : pourquoi les archives de la CVR restent aux USA\u00a0\u00bb &#8212; JusticeInfo.net\" data-secret=\"WMqlqRDg1V\" frameborder=\"0\" marginwidth=\"0\" marginheight=\"0\" scrolling=\"no\" class=\"wp-embedded-content\"><\/iframe><script type=\"text\/javascript\">\n\/* <![CDATA[ *\/\n\/*! This file is auto-generated *\/\n!function(d,l){\"use strict\";l.querySelector&&d.addEventListener&&\"undefined\"!=typeof URL&&(d.wp=d.wp||{},d.wp.receiveEmbedMessage||(d.wp.receiveEmbedMessage=function(e){var t=e.data;if((t||t.secret||t.message||t.value)&&!\/[^a-zA-Z0-9]\/.test(t.secret)){for(var s,r,n,a=l.querySelectorAll('iframe[data-secret=\"'+t.secret+'\"]'),o=l.querySelectorAll('blockquote[data-secret=\"'+t.secret+'\"]'),c=new RegExp(\"^https?:$\",\"i\"),i=0;i<o.length;i++)o[i].style.display=\"none\";for(i=0;i<a.length;i++)s=a[i],e.source===s.contentWindow&&(s.removeAttribute(\"style\"),\"height\"===t.message?(1e3<(r=parseInt(t.value,10))?r=1e3:~~r<200&&(r=200),s.height=r):\"link\"===t.message&&(r=new URL(s.getAttribute(\"src\")),n=new URL(t.value),c.test(n.protocol))&&n.host===r.host&&l.activeElement===s&&(d.top.location.href=t.value))}},d.addEventListener(\"message\",d.wp.receiveEmbedMessage,!1),l.addEventListener(\"DOMContentLoaded\",function(){for(var e,t,s=l.querySelectorAll(\"iframe.wp-embedded-content\"),r=0;r<s.length;r++)(t=(e=s[r]).getAttribute(\"data-secret\"))||(t=Math.random().toString(36).substring(2,12),e.src+=\"#?secret=\"+t,e.setAttribute(\"data-secret\",t)),e.contentWindow.postMessage({message:\"ready\",secret:t},\"*\")},!1)))}(window,document);\n\/* ]]> *\/\n<\/script>\n","thumbnail_url":"https:\/\/www.justiceinfo.net\/wp-content\/uploads\/1959470802f65e16f09d255492383da3.jpg","thumbnail_width":1200,"thumbnail_height":800,"description":"Le 1er juillet marquera le onzi\u00e8me anniversaire de la publication du rapport de la Commission v\u00e9rit\u00e9 et r\u00e9conciliation du Liberia. Non seulement ses principales recommandations n'ont pas \u00e9t\u00e9 mises en \u0153uvre, mais ses archives restent \u00e0 l'Institut de technologie de G\u00e9orgie aux \u00c9tats-Unis, hors d\u2019atteinte pour les Lib\u00e9riens."}

Le 1er juillet marquera le onzième anniversaire de la publication du rapport de la Commission vérité et réconciliation du Liberia. Non seulement ses principales recommandations n'ont pas été mises en œuvre, mais ses archives restent à l'Institut de technologie de Géorgie aux États-Unis, hors d’atteinte pour les Libériens.
