{"version":"1.0","provider_name":"JusticeInfo.net","provider_url":"https:\/\/www.justiceinfo.net\/fr","title":"Gambie : la Commission v\u00e9rit\u00e9 plong\u00e9e dans l\u2019incertitude","type":"rich","width":600,"height":338,"html":"<blockquote class=\"wp-embedded-content\" data-secret=\"PScQwEAnfk\"><a href=\"https:\/\/www.justiceinfo.net\/fr\/45302-gambie-commission-verite-plongee-dans-incertitude.html\">Gambie : la Commission v\u00e9rit\u00e9 plong\u00e9e dans l\u2019incertitude<\/a><\/blockquote><iframe sandbox=\"allow-scripts\" security=\"restricted\" src=\"https:\/\/www.justiceinfo.net\/fr\/45302-gambie-commission-verite-plongee-dans-incertitude.html\/embed#?secret=PScQwEAnfk\" width=\"600\" height=\"338\" title=\"\u00ab\u00a0Gambie : la Commission v\u00e9rit\u00e9 plong\u00e9e dans l\u2019incertitude\u00a0\u00bb &#8212; JusticeInfo.net\" data-secret=\"PScQwEAnfk\" frameborder=\"0\" marginwidth=\"0\" marginheight=\"0\" scrolling=\"no\" class=\"wp-embedded-content\"><\/iframe><script type=\"text\/javascript\">\n\/* <![CDATA[ *\/\n\/*! This file is auto-generated *\/\n!function(d,l){\"use strict\";l.querySelector&&d.addEventListener&&\"undefined\"!=typeof URL&&(d.wp=d.wp||{},d.wp.receiveEmbedMessage||(d.wp.receiveEmbedMessage=function(e){var t=e.data;if((t||t.secret||t.message||t.value)&&!\/[^a-zA-Z0-9]\/.test(t.secret)){for(var s,r,n,a=l.querySelectorAll('iframe[data-secret=\"'+t.secret+'\"]'),o=l.querySelectorAll('blockquote[data-secret=\"'+t.secret+'\"]'),c=new RegExp(\"^https?:$\",\"i\"),i=0;i<o.length;i++)o[i].style.display=\"none\";for(i=0;i<a.length;i++)s=a[i],e.source===s.contentWindow&&(s.removeAttribute(\"style\"),\"height\"===t.message?(1e3<(r=parseInt(t.value,10))?r=1e3:~~r<200&&(r=200),s.height=r):\"link\"===t.message&&(r=new URL(s.getAttribute(\"src\")),n=new URL(t.value),c.test(n.protocol))&&n.host===r.host&&l.activeElement===s&&(d.top.location.href=t.value))}},d.addEventListener(\"message\",d.wp.receiveEmbedMessage,!1),l.addEventListener(\"DOMContentLoaded\",function(){for(var e,t,s=l.querySelectorAll(\"iframe.wp-embedded-content\"),r=0;r<s.length;r++)(t=(e=s[r]).getAttribute(\"data-secret\"))||(t=Math.random().toString(36).substring(2,12),e.src+=\"#?secret=\"+t,e.setAttribute(\"data-secret\",t)),e.contentWindow.postMessage({message:\"ready\",secret:t},\"*\")},!1)))}(window,document);\n\/* ]]> *\/\n<\/script>\n","thumbnail_url":"https:\/\/www.justiceinfo.net\/wp-content\/uploads\/1939b891522c9ebb30fcf5f50f90ca30.jpg","thumbnail_width":1200,"thumbnail_height":800,"description":"Tout se d\u00e9roulait comme pr\u00e9vu pour la Commission v\u00e9rit\u00e9, r\u00e9conciliation et r\u00e9parations en Gambie. Jusqu'\u00e0 ce que la pand\u00e9mie de Covid-19 frappe. Le mois dernier, les audiences publiques ont \u00e9t\u00e9 suspendues pour la deuxi\u00e8me fois. Une extension du mandat de la Commission est d\u00e9sormais certaine. Avec le risque que la fin de ses travaux co\u00efncide [&hellip;]"}

Gambie : la Commission vérité plongée dans l’incertitude

<blockquote class="wp-embedded-content" data-secret="PScQwEAnfk"><a href="https://www.justiceinfo.net/fr/45302-gambie-commission-verite-plongee-dans-incertitude.html">Gambie : la Commission vérité plongée dans l’incertitude</a></blockquote><iframe sandbox="allow-scripts" security="restricted" src="https://www.justiceinfo.net/fr/45302-gambie-commission-verite-plongee-dans-incertitude.html/embed#?secret=PScQwEAnfk" width="600" height="338" title="« Gambie : la Commission vérité plongée dans l’incertitude » &#8212; JusticeInfo.net" data-secret="PScQwEAnfk" frameborder="0" marginwidth="0" marginheight="0" scrolling="no" class="wp-embedded-content"></iframe><script type="text/javascript">
/* <![CDATA[ */
/*! This file is auto-generated */
!function(d,l){"use strict";l.querySelector&&d.addEventListener&&"undefined"!=typeof URL&&(d.wp=d.wp||{},d.wp.receiveEmbedMessage||(d.wp.receiveEmbedMessage=function(e){var t=e.data;if((t||t.secret||t.message||t.value)&&!/[^a-zA-Z0-9]/.test(t.secret)){for(var s,r,n,a=l.querySelectorAll('iframe[data-secret="'+t.secret+'"]'),o=l.querySelectorAll('blockquote[data-secret="'+t.secret+'"]'),c=new RegExp("^https?:$","i"),i=0;i<o.length;i++)o[i].style.display="none";for(i=0;i<a.length;i++)s=a[i],e.source===s.contentWindow&&(s.removeAttribute("style"),"height"===t.message?(1e3<(r=parseInt(t.value,10))?r=1e3:~~r<200&&(r=200),s.height=r):"link"===t.message&&(r=new URL(s.getAttribute("src")),n=new URL(t.value),c.test(n.protocol))&&n.host===r.host&&l.activeElement===s&&(d.top.location.href=t.value))}},d.addEventListener("message",d.wp.receiveEmbedMessage,!1),l.addEventListener("DOMContentLoaded",function(){for(var e,t,s=l.querySelectorAll("iframe.wp-embedded-content"),r=0;r<s.length;r++)(t=(e=s[r]).getAttribute("data-secret"))||(t=Math.random().toString(36).substring(2,12),e.src+="#?secret="+t,e.setAttribute("data-secret",t)),e.contentWindow.postMessage({message:"ready",secret:t},"*")},!1)))}(window,document);
/* ]]> */
</script>

Tout se déroulait comme prévu pour la Commission vérité, réconciliation et réparations en Gambie. Jusqu'à ce que la pandémie de Covid-19 frappe. Le mois dernier, les audiences publiques ont été suspendues pour la deuxième fois. Une extension du mandat de la Commission est désormais certaine. Avec le risque que la fin de ses travaux coïncide [&hellip;]
