{"version":"1.0","provider_name":"JusticeInfo.net","provider_url":"https:\/\/www.justiceinfo.net\/fr","title":"Les conflits sociaux, nouveau champ de la justice transitionnelle ?","type":"rich","width":600,"height":338,"html":"<blockquote class=\"wp-embedded-content\" data-secret=\"P7t72vRHzp\"><a href=\"https:\/\/www.justiceinfo.net\/fr\/45624-conflits-sociaux-nouveau-champ-justice-transitionnelle.html\">Les conflits sociaux, nouveau champ de la justice transitionnelle ?<\/a><\/blockquote><iframe sandbox=\"allow-scripts\" security=\"restricted\" src=\"https:\/\/www.justiceinfo.net\/fr\/45624-conflits-sociaux-nouveau-champ-justice-transitionnelle.html\/embed#?secret=P7t72vRHzp\" width=\"600\" height=\"338\" title=\"\u00ab\u00a0Les conflits sociaux, nouveau champ de la justice transitionnelle ?\u00a0\u00bb &#8212; JusticeInfo.net\" data-secret=\"P7t72vRHzp\" frameborder=\"0\" marginwidth=\"0\" marginheight=\"0\" scrolling=\"no\" class=\"wp-embedded-content\"><\/iframe><script type=\"text\/javascript\">\n\/* <![CDATA[ *\/\n\/*! This file is auto-generated *\/\n!function(d,l){\"use strict\";l.querySelector&&d.addEventListener&&\"undefined\"!=typeof URL&&(d.wp=d.wp||{},d.wp.receiveEmbedMessage||(d.wp.receiveEmbedMessage=function(e){var t=e.data;if((t||t.secret||t.message||t.value)&&!\/[^a-zA-Z0-9]\/.test(t.secret)){for(var s,r,n,a=l.querySelectorAll('iframe[data-secret=\"'+t.secret+'\"]'),o=l.querySelectorAll('blockquote[data-secret=\"'+t.secret+'\"]'),c=new RegExp(\"^https?:$\",\"i\"),i=0;i<o.length;i++)o[i].style.display=\"none\";for(i=0;i<a.length;i++)s=a[i],e.source===s.contentWindow&&(s.removeAttribute(\"style\"),\"height\"===t.message?(1e3<(r=parseInt(t.value,10))?r=1e3:~~r<200&&(r=200),s.height=r):\"link\"===t.message&&(r=new URL(s.getAttribute(\"src\")),n=new URL(t.value),c.test(n.protocol))&&n.host===r.host&&l.activeElement===s&&(d.top.location.href=t.value))}},d.addEventListener(\"message\",d.wp.receiveEmbedMessage,!1),l.addEventListener(\"DOMContentLoaded\",function(){for(var e,t,s=l.querySelectorAll(\"iframe.wp-embedded-content\"),r=0;r<s.length;r++)(t=(e=s[r]).getAttribute(\"data-secret\"))||(t=Math.random().toString(36).substring(2,12),e.src+=\"#?secret=\"+t,e.setAttribute(\"data-secret\",t)),e.contentWindow.postMessage({message:\"ready\",secret:t},\"*\")},!1)))}(window,document);\n\/* ]]> *\/\n<\/script>\n","thumbnail_url":"https:\/\/www.justiceinfo.net\/wp-content\/uploads\/bcbb7193d3de82fa6ab794755fa6a391.jpg","thumbnail_width":1200,"thumbnail_height":720,"description":"Soixante-dix ans apr\u00e8s les faits, en France, des mineurs abusivement licenci\u00e9s sont r\u00e9habilit\u00e9s et leurs descendants sont indemnis\u00e9s. De l\u2019autre c\u00f4t\u00e9 de la Manche, le gouvernement \u00e9cossais envisage des excuses publiques aux mineurs condamn\u00e9s durant les grandes gr\u00e8ves des ann\u00e9es 1980. Ces processus de r\u00e9habilitation participent de l\u2019extension de la justice transitionnelle aux violations des [&hellip;]"}

Soixante-dix ans après les faits, en France, des mineurs abusivement licenciés sont réhabilités et leurs descendants sont indemnisés. De l’autre côté de la Manche, le gouvernement écossais envisage des excuses publiques aux mineurs condamnés durant les grandes grèves des années 1980. Ces processus de réhabilitation participent de l’extension de la justice transitionnelle aux violations des [&hellip;]
