{"version":"1.0","provider_name":"JusticeInfo.net","provider_url":"https:\/\/www.justiceinfo.net\/fr","title":"Au Mali, le proc\u00e8s Al Hassan entre crainte et indiff\u00e9rence","type":"rich","width":600,"height":338,"html":"<blockquote class=\"wp-embedded-content\" data-secret=\"8K5rwcpecg\"><a href=\"https:\/\/www.justiceinfo.net\/fr\/45741-mali-proces-al-hassan-crainte-indifference.html\">Au Mali, le proc\u00e8s Al Hassan entre crainte et indiff\u00e9rence<\/a><\/blockquote><iframe sandbox=\"allow-scripts\" security=\"restricted\" src=\"https:\/\/www.justiceinfo.net\/fr\/45741-mali-proces-al-hassan-crainte-indifference.html\/embed#?secret=8K5rwcpecg\" width=\"600\" height=\"338\" title=\"\u00ab\u00a0Au Mali, le proc\u00e8s Al Hassan entre crainte et indiff\u00e9rence\u00a0\u00bb &#8212; JusticeInfo.net\" data-secret=\"8K5rwcpecg\" frameborder=\"0\" marginwidth=\"0\" marginheight=\"0\" scrolling=\"no\" class=\"wp-embedded-content\"><\/iframe><script type=\"text\/javascript\">\n\/* <![CDATA[ *\/\n\/*! This file is auto-generated *\/\n!function(d,l){\"use strict\";l.querySelector&&d.addEventListener&&\"undefined\"!=typeof URL&&(d.wp=d.wp||{},d.wp.receiveEmbedMessage||(d.wp.receiveEmbedMessage=function(e){var t=e.data;if((t||t.secret||t.message||t.value)&&!\/[^a-zA-Z0-9]\/.test(t.secret)){for(var s,r,n,a=l.querySelectorAll('iframe[data-secret=\"'+t.secret+'\"]'),o=l.querySelectorAll('blockquote[data-secret=\"'+t.secret+'\"]'),c=new RegExp(\"^https?:$\",\"i\"),i=0;i<o.length;i++)o[i].style.display=\"none\";for(i=0;i<a.length;i++)s=a[i],e.source===s.contentWindow&&(s.removeAttribute(\"style\"),\"height\"===t.message?(1e3<(r=parseInt(t.value,10))?r=1e3:~~r<200&&(r=200),s.height=r):\"link\"===t.message&&(r=new URL(s.getAttribute(\"src\")),n=new URL(t.value),c.test(n.protocol))&&n.host===r.host&&l.activeElement===s&&(d.top.location.href=t.value))}},d.addEventListener(\"message\",d.wp.receiveEmbedMessage,!1),l.addEventListener(\"DOMContentLoaded\",function(){for(var e,t,s=l.querySelectorAll(\"iframe.wp-embedded-content\"),r=0;r<s.length;r++)(t=(e=s[r]).getAttribute(\"data-secret\"))||(t=Math.random().toString(36).substring(2,12),e.src+=\"#?secret=\"+t,e.setAttribute(\"data-secret\",t)),e.contentWindow.postMessage({message:\"ready\",secret:t},\"*\")},!1)))}(window,document);\n\/* ]]> *\/\n<\/script>\n","thumbnail_url":"https:\/\/www.justiceinfo.net\/wp-content\/uploads\/c7b099ec275f3b2244bc064aaff15819.jpg","thumbnail_width":1200,"thumbnail_height":770,"description":"Les audiences du proc\u00e8s \u00ab\u00a0Al Hassan\u00a0\u00bb ont repris le 13 octobre devant la Cour p\u00e9nale internationale (CPI), \u00e0 La Haye. Alors que la CPI et certaines ONG accordent une importance particuli\u00e8re \u00e0 ce proc\u00e8s, les populations locales, dont celles de Tombouctou o\u00f9 le djihadiste malien et ses hommes sont suspect\u00e9s d\u2019avoir impos\u00e9 un r\u00e9gime de [&hellip;]"}

Au Mali, le procès Al Hassan entre crainte et indifférence

<blockquote class="wp-embedded-content" data-secret="8K5rwcpecg"><a href="https://www.justiceinfo.net/fr/45741-mali-proces-al-hassan-crainte-indifference.html">Au Mali, le procès Al Hassan entre crainte et indifférence</a></blockquote><iframe sandbox="allow-scripts" security="restricted" src="https://www.justiceinfo.net/fr/45741-mali-proces-al-hassan-crainte-indifference.html/embed#?secret=8K5rwcpecg" width="600" height="338" title="« Au Mali, le procès Al Hassan entre crainte et indifférence » &#8212; JusticeInfo.net" data-secret="8K5rwcpecg" frameborder="0" marginwidth="0" marginheight="0" scrolling="no" class="wp-embedded-content"></iframe><script type="text/javascript">
/* <![CDATA[ */
/*! This file is auto-generated */
!function(d,l){"use strict";l.querySelector&&d.addEventListener&&"undefined"!=typeof URL&&(d.wp=d.wp||{},d.wp.receiveEmbedMessage||(d.wp.receiveEmbedMessage=function(e){var t=e.data;if((t||t.secret||t.message||t.value)&&!/[^a-zA-Z0-9]/.test(t.secret)){for(var s,r,n,a=l.querySelectorAll('iframe[data-secret="'+t.secret+'"]'),o=l.querySelectorAll('blockquote[data-secret="'+t.secret+'"]'),c=new RegExp("^https?:$","i"),i=0;i<o.length;i++)o[i].style.display="none";for(i=0;i<a.length;i++)s=a[i],e.source===s.contentWindow&&(s.removeAttribute("style"),"height"===t.message?(1e3<(r=parseInt(t.value,10))?r=1e3:~~r<200&&(r=200),s.height=r):"link"===t.message&&(r=new URL(s.getAttribute("src")),n=new URL(t.value),c.test(n.protocol))&&n.host===r.host&&l.activeElement===s&&(d.top.location.href=t.value))}},d.addEventListener("message",d.wp.receiveEmbedMessage,!1),l.addEventListener("DOMContentLoaded",function(){for(var e,t,s=l.querySelectorAll("iframe.wp-embedded-content"),r=0;r<s.length;r++)(t=(e=s[r]).getAttribute("data-secret"))||(t=Math.random().toString(36).substring(2,12),e.src+="#?secret="+t,e.setAttribute("data-secret",t)),e.contentWindow.postMessage({message:"ready",secret:t},"*")},!1)))}(window,document);
/* ]]> */
</script>

Les audiences du procès « Al Hassan » ont repris le 13 octobre devant la Cour pénale internationale (CPI), à La Haye. Alors que la CPI et certaines ONG accordent une importance particulière à ce procès, les populations locales, dont celles de Tombouctou où le djihadiste malien et ses hommes sont suspectés d’avoir imposé un régime de [&hellip;]
