{"version":"1.0","provider_name":"JusticeInfo.net","provider_url":"https:\/\/www.justiceinfo.net\/fr","title":"En Suisse, les victimes accablent le Lib\u00e9rien Alieu Kosiah","type":"rich","width":600,"height":338,"html":"<blockquote class=\"wp-embedded-content\" data-secret=\"T7PJMSgTay\"><a href=\"https:\/\/www.justiceinfo.net\/fr\/74044-suisse-victimes-accablent-liberien-alieu-kosiah.html\">En Suisse, les victimes accablent le Lib\u00e9rien Alieu Kosiah<\/a><\/blockquote><iframe sandbox=\"allow-scripts\" security=\"restricted\" src=\"https:\/\/www.justiceinfo.net\/fr\/74044-suisse-victimes-accablent-liberien-alieu-kosiah.html\/embed#?secret=T7PJMSgTay\" width=\"600\" height=\"338\" title=\"\u00ab\u00a0En Suisse, les victimes accablent le Lib\u00e9rien Alieu Kosiah\u00a0\u00bb &#8212; JusticeInfo.net\" data-secret=\"T7PJMSgTay\" frameborder=\"0\" marginwidth=\"0\" marginheight=\"0\" scrolling=\"no\" class=\"wp-embedded-content\"><\/iframe><script type=\"text\/javascript\">\n\/* <![CDATA[ *\/\n\/*! This file is auto-generated *\/\n!function(d,l){\"use strict\";l.querySelector&&d.addEventListener&&\"undefined\"!=typeof URL&&(d.wp=d.wp||{},d.wp.receiveEmbedMessage||(d.wp.receiveEmbedMessage=function(e){var t=e.data;if((t||t.secret||t.message||t.value)&&!\/[^a-zA-Z0-9]\/.test(t.secret)){for(var s,r,n,a=l.querySelectorAll('iframe[data-secret=\"'+t.secret+'\"]'),o=l.querySelectorAll('blockquote[data-secret=\"'+t.secret+'\"]'),c=new RegExp(\"^https?:$\",\"i\"),i=0;i<o.length;i++)o[i].style.display=\"none\";for(i=0;i<a.length;i++)s=a[i],e.source===s.contentWindow&&(s.removeAttribute(\"style\"),\"height\"===t.message?(1e3<(r=parseInt(t.value,10))?r=1e3:~~r<200&&(r=200),s.height=r):\"link\"===t.message&&(r=new URL(s.getAttribute(\"src\")),n=new URL(t.value),c.test(n.protocol))&&n.host===r.host&&l.activeElement===s&&(d.top.location.href=t.value))}},d.addEventListener(\"message\",d.wp.receiveEmbedMessage,!1),l.addEventListener(\"DOMContentLoaded\",function(){for(var e,t,s=l.querySelectorAll(\"iframe.wp-embedded-content\"),r=0;r<s.length;r++)(t=(e=s[r]).getAttribute(\"data-secret\"))||(t=Math.random().toString(36).substring(2,12),e.src+=\"#?secret=\"+t,e.setAttribute(\"data-secret\",t)),e.contentWindow.postMessage({message:\"ready\",secret:t},\"*\")},!1)))}(window,document);\n\/* ]]> *\/\n<\/script>\n","thumbnail_url":"https:\/\/www.justiceinfo.net\/wp-content\/uploads\/Liberia-Switzerland_proces-Alieu-Kosiah-avocat-Alain-Wener_@Leslie-Lumeh.jpg","thumbnail_width":1200,"thumbnail_height":878,"description":"Le proc\u00e8s d\u2019Alieu Kosiah, accus\u00e9 de crimes de guerre et de crimes contre l\u2019humanit\u00e9, a repris le 15 f\u00e9vrier en Suisse italienne. Six des sept parties plaignantes se sont succ\u00e9d\u00e9es \u00e0 la barre pour raconter les crimes commis, selon elles, par l\u2019ancien commandant rebelle lib\u00e9rien et ses hommes, au d\u00e9but des ann\u00e9es 90 au Liberia. [&hellip;]"}

En Suisse, les victimes accablent le Libérien Alieu Kosiah

<blockquote class="wp-embedded-content" data-secret="T7PJMSgTay"><a href="https://www.justiceinfo.net/fr/74044-suisse-victimes-accablent-liberien-alieu-kosiah.html">En Suisse, les victimes accablent le Libérien Alieu Kosiah</a></blockquote><iframe sandbox="allow-scripts" security="restricted" src="https://www.justiceinfo.net/fr/74044-suisse-victimes-accablent-liberien-alieu-kosiah.html/embed#?secret=T7PJMSgTay" width="600" height="338" title="« En Suisse, les victimes accablent le Libérien Alieu Kosiah » &#8212; JusticeInfo.net" data-secret="T7PJMSgTay" frameborder="0" marginwidth="0" marginheight="0" scrolling="no" class="wp-embedded-content"></iframe><script type="text/javascript">
/* <![CDATA[ */
/*! This file is auto-generated */
!function(d,l){"use strict";l.querySelector&&d.addEventListener&&"undefined"!=typeof URL&&(d.wp=d.wp||{},d.wp.receiveEmbedMessage||(d.wp.receiveEmbedMessage=function(e){var t=e.data;if((t||t.secret||t.message||t.value)&&!/[^a-zA-Z0-9]/.test(t.secret)){for(var s,r,n,a=l.querySelectorAll('iframe[data-secret="'+t.secret+'"]'),o=l.querySelectorAll('blockquote[data-secret="'+t.secret+'"]'),c=new RegExp("^https?:$","i"),i=0;i<o.length;i++)o[i].style.display="none";for(i=0;i<a.length;i++)s=a[i],e.source===s.contentWindow&&(s.removeAttribute("style"),"height"===t.message?(1e3<(r=parseInt(t.value,10))?r=1e3:~~r<200&&(r=200),s.height=r):"link"===t.message&&(r=new URL(s.getAttribute("src")),n=new URL(t.value),c.test(n.protocol))&&n.host===r.host&&l.activeElement===s&&(d.top.location.href=t.value))}},d.addEventListener("message",d.wp.receiveEmbedMessage,!1),l.addEventListener("DOMContentLoaded",function(){for(var e,t,s=l.querySelectorAll("iframe.wp-embedded-content"),r=0;r<s.length;r++)(t=(e=s[r]).getAttribute("data-secret"))||(t=Math.random().toString(36).substring(2,12),e.src+="#?secret="+t,e.setAttribute("data-secret",t)),e.contentWindow.postMessage({message:"ready",secret:t},"*")},!1)))}(window,document);
/* ]]> */
</script>

Le procès d’Alieu Kosiah, accusé de crimes de guerre et de crimes contre l’humanité, a repris le 15 février en Suisse italienne. Six des sept parties plaignantes se sont succédées à la barre pour raconter les crimes commis, selon elles, par l’ancien commandant rebelle libérien et ses hommes, au début des années 90 au Liberia. [&hellip;]
