{"version":"1.0","provider_name":"JusticeInfo.net","provider_url":"https:\/\/www.justiceinfo.net\/fr","title":"Gambie : la justice de Jammeh et les ombres de Bensouda","type":"rich","width":600,"height":338,"html":"<blockquote class=\"wp-embedded-content\" data-secret=\"LZxVsI7pow\"><a href=\"https:\/\/www.justiceinfo.net\/fr\/77188-gambie-justice-jammeh-ombres-bensouda.html\">Gambie : la justice de Jammeh et les ombres de Bensouda<\/a><\/blockquote><iframe sandbox=\"allow-scripts\" security=\"restricted\" src=\"https:\/\/www.justiceinfo.net\/fr\/77188-gambie-justice-jammeh-ombres-bensouda.html\/embed#?secret=LZxVsI7pow\" width=\"600\" height=\"338\" title=\"\u00ab\u00a0Gambie : la justice de Jammeh et les ombres de Bensouda\u00a0\u00bb &#8212; JusticeInfo.net\" data-secret=\"LZxVsI7pow\" frameborder=\"0\" marginwidth=\"0\" marginheight=\"0\" scrolling=\"no\" class=\"wp-embedded-content\"><\/iframe><script type=\"text\/javascript\">\n\/* <![CDATA[ *\/\n\/*! This file is auto-generated *\/\n!function(d,l){\"use strict\";l.querySelector&&d.addEventListener&&\"undefined\"!=typeof URL&&(d.wp=d.wp||{},d.wp.receiveEmbedMessage||(d.wp.receiveEmbedMessage=function(e){var t=e.data;if((t||t.secret||t.message||t.value)&&!\/[^a-zA-Z0-9]\/.test(t.secret)){for(var s,r,n,a=l.querySelectorAll('iframe[data-secret=\"'+t.secret+'\"]'),o=l.querySelectorAll('blockquote[data-secret=\"'+t.secret+'\"]'),c=new RegExp(\"^https?:$\",\"i\"),i=0;i<o.length;i++)o[i].style.display=\"none\";for(i=0;i<a.length;i++)s=a[i],e.source===s.contentWindow&&(s.removeAttribute(\"style\"),\"height\"===t.message?(1e3<(r=parseInt(t.value,10))?r=1e3:~~r<200&&(r=200),s.height=r):\"link\"===t.message&&(r=new URL(s.getAttribute(\"src\")),n=new URL(t.value),c.test(n.protocol))&&n.host===r.host&&l.activeElement===s&&(d.top.location.href=t.value))}},d.addEventListener(\"message\",d.wp.receiveEmbedMessage,!1),l.addEventListener(\"DOMContentLoaded\",function(){for(var e,t,s=l.querySelectorAll(\"iframe.wp-embedded-content\"),r=0;r<s.length;r++)(t=(e=s[r]).getAttribute(\"data-secret\"))||(t=Math.random().toString(36).substring(2,12),e.src+=\"#?secret=\"+t,e.setAttribute(\"data-secret\",t)),e.contentWindow.postMessage({message:\"ready\",secret:t},\"*\")},!1)))}(window,document);\n\/* ]]> *\/\n<\/script>\n","thumbnail_url":"https:\/\/www.justiceinfo.net\/wp-content\/uploads\/Gambia_TRRC-Fatou-Bensouda-shadow_@Romain-Chanson-AFP.jpg","thumbnail_width":1200,"thumbnail_height":800,"description":"Cette semaine, en Gambie, la Commission v\u00e9rit\u00e9 finit d'interroger les hommes et les femmes de loi qui ont contribu\u00e9 \u00e0 \u00e9tablir et \u00e0 p\u00e9renniser la dictature de Yahya Jammeh, sans toutefois avoir convoqu\u00e9 certains t\u00e9moins parmi les plus int\u00e9ressants. L'un d\u2019eux n\u2019est autre que la procureure sortante de la Cour p\u00e9nale internationale, Fatou Bensouda."}

Cette semaine, en Gambie, la Commission vérité finit d'interroger les hommes et les femmes de loi qui ont contribué à établir et à pérenniser la dictature de Yahya Jammeh, sans toutefois avoir convoqué certains témoins parmi les plus intéressants. L'un d’eux n’est autre que la procureure sortante de la Cour pénale internationale, Fatou Bensouda.
