{"version":"1.0","provider_name":"JusticeInfo.net","provider_url":"https:\/\/www.justiceinfo.net\/fr","title":"Pourquoi la Colombie est une pionni\u00e8re de la justice r\u00e9paratrice","type":"rich","width":600,"height":338,"html":"<blockquote class=\"wp-embedded-content\" data-secret=\"IgVh8u6na1\"><a href=\"https:\/\/www.justiceinfo.net\/fr\/77473-pourquoi-colombie-pionniere-justice-reparatrice.html\">Pourquoi la Colombie est une pionni\u00e8re de la justice r\u00e9paratrice<\/a><\/blockquote><iframe sandbox=\"allow-scripts\" security=\"restricted\" src=\"https:\/\/www.justiceinfo.net\/fr\/77473-pourquoi-colombie-pionniere-justice-reparatrice.html\/embed#?secret=IgVh8u6na1\" width=\"600\" height=\"338\" title=\"\u00ab\u00a0Pourquoi la Colombie est une pionni\u00e8re de la justice r\u00e9paratrice\u00a0\u00bb &#8212; JusticeInfo.net\" data-secret=\"IgVh8u6na1\" frameborder=\"0\" marginwidth=\"0\" marginheight=\"0\" scrolling=\"no\" class=\"wp-embedded-content\"><\/iframe><script type=\"text\/javascript\">\n\/* <![CDATA[ *\/\n\/*! This file is auto-generated *\/\n!function(d,l){\"use strict\";l.querySelector&&d.addEventListener&&\"undefined\"!=typeof URL&&(d.wp=d.wp||{},d.wp.receiveEmbedMessage||(d.wp.receiveEmbedMessage=function(e){var t=e.data;if((t||t.secret||t.message||t.value)&&!\/[^a-zA-Z0-9]\/.test(t.secret)){for(var s,r,n,a=l.querySelectorAll('iframe[data-secret=\"'+t.secret+'\"]'),o=l.querySelectorAll('blockquote[data-secret=\"'+t.secret+'\"]'),c=new RegExp(\"^https?:$\",\"i\"),i=0;i<o.length;i++)o[i].style.display=\"none\";for(i=0;i<a.length;i++)s=a[i],e.source===s.contentWindow&&(s.removeAttribute(\"style\"),\"height\"===t.message?(1e3<(r=parseInt(t.value,10))?r=1e3:~~r<200&&(r=200),s.height=r):\"link\"===t.message&&(r=new URL(s.getAttribute(\"src\")),n=new URL(t.value),c.test(n.protocol))&&n.host===r.host&&l.activeElement===s&&(d.top.location.href=t.value))}},d.addEventListener(\"message\",d.wp.receiveEmbedMessage,!1),l.addEventListener(\"DOMContentLoaded\",function(){for(var e,t,s=l.querySelectorAll(\"iframe.wp-embedded-content\"),r=0;r<s.length;r++)(t=(e=s[r]).getAttribute(\"data-secret\"))||(t=Math.random().toString(36).substring(2,12),e.src+=\"#?secret=\"+t,e.setAttribute(\"data-secret\",t)),e.contentWindow.postMessage({message:\"ready\",secret:t},\"*\")},!1)))}(window,document);\n\/* ]]> *\/\n<\/script>\n","thumbnail_url":"https:\/\/www.justiceinfo.net\/wp-content\/uploads\/Colombia_JEP-victims_@Jurisdiccion-Especial-para-la-Paz.jpg","thumbnail_width":1000,"thumbnail_height":667,"description":"La Colombie, d\u00e9j\u00e0 bien engag\u00e9e sur une voie innovante de la justice transitionnelle, met la justice r\u00e9paratrice \u00e0 l'\u00e9preuve. La question est de savoir dans quelle mesure cette approche sera accueillie afin que non seulement les victimes et les auteurs de crimes, mais aussi l'ensemble de la soci\u00e9t\u00e9, puissent aller vers la paix et la r\u00e9conciliation. L'avocate colombienne Mary de Libertad Diaz Marquez rappelle qu'avant tout, l'un des principaux objectifs est de fournir aux victimes et aux auteurs les conditions n\u00e9cessaires pour r\u00e9parer les relations bris\u00e9es entre eux et leurs communaut\u00e9s."}

Pourquoi la Colombie est une pionnière de la justice réparatrice

<blockquote class="wp-embedded-content" data-secret="IgVh8u6na1"><a href="https://www.justiceinfo.net/fr/77473-pourquoi-colombie-pionniere-justice-reparatrice.html">Pourquoi la Colombie est une pionnière de la justice réparatrice</a></blockquote><iframe sandbox="allow-scripts" security="restricted" src="https://www.justiceinfo.net/fr/77473-pourquoi-colombie-pionniere-justice-reparatrice.html/embed#?secret=IgVh8u6na1" width="600" height="338" title="« Pourquoi la Colombie est une pionnière de la justice réparatrice » &#8212; JusticeInfo.net" data-secret="IgVh8u6na1" frameborder="0" marginwidth="0" marginheight="0" scrolling="no" class="wp-embedded-content"></iframe><script type="text/javascript">
/* <![CDATA[ */
/*! This file is auto-generated */
!function(d,l){"use strict";l.querySelector&&d.addEventListener&&"undefined"!=typeof URL&&(d.wp=d.wp||{},d.wp.receiveEmbedMessage||(d.wp.receiveEmbedMessage=function(e){var t=e.data;if((t||t.secret||t.message||t.value)&&!/[^a-zA-Z0-9]/.test(t.secret)){for(var s,r,n,a=l.querySelectorAll('iframe[data-secret="'+t.secret+'"]'),o=l.querySelectorAll('blockquote[data-secret="'+t.secret+'"]'),c=new RegExp("^https?:$","i"),i=0;i<o.length;i++)o[i].style.display="none";for(i=0;i<a.length;i++)s=a[i],e.source===s.contentWindow&&(s.removeAttribute("style"),"height"===t.message?(1e3<(r=parseInt(t.value,10))?r=1e3:~~r<200&&(r=200),s.height=r):"link"===t.message&&(r=new URL(s.getAttribute("src")),n=new URL(t.value),c.test(n.protocol))&&n.host===r.host&&l.activeElement===s&&(d.top.location.href=t.value))}},d.addEventListener("message",d.wp.receiveEmbedMessage,!1),l.addEventListener("DOMContentLoaded",function(){for(var e,t,s=l.querySelectorAll("iframe.wp-embedded-content"),r=0;r<s.length;r++)(t=(e=s[r]).getAttribute("data-secret"))||(t=Math.random().toString(36).substring(2,12),e.src+="#?secret="+t,e.setAttribute("data-secret",t)),e.contentWindow.postMessage({message:"ready",secret:t},"*")},!1)))}(window,document);
/* ]]> */
</script>

La Colombie, déjà bien engagée sur une voie innovante de la justice transitionnelle, met la justice réparatrice à l'épreuve. La question est de savoir dans quelle mesure cette approche sera accueillie afin que non seulement les victimes et les auteurs de crimes, mais aussi l'ensemble de la société, puissent aller vers la paix et la réconciliation. L'avocate colombienne Mary de Libertad Diaz Marquez rappelle qu'avant tout, l'un des principaux objectifs est de fournir aux victimes et aux auteurs les conditions nécessaires pour réparer les relations brisées entre eux et leurs communautés.
