{"version":"1.0","provider_name":"JusticeInfo.net","provider_url":"https:\/\/www.justiceinfo.net\/fr","title":"Commission sur le pass\u00e9 colonial belge : fin de la mission des experts","type":"rich","width":600,"height":338,"html":"<blockquote class=\"wp-embedded-content\" data-secret=\"eijSwLOeqr\"><a href=\"https:\/\/www.justiceinfo.net\/fr\/79840-commission-passe-colonial-belge-fin-mission-experts.html\">Commission sur le pass\u00e9 colonial belge : fin de la mission des experts<\/a><\/blockquote><iframe sandbox=\"allow-scripts\" security=\"restricted\" src=\"https:\/\/www.justiceinfo.net\/fr\/79840-commission-passe-colonial-belge-fin-mission-experts.html\/embed#?secret=eijSwLOeqr\" width=\"600\" height=\"338\" title=\"\u00ab\u00a0Commission sur le pass\u00e9 colonial belge : fin de la mission des experts\u00a0\u00bb &#8212; JusticeInfo.net\" data-secret=\"eijSwLOeqr\" frameborder=\"0\" marginwidth=\"0\" marginheight=\"0\" scrolling=\"no\" class=\"wp-embedded-content\"><\/iframe><script type=\"text\/javascript\">\n\/* <![CDATA[ *\/\n\/*! This file is auto-generated *\/\n!function(d,l){\"use strict\";l.querySelector&&d.addEventListener&&\"undefined\"!=typeof URL&&(d.wp=d.wp||{},d.wp.receiveEmbedMessage||(d.wp.receiveEmbedMessage=function(e){var t=e.data;if((t||t.secret||t.message||t.value)&&!\/[^a-zA-Z0-9]\/.test(t.secret)){for(var s,r,n,a=l.querySelectorAll('iframe[data-secret=\"'+t.secret+'\"]'),o=l.querySelectorAll('blockquote[data-secret=\"'+t.secret+'\"]'),c=new RegExp(\"^https?:$\",\"i\"),i=0;i<o.length;i++)o[i].style.display=\"none\";for(i=0;i<a.length;i++)s=a[i],e.source===s.contentWindow&&(s.removeAttribute(\"style\"),\"height\"===t.message?(1e3<(r=parseInt(t.value,10))?r=1e3:~~r<200&&(r=200),s.height=r):\"link\"===t.message&&(r=new URL(s.getAttribute(\"src\")),n=new URL(t.value),c.test(n.protocol))&&n.host===r.host&&l.activeElement===s&&(d.top.location.href=t.value))}},d.addEventListener(\"message\",d.wp.receiveEmbedMessage,!1),l.addEventListener(\"DOMContentLoaded\",function(){for(var e,t,s=l.querySelectorAll(\"iframe.wp-embedded-content\"),r=0;r<s.length;r++)(t=(e=s[r]).getAttribute(\"data-secret\"))||(t=Math.random().toString(36).substring(2,12),e.src+=\"#?secret=\"+t,e.setAttribute(\"data-secret\",t)),e.contentWindow.postMessage({message:\"ready\",secret:t},\"*\")},!1)))}(window,document);\n\/* ]]> *\/\n<\/script>\n","thumbnail_url":"https:\/\/www.justiceinfo.net\/wp-content\/uploads\/Statue-du-Roi-des-Belges-Leopold-II-vandalisee-telechargee-scaled-e1626331907537.jpg","thumbnail_width":1200,"thumbnail_height":844,"description":"Ce ne devait \u00eatre qu'un travail pr\u00e9liminaire de deux ou trois mois. Il aura dur\u00e9 un an. La dizaine d'experts, nomm\u00e9s par la Commission sp\u00e9ciale sur le pass\u00e9 colonial belge, doit tracer les grandes lignes de cette p\u00e9riode de l'histoire, identifier les zones d'ombres qui persistent et donner des pistes pour un processus de r\u00e9conciliation. Leur rapport est en cours de traduction. Il sera d\u00e9voil\u00e9 en septembre."}

Commission sur le passé colonial belge : fin de la mission des experts

<blockquote class="wp-embedded-content" data-secret="eijSwLOeqr"><a href="https://www.justiceinfo.net/fr/79840-commission-passe-colonial-belge-fin-mission-experts.html">Commission sur le passé colonial belge : fin de la mission des experts</a></blockquote><iframe sandbox="allow-scripts" security="restricted" src="https://www.justiceinfo.net/fr/79840-commission-passe-colonial-belge-fin-mission-experts.html/embed#?secret=eijSwLOeqr" width="600" height="338" title="« Commission sur le passé colonial belge : fin de la mission des experts » &#8212; JusticeInfo.net" data-secret="eijSwLOeqr" frameborder="0" marginwidth="0" marginheight="0" scrolling="no" class="wp-embedded-content"></iframe><script type="text/javascript">
/* <![CDATA[ */
/*! This file is auto-generated */
!function(d,l){"use strict";l.querySelector&&d.addEventListener&&"undefined"!=typeof URL&&(d.wp=d.wp||{},d.wp.receiveEmbedMessage||(d.wp.receiveEmbedMessage=function(e){var t=e.data;if((t||t.secret||t.message||t.value)&&!/[^a-zA-Z0-9]/.test(t.secret)){for(var s,r,n,a=l.querySelectorAll('iframe[data-secret="'+t.secret+'"]'),o=l.querySelectorAll('blockquote[data-secret="'+t.secret+'"]'),c=new RegExp("^https?:$","i"),i=0;i<o.length;i++)o[i].style.display="none";for(i=0;i<a.length;i++)s=a[i],e.source===s.contentWindow&&(s.removeAttribute("style"),"height"===t.message?(1e3<(r=parseInt(t.value,10))?r=1e3:~~r<200&&(r=200),s.height=r):"link"===t.message&&(r=new URL(s.getAttribute("src")),n=new URL(t.value),c.test(n.protocol))&&n.host===r.host&&l.activeElement===s&&(d.top.location.href=t.value))}},d.addEventListener("message",d.wp.receiveEmbedMessage,!1),l.addEventListener("DOMContentLoaded",function(){for(var e,t,s=l.querySelectorAll("iframe.wp-embedded-content"),r=0;r<s.length;r++)(t=(e=s[r]).getAttribute("data-secret"))||(t=Math.random().toString(36).substring(2,12),e.src+="#?secret="+t,e.setAttribute("data-secret",t)),e.contentWindow.postMessage({message:"ready",secret:t},"*")},!1)))}(window,document);
/* ]]> */
</script>

Ce ne devait être qu'un travail préliminaire de deux ou trois mois. Il aura duré un an. La dizaine d'experts, nommés par la Commission spéciale sur le passé colonial belge, doit tracer les grandes lignes de cette période de l'histoire, identifier les zones d'ombres qui persistent et donner des pistes pour un processus de réconciliation. Leur rapport est en cours de traduction. Il sera dévoilé en septembre.
