{"version":"1.0","provider_name":"JusticeInfo.net","provider_url":"https:\/\/www.justiceinfo.net\/fr","title":"Tunisie : la justice transitionnelle retient son souffle","type":"rich","width":600,"height":338,"html":"<blockquote class=\"wp-embedded-content\" data-secret=\"a4zg8wM3XG\"><a href=\"https:\/\/www.justiceinfo.net\/fr\/82331-tunisie-justice-transitionnelle-retient-son-souffle.html\">Tunisie : la justice transitionnelle retient son souffle<\/a><\/blockquote><iframe sandbox=\"allow-scripts\" security=\"restricted\" src=\"https:\/\/www.justiceinfo.net\/fr\/82331-tunisie-justice-transitionnelle-retient-son-souffle.html\/embed#?secret=a4zg8wM3XG\" width=\"600\" height=\"338\" title=\"\u00ab\u00a0Tunisie : la justice transitionnelle retient son souffle\u00a0\u00bb &#8212; JusticeInfo.net\" data-secret=\"a4zg8wM3XG\" frameborder=\"0\" marginwidth=\"0\" marginheight=\"0\" scrolling=\"no\" class=\"wp-embedded-content\"><\/iframe><script type=\"text\/javascript\">\n\/* <![CDATA[ *\/\n\/*! This file is auto-generated *\/\n!function(d,l){\"use strict\";l.querySelector&&d.addEventListener&&\"undefined\"!=typeof URL&&(d.wp=d.wp||{},d.wp.receiveEmbedMessage||(d.wp.receiveEmbedMessage=function(e){var t=e.data;if((t||t.secret||t.message||t.value)&&!\/[^a-zA-Z0-9]\/.test(t.secret)){for(var s,r,n,a=l.querySelectorAll('iframe[data-secret=\"'+t.secret+'\"]'),o=l.querySelectorAll('blockquote[data-secret=\"'+t.secret+'\"]'),c=new RegExp(\"^https?:$\",\"i\"),i=0;i<o.length;i++)o[i].style.display=\"none\";for(i=0;i<a.length;i++)s=a[i],e.source===s.contentWindow&&(s.removeAttribute(\"style\"),\"height\"===t.message?(1e3<(r=parseInt(t.value,10))?r=1e3:~~r<200&&(r=200),s.height=r):\"link\"===t.message&&(r=new URL(s.getAttribute(\"src\")),n=new URL(t.value),c.test(n.protocol))&&n.host===r.host&&l.activeElement===s&&(d.top.location.href=t.value))}},d.addEventListener(\"message\",d.wp.receiveEmbedMessage,!1),l.addEventListener(\"DOMContentLoaded\",function(){for(var e,t,s=l.querySelectorAll(\"iframe.wp-embedded-content\"),r=0;r<s.length;r++)(t=(e=s[r]).getAttribute(\"data-secret\"))||(t=Math.random().toString(36).substring(2,12),e.src+=\"#?secret=\"+t,e.setAttribute(\"data-secret\",t)),e.contentWindow.postMessage({message:\"ready\",secret:t},\"*\")},!1)))}(window,document);\n\/* ]]> *\/\n<\/script>\n","thumbnail_url":"https:\/\/www.justiceinfo.net\/wp-content\/uploads\/Tunisie_Kais-Saied-dissolution-parlement-gouvernement_@Fethi-Belaid-AFP.jpg","thumbnail_width":1200,"thumbnail_height":803,"description":"Fin ao\u00fbt, le pr\u00e9sident tunisien Ka\u00efs Sa\u00efed a prolong\u00e9 les pleins pouvoirs qu\u2019il s\u2019\u00e9tait arrog\u00e9s lors de son coup de force du 25 juillet. Depuis, le pays est suspendu \u00e0 la formation promise d\u2019un nouveau gouvernement, et l\u2019avenir de la justice transitionnelle est, lui aussi, mis en suspens."}

Fin août, le président tunisien Kaïs Saïed a prolongé les pleins pouvoirs qu’il s’était arrogés lors de son coup de force du 25 juillet. Depuis, le pays est suspendu à la formation promise d’un nouveau gouvernement, et l’avenir de la justice transitionnelle est, lui aussi, mis en suspens.
