{"version":"1.0","provider_name":"JusticeInfo.net","provider_url":"https:\/\/www.justiceinfo.net\/fr","title":"Justice pour les crimes culturels : le\u00e7ons du Canada","type":"rich","width":600,"height":338,"html":"<blockquote class=\"wp-embedded-content\" data-secret=\"CRFodB2j87\"><a href=\"https:\/\/www.justiceinfo.net\/fr\/84381-justice-crimes-culturels-lecons-canada.html\">Justice pour les crimes culturels : le\u00e7ons du Canada<\/a><\/blockquote><iframe sandbox=\"allow-scripts\" security=\"restricted\" src=\"https:\/\/www.justiceinfo.net\/fr\/84381-justice-crimes-culturels-lecons-canada.html\/embed#?secret=CRFodB2j87\" width=\"600\" height=\"338\" title=\"\u00ab\u00a0Justice pour les crimes culturels : le\u00e7ons du Canada\u00a0\u00bb &#8212; JusticeInfo.net\" data-secret=\"CRFodB2j87\" frameborder=\"0\" marginwidth=\"0\" marginheight=\"0\" scrolling=\"no\" class=\"wp-embedded-content\"><\/iframe><script type=\"text\/javascript\">\n\/* <![CDATA[ *\/\n\/*! This file is auto-generated *\/\n!function(d,l){\"use strict\";l.querySelector&&d.addEventListener&&\"undefined\"!=typeof URL&&(d.wp=d.wp||{},d.wp.receiveEmbedMessage||(d.wp.receiveEmbedMessage=function(e){var t=e.data;if((t||t.secret||t.message||t.value)&&!\/[^a-zA-Z0-9]\/.test(t.secret)){for(var s,r,n,a=l.querySelectorAll('iframe[data-secret=\"'+t.secret+'\"]'),o=l.querySelectorAll('blockquote[data-secret=\"'+t.secret+'\"]'),c=new RegExp(\"^https?:$\",\"i\"),i=0;i<o.length;i++)o[i].style.display=\"none\";for(i=0;i<a.length;i++)s=a[i],e.source===s.contentWindow&&(s.removeAttribute(\"style\"),\"height\"===t.message?(1e3<(r=parseInt(t.value,10))?r=1e3:~~r<200&&(r=200),s.height=r):\"link\"===t.message&&(r=new URL(s.getAttribute(\"src\")),n=new URL(t.value),c.test(n.protocol))&&n.host===r.host&&l.activeElement===s&&(d.top.location.href=t.value))}},d.addEventListener(\"message\",d.wp.receiveEmbedMessage,!1),l.addEventListener(\"DOMContentLoaded\",function(){for(var e,t,s=l.querySelectorAll(\"iframe.wp-embedded-content\"),r=0;r<s.length;r++)(t=(e=s[r]).getAttribute(\"data-secret\"))||(t=Math.random().toString(36).substring(2,12),e.src+=\"#?secret=\"+t,e.setAttribute(\"data-secret\",t)),e.contentWindow.postMessage({message:\"ready\",secret:t},\"*\")},!1)))}(window,document);\n\/* ]]> *\/\n<\/script>\n","thumbnail_url":"https:\/\/www.justiceinfo.net\/wp-content\/uploads\/Canada_indigenous-residential-schools_@Liam-Richards-Pool-AFP.jpg","thumbnail_width":1200,"thumbnail_height":800,"description":"La d\u00e9couverte r\u00e9cente de fosses communes dans d'anciens pensionnats canadiens a relanc\u00e9 le d\u00e9bat sur la r\u00e9ponse \u00e0 apporter \u00e0 la r\u00e9paration des crimes commis contre les peuples autochtones. Selon la chercheuse Chandni Dhingra, les divers m\u00e9canismes de justice transitionnelle mis en place n'ont pas suffisamment r\u00e9pondu aux pr\u00e9judices culturels subis."}

Justice pour les crimes culturels : leçons du Canada

<blockquote class="wp-embedded-content" data-secret="CRFodB2j87"><a href="https://www.justiceinfo.net/fr/84381-justice-crimes-culturels-lecons-canada.html">Justice pour les crimes culturels : leçons du Canada</a></blockquote><iframe sandbox="allow-scripts" security="restricted" src="https://www.justiceinfo.net/fr/84381-justice-crimes-culturels-lecons-canada.html/embed#?secret=CRFodB2j87" width="600" height="338" title="« Justice pour les crimes culturels : leçons du Canada » &#8212; JusticeInfo.net" data-secret="CRFodB2j87" frameborder="0" marginwidth="0" marginheight="0" scrolling="no" class="wp-embedded-content"></iframe><script type="text/javascript">
/* <![CDATA[ */
/*! This file is auto-generated */
!function(d,l){"use strict";l.querySelector&&d.addEventListener&&"undefined"!=typeof URL&&(d.wp=d.wp||{},d.wp.receiveEmbedMessage||(d.wp.receiveEmbedMessage=function(e){var t=e.data;if((t||t.secret||t.message||t.value)&&!/[^a-zA-Z0-9]/.test(t.secret)){for(var s,r,n,a=l.querySelectorAll('iframe[data-secret="'+t.secret+'"]'),o=l.querySelectorAll('blockquote[data-secret="'+t.secret+'"]'),c=new RegExp("^https?:$","i"),i=0;i<o.length;i++)o[i].style.display="none";for(i=0;i<a.length;i++)s=a[i],e.source===s.contentWindow&&(s.removeAttribute("style"),"height"===t.message?(1e3<(r=parseInt(t.value,10))?r=1e3:~~r<200&&(r=200),s.height=r):"link"===t.message&&(r=new URL(s.getAttribute("src")),n=new URL(t.value),c.test(n.protocol))&&n.host===r.host&&l.activeElement===s&&(d.top.location.href=t.value))}},d.addEventListener("message",d.wp.receiveEmbedMessage,!1),l.addEventListener("DOMContentLoaded",function(){for(var e,t,s=l.querySelectorAll("iframe.wp-embedded-content"),r=0;r<s.length;r++)(t=(e=s[r]).getAttribute("data-secret"))||(t=Math.random().toString(36).substring(2,12),e.src+="#?secret="+t,e.setAttribute("data-secret",t)),e.contentWindow.postMessage({message:"ready",secret:t},"*")},!1)))}(window,document);
/* ]]> */
</script>

La découverte récente de fosses communes dans d'anciens pensionnats canadiens a relancé le débat sur la réponse à apporter à la réparation des crimes commis contre les peuples autochtones. Selon la chercheuse Chandni Dhingra, les divers mécanismes de justice transitionnelle mis en place n'ont pas suffisamment répondu aux préjudices culturels subis.
