{"version":"1.0","provider_name":"JusticeInfo.net","provider_url":"https:\/\/www.justiceinfo.net\/fr","title":"Quand l\u2019Argentine vient au secours des Rohingyas de Myanmar","type":"rich","width":600,"height":338,"html":"<blockquote class=\"wp-embedded-content\" data-secret=\"RMtVAAXRta\"><a href=\"https:\/\/www.justiceinfo.net\/fr\/85367-argentine-secours-rohingyas-myanmar.html\">Quand l\u2019Argentine vient au secours des Rohingyas de Myanmar<\/a><\/blockquote><iframe sandbox=\"allow-scripts\" security=\"restricted\" src=\"https:\/\/www.justiceinfo.net\/fr\/85367-argentine-secours-rohingyas-myanmar.html\/embed#?secret=RMtVAAXRta\" width=\"600\" height=\"338\" title=\"\u00ab\u00a0Quand l\u2019Argentine vient au secours des Rohingyas de Myanmar\u00a0\u00bb &#8212; JusticeInfo.net\" data-secret=\"RMtVAAXRta\" frameborder=\"0\" marginwidth=\"0\" marginheight=\"0\" scrolling=\"no\" class=\"wp-embedded-content\"><\/iframe><script type=\"text\/javascript\">\n\/* <![CDATA[ *\/\n\/*! This file is auto-generated *\/\n!function(d,l){\"use strict\";l.querySelector&&d.addEventListener&&\"undefined\"!=typeof URL&&(d.wp=d.wp||{},d.wp.receiveEmbedMessage||(d.wp.receiveEmbedMessage=function(e){var t=e.data;if((t||t.secret||t.message||t.value)&&!\/[^a-zA-Z0-9]\/.test(t.secret)){for(var s,r,n,a=l.querySelectorAll('iframe[data-secret=\"'+t.secret+'\"]'),o=l.querySelectorAll('blockquote[data-secret=\"'+t.secret+'\"]'),c=new RegExp(\"^https?:$\",\"i\"),i=0;i<o.length;i++)o[i].style.display=\"none\";for(i=0;i<a.length;i++)s=a[i],e.source===s.contentWindow&&(s.removeAttribute(\"style\"),\"height\"===t.message?(1e3<(r=parseInt(t.value,10))?r=1e3:~~r<200&&(r=200),s.height=r):\"link\"===t.message&&(r=new URL(s.getAttribute(\"src\")),n=new URL(t.value),c.test(n.protocol))&&n.host===r.host&&l.activeElement===s&&(d.top.location.href=t.value))}},d.addEventListener(\"message\",d.wp.receiveEmbedMessage,!1),l.addEventListener(\"DOMContentLoaded\",function(){for(var e,t,s=l.querySelectorAll(\"iframe.wp-embedded-content\"),r=0;r<s.length;r++)(t=(e=s[r]).getAttribute(\"data-secret\"))||(t=Math.random().toString(36).substring(2,12),e.src+=\"#?secret=\"+t,e.setAttribute(\"data-secret\",t)),e.contentWindow.postMessage({message:\"ready\",secret:t},\"*\")},!1)))}(window,document);\n\/* ]]> *\/\n<\/script>\n","thumbnail_url":"https:\/\/www.justiceinfo.net\/wp-content\/uploads\/Argentina-Myanmar_Tun-Khin-Tomas-Ojea-Quintana_@Juan-Mabromata-AFP.jpg","thumbnail_width":1200,"thumbnail_height":802,"description":"Le 26 novembre, la justice argentine a d\u00e9cid\u00e9 d\u2019ouvrir une enqu\u00eate sur le g\u00e9nocide des Rohingyas, au Myanmar. Au nom de la comp\u00e9tence universelle. Depuis le coup d\u2019Etat des militaires birmans, le 1er f\u00e9vrier 2021, un nouveau front commun semble se faire jour pour d\u00e9noncer les crimes de la junte. Et cela peut profiter \u00e0 la minorit\u00e9 rohingya."}

Le 26 novembre, la justice argentine a décidé d’ouvrir une enquête sur le génocide des Rohingyas, au Myanmar. Au nom de la compétence universelle. Depuis le coup d’Etat des militaires birmans, le 1er février 2021, un nouveau front commun semble se faire jour pour dénoncer les crimes de la junte. Et cela peut profiter à la minorité rohingya.
