{"version":"1.0","provider_name":"JusticeInfo.net","provider_url":"https:\/\/www.justiceinfo.net\/fr","title":"Les migrants et la justice internationale : pourquoi la pression monte","type":"rich","width":600,"height":338,"html":"<blockquote class=\"wp-embedded-content\" data-secret=\"Z9mxtYC3TQ\"><a href=\"https:\/\/www.justiceinfo.net\/fr\/85665-migrants-justice-internationale-pourquoi-pression-monte.html\">Les migrants et la justice internationale : pourquoi la pression monte<\/a><\/blockquote><iframe sandbox=\"allow-scripts\" security=\"restricted\" src=\"https:\/\/www.justiceinfo.net\/fr\/85665-migrants-justice-internationale-pourquoi-pression-monte.html\/embed#?secret=Z9mxtYC3TQ\" width=\"600\" height=\"338\" title=\"\u00ab\u00a0Les migrants et la justice internationale : pourquoi la pression monte\u00a0\u00bb &#8212; JusticeInfo.net\" data-secret=\"Z9mxtYC3TQ\" frameborder=\"0\" marginwidth=\"0\" marginheight=\"0\" scrolling=\"no\" class=\"wp-embedded-content\"><\/iframe><script type=\"text\/javascript\">\n\/* <![CDATA[ *\/\n\/*! This file is auto-generated *\/\n!function(d,l){\"use strict\";l.querySelector&&d.addEventListener&&\"undefined\"!=typeof URL&&(d.wp=d.wp||{},d.wp.receiveEmbedMessage||(d.wp.receiveEmbedMessage=function(e){var t=e.data;if((t||t.secret||t.message||t.value)&&!\/[^a-zA-Z0-9]\/.test(t.secret)){for(var s,r,n,a=l.querySelectorAll('iframe[data-secret=\"'+t.secret+'\"]'),o=l.querySelectorAll('blockquote[data-secret=\"'+t.secret+'\"]'),c=new RegExp(\"^https?:$\",\"i\"),i=0;i<o.length;i++)o[i].style.display=\"none\";for(i=0;i<a.length;i++)s=a[i],e.source===s.contentWindow&&(s.removeAttribute(\"style\"),\"height\"===t.message?(1e3<(r=parseInt(t.value,10))?r=1e3:~~r<200&&(r=200),s.height=r):\"link\"===t.message&&(r=new URL(s.getAttribute(\"src\")),n=new URL(t.value),c.test(n.protocol))&&n.host===r.host&&l.activeElement===s&&(d.top.location.href=t.value))}},d.addEventListener(\"message\",d.wp.receiveEmbedMessage,!1),l.addEventListener(\"DOMContentLoaded\",function(){for(var e,t,s=l.querySelectorAll(\"iframe.wp-embedded-content\"),r=0;r<s.length;r++)(t=(e=s[r]).getAttribute(\"data-secret\"))||(t=Math.random().toString(36).substring(2,12),e.src+=\"#?secret=\"+t,e.setAttribute(\"data-secret\",t)),e.contentWindow.postMessage({message:\"ready\",secret:t},\"*\")},!1)))}(window,document);\n\/* ]]> *\/\n<\/script>\n","thumbnail_url":"https:\/\/www.justiceinfo.net\/wp-content\/uploads\/Erythree-Libye_Deflagrations_dessins-guerre-enfants-children-war-drawings.jpg","thumbnail_width":1200,"thumbnail_height":910,"description":"Le 18 d\u00e9cembre est la journ\u00e9e internationale des migrants. Les initiatives se multiplient pour que les crimes contre ces populations vuln\u00e9rables soient qualifi\u00e9s de crimes contre l\u2019humanit\u00e9, parfois de crimes de guerre. Pr\u00e8s de 23\u00a0000 migrants sont morts en M\u00e9diterran\u00e9e depuis 2014. L\u2019avocate Jessica Lescs rappelle les enjeux de droit, explique pourquoi les Etats sont sur la sellette et pourquoi le procureur de la Cour p\u00e9nale internationale est attendu sur ce dossier."}

Le 18 décembre est la journée internationale des migrants. Les initiatives se multiplient pour que les crimes contre ces populations vulnérables soient qualifiés de crimes contre l’humanité, parfois de crimes de guerre. Près de 23 000 migrants sont morts en Méditerranée depuis 2014. L’avocate Jessica Lescs rappelle les enjeux de droit, explique pourquoi les Etats sont sur la sellette et pourquoi le procureur de la Cour pénale internationale est attendu sur ce dossier.
