{"version":"1.0","provider_name":"JusticeInfo.net","provider_url":"https:\/\/www.justiceinfo.net\/fr","title":"Le droit \u00e0 la r\u00e9paration dans la justice transitionnelle","type":"rich","width":600,"height":338,"html":"<blockquote class=\"wp-embedded-content\" data-secret=\"EvygfBMyfK\"><a href=\"https:\/\/www.justiceinfo.net\/fr\/85699-droit-reparation-justice-transitionnelle.html\">Le droit \u00e0 la r\u00e9paration dans la justice transitionnelle<\/a><\/blockquote><iframe sandbox=\"allow-scripts\" security=\"restricted\" src=\"https:\/\/www.justiceinfo.net\/fr\/85699-droit-reparation-justice-transitionnelle.html\/embed#?secret=EvygfBMyfK\" width=\"600\" height=\"338\" title=\"\u00ab\u00a0Le droit \u00e0 la r\u00e9paration dans la justice transitionnelle\u00a0\u00bb &#8212; JusticeInfo.net\" data-secret=\"EvygfBMyfK\" frameborder=\"0\" marginwidth=\"0\" marginheight=\"0\" scrolling=\"no\" class=\"wp-embedded-content\"><\/iframe><script type=\"text\/javascript\">\n\/* <![CDATA[ *\/\n\/*! This file is auto-generated *\/\n!function(d,l){\"use strict\";l.querySelector&&d.addEventListener&&\"undefined\"!=typeof URL&&(d.wp=d.wp||{},d.wp.receiveEmbedMessage||(d.wp.receiveEmbedMessage=function(e){var t=e.data;if((t||t.secret||t.message||t.value)&&!\/[^a-zA-Z0-9]\/.test(t.secret)){for(var s,r,n,a=l.querySelectorAll('iframe[data-secret=\"'+t.secret+'\"]'),o=l.querySelectorAll('blockquote[data-secret=\"'+t.secret+'\"]'),c=new RegExp(\"^https?:$\",\"i\"),i=0;i<o.length;i++)o[i].style.display=\"none\";for(i=0;i<a.length;i++)s=a[i],e.source===s.contentWindow&&(s.removeAttribute(\"style\"),\"height\"===t.message?(1e3<(r=parseInt(t.value,10))?r=1e3:~~r<200&&(r=200),s.height=r):\"link\"===t.message&&(r=new URL(s.getAttribute(\"src\")),n=new URL(t.value),c.test(n.protocol))&&n.host===r.host&&l.activeElement===s&&(d.top.location.href=t.value))}},d.addEventListener(\"message\",d.wp.receiveEmbedMessage,!1),l.addEventListener(\"DOMContentLoaded\",function(){for(var e,t,s=l.querySelectorAll(\"iframe.wp-embedded-content\"),r=0;r<s.length;r++)(t=(e=s[r]).getAttribute(\"data-secret\"))||(t=Math.random().toString(36).substring(2,12),e.src+=\"#?secret=\"+t,e.setAttribute(\"data-secret\",t)),e.contentWindow.postMessage({message:\"ready\",secret:t},\"*\")},!1)))}(window,document);\n\/* ]]> *\/\n<\/script>\n","thumbnail_url":"https:\/\/www.justiceinfo.net\/wp-content\/uploads\/maxresdefault-3.jpg","thumbnail_width":1280,"thumbnail_height":720,"description":"Qu\u2019entend-on par ce droit \u00e0 la r\u00e9paration ? Que signifie-t-il quand il est impossible de r\u00e9tablir la situation d\u2019antan ? Ou quand les victimes sont jug\u00e9es trop nombreuses ? Xavier Philippe, professeur de droit et administrateur de l\u2019IFJD explique le sens que peut prendre ce droit dans le cadre de la justice transitionnelle. R\u00e9parations individuelles et collectives, r\u00e9parations mat\u00e9rielles et symboliques ou morales : en justice transitionnelle, le droit \u00e0 la r\u00e9paration remplit diff\u00e9rents objectifs et prend de multiples formes."}

Le droit à la réparation dans la justice transitionnelle

<blockquote class="wp-embedded-content" data-secret="EvygfBMyfK"><a href="https://www.justiceinfo.net/fr/85699-droit-reparation-justice-transitionnelle.html">Le droit à la réparation dans la justice transitionnelle</a></blockquote><iframe sandbox="allow-scripts" security="restricted" src="https://www.justiceinfo.net/fr/85699-droit-reparation-justice-transitionnelle.html/embed#?secret=EvygfBMyfK" width="600" height="338" title="« Le droit à la réparation dans la justice transitionnelle » &#8212; JusticeInfo.net" data-secret="EvygfBMyfK" frameborder="0" marginwidth="0" marginheight="0" scrolling="no" class="wp-embedded-content"></iframe><script type="text/javascript">
/* <![CDATA[ */
/*! This file is auto-generated */
!function(d,l){"use strict";l.querySelector&&d.addEventListener&&"undefined"!=typeof URL&&(d.wp=d.wp||{},d.wp.receiveEmbedMessage||(d.wp.receiveEmbedMessage=function(e){var t=e.data;if((t||t.secret||t.message||t.value)&&!/[^a-zA-Z0-9]/.test(t.secret)){for(var s,r,n,a=l.querySelectorAll('iframe[data-secret="'+t.secret+'"]'),o=l.querySelectorAll('blockquote[data-secret="'+t.secret+'"]'),c=new RegExp("^https?:$","i"),i=0;i<o.length;i++)o[i].style.display="none";for(i=0;i<a.length;i++)s=a[i],e.source===s.contentWindow&&(s.removeAttribute("style"),"height"===t.message?(1e3<(r=parseInt(t.value,10))?r=1e3:~~r<200&&(r=200),s.height=r):"link"===t.message&&(r=new URL(s.getAttribute("src")),n=new URL(t.value),c.test(n.protocol))&&n.host===r.host&&l.activeElement===s&&(d.top.location.href=t.value))}},d.addEventListener("message",d.wp.receiveEmbedMessage,!1),l.addEventListener("DOMContentLoaded",function(){for(var e,t,s=l.querySelectorAll("iframe.wp-embedded-content"),r=0;r<s.length;r++)(t=(e=s[r]).getAttribute("data-secret"))||(t=Math.random().toString(36).substring(2,12),e.src+="#?secret="+t,e.setAttribute("data-secret",t)),e.contentWindow.postMessage({message:"ready",secret:t},"*")},!1)))}(window,document);
/* ]]> */
</script>

Qu’entend-on par ce droit à la réparation ? Que signifie-t-il quand il est impossible de rétablir la situation d’antan ? Ou quand les victimes sont jugées trop nombreuses ? Xavier Philippe, professeur de droit et administrateur de l’IFJD explique le sens que peut prendre ce droit dans le cadre de la justice transitionnelle. Réparations individuelles et collectives, réparations matérielles et symboliques ou morales : en justice transitionnelle, le droit à la réparation remplit différents objectifs et prend de multiples formes.
