{"version":"1.0","provider_name":"JusticeInfo.net","provider_url":"https:\/\/www.justiceinfo.net\/fr","title":"Liberia : Massaquoi lib\u00e9r\u00e9 dans l\u2019attente du verdict finlandais","type":"rich","width":600,"height":338,"html":"<blockquote class=\"wp-embedded-content\" data-secret=\"LPOSPXknr2\"><a href=\"https:\/\/www.justiceinfo.net\/fr\/87690-liberia-massaquoi-libere-attente-verdict-finlandais.html\">Liberia : Massaquoi lib\u00e9r\u00e9 dans l\u2019attente du verdict finlandais<\/a><\/blockquote><iframe sandbox=\"allow-scripts\" security=\"restricted\" src=\"https:\/\/www.justiceinfo.net\/fr\/87690-liberia-massaquoi-libere-attente-verdict-finlandais.html\/embed#?secret=LPOSPXknr2\" width=\"600\" height=\"338\" title=\"\u00ab\u00a0Liberia : Massaquoi lib\u00e9r\u00e9 dans l\u2019attente du verdict finlandais\u00a0\u00bb &#8212; JusticeInfo.net\" data-secret=\"LPOSPXknr2\" frameborder=\"0\" marginwidth=\"0\" marginheight=\"0\" scrolling=\"no\" class=\"wp-embedded-content\"><\/iframe><script type=\"text\/javascript\">\n\/* <![CDATA[ *\/\n\/*! This file is auto-generated *\/\n!function(d,l){\"use strict\";l.querySelector&&d.addEventListener&&\"undefined\"!=typeof URL&&(d.wp=d.wp||{},d.wp.receiveEmbedMessage||(d.wp.receiveEmbedMessage=function(e){var t=e.data;if((t||t.secret||t.message||t.value)&&!\/[^a-zA-Z0-9]\/.test(t.secret)){for(var s,r,n,a=l.querySelectorAll('iframe[data-secret=\"'+t.secret+'\"]'),o=l.querySelectorAll('blockquote[data-secret=\"'+t.secret+'\"]'),c=new RegExp(\"^https?:$\",\"i\"),i=0;i<o.length;i++)o[i].style.display=\"none\";for(i=0;i<a.length;i++)s=a[i],e.source===s.contentWindow&&(s.removeAttribute(\"style\"),\"height\"===t.message?(1e3<(r=parseInt(t.value,10))?r=1e3:~~r<200&&(r=200),s.height=r):\"link\"===t.message&&(r=new URL(s.getAttribute(\"src\")),n=new URL(t.value),c.test(n.protocol))&&n.host===r.host&&l.activeElement===s&&(d.top.location.href=t.value))}},d.addEventListener(\"message\",d.wp.receiveEmbedMessage,!1),l.addEventListener(\"DOMContentLoaded\",function(){for(var e,t,s=l.querySelectorAll(\"iframe.wp-embedded-content\"),r=0;r<s.length;r++)(t=(e=s[r]).getAttribute(\"data-secret\"))||(t=Math.random().toString(36).substring(2,12),e.src+=\"#?secret=\"+t,e.setAttribute(\"data-secret\",t)),e.contentWindow.postMessage({message:\"ready\",secret:t},\"*\")},!1)))}(window,document);\n\/* ]]> *\/\n<\/script>\n","thumbnail_url":"https:\/\/www.justiceinfo.net\/wp-content\/uploads\/Finland_Gibril-Massaquoi-1_@Thierry-Cruvellier.jpg","thumbnail_width":1200,"thumbnail_height":900,"description":"Nouvelle surprise dans le proc\u00e8s de Gibril Massaquoi : apr\u00e8s presque deux ans de d\u00e9tention, l\u2019ancien rebelle sierra l\u00e9onais a \u00e9t\u00e9 remis en libert\u00e9 par la justice finlandaise, ce mercredi 16 f\u00e9vrier. Le verdict doit \u00eatre rendu au plus tard le 29 avril. Mais sa lib\u00e9ration attise les sp\u00e9culations sur un possible acquittement. Dans un entretien \u00e0 Justice Info, le 24 janvier, Massaquoi exprime sa confiance en la justice tout en vilipendant les enqu\u00eateurs."}

Liberia : Massaquoi libéré dans l’attente du verdict finlandais

<blockquote class="wp-embedded-content" data-secret="LPOSPXknr2"><a href="https://www.justiceinfo.net/fr/87690-liberia-massaquoi-libere-attente-verdict-finlandais.html">Liberia : Massaquoi libéré dans l’attente du verdict finlandais</a></blockquote><iframe sandbox="allow-scripts" security="restricted" src="https://www.justiceinfo.net/fr/87690-liberia-massaquoi-libere-attente-verdict-finlandais.html/embed#?secret=LPOSPXknr2" width="600" height="338" title="« Liberia : Massaquoi libéré dans l’attente du verdict finlandais » &#8212; JusticeInfo.net" data-secret="LPOSPXknr2" frameborder="0" marginwidth="0" marginheight="0" scrolling="no" class="wp-embedded-content"></iframe><script type="text/javascript">
/* <![CDATA[ */
/*! This file is auto-generated */
!function(d,l){"use strict";l.querySelector&&d.addEventListener&&"undefined"!=typeof URL&&(d.wp=d.wp||{},d.wp.receiveEmbedMessage||(d.wp.receiveEmbedMessage=function(e){var t=e.data;if((t||t.secret||t.message||t.value)&&!/[^a-zA-Z0-9]/.test(t.secret)){for(var s,r,n,a=l.querySelectorAll('iframe[data-secret="'+t.secret+'"]'),o=l.querySelectorAll('blockquote[data-secret="'+t.secret+'"]'),c=new RegExp("^https?:$","i"),i=0;i<o.length;i++)o[i].style.display="none";for(i=0;i<a.length;i++)s=a[i],e.source===s.contentWindow&&(s.removeAttribute("style"),"height"===t.message?(1e3<(r=parseInt(t.value,10))?r=1e3:~~r<200&&(r=200),s.height=r):"link"===t.message&&(r=new URL(s.getAttribute("src")),n=new URL(t.value),c.test(n.protocol))&&n.host===r.host&&l.activeElement===s&&(d.top.location.href=t.value))}},d.addEventListener("message",d.wp.receiveEmbedMessage,!1),l.addEventListener("DOMContentLoaded",function(){for(var e,t,s=l.querySelectorAll("iframe.wp-embedded-content"),r=0;r<s.length;r++)(t=(e=s[r]).getAttribute("data-secret"))||(t=Math.random().toString(36).substring(2,12),e.src+="#?secret="+t,e.setAttribute("data-secret",t)),e.contentWindow.postMessage({message:"ready",secret:t},"*")},!1)))}(window,document);
/* ]]> */
</script>

Nouvelle surprise dans le procès de Gibril Massaquoi : après presque deux ans de détention, l’ancien rebelle sierra léonais a été remis en liberté par la justice finlandaise, ce mercredi 16 février. Le verdict doit être rendu au plus tard le 29 avril. Mais sa libération attise les spéculations sur un possible acquittement. Dans un entretien à Justice Info, le 24 janvier, Massaquoi exprime sa confiance en la justice tout en vilipendant les enquêteurs.
