{"version":"1.0","provider_name":"JusticeInfo.net","provider_url":"https:\/\/www.justiceinfo.net\/fr","title":"Ukraine\u00a0: le risque de juger la guerre pendant la guerre","type":"rich","width":600,"height":338,"html":"<blockquote class=\"wp-embedded-content\" data-secret=\"bTVzfuoaYO\"><a href=\"https:\/\/www.justiceinfo.net\/fr\/93044-ukraine-risque-juger-guerre-pendant-guerre.html\">Ukraine\u00a0: le risque de juger la guerre pendant la guerre<\/a><\/blockquote><iframe sandbox=\"allow-scripts\" security=\"restricted\" src=\"https:\/\/www.justiceinfo.net\/fr\/93044-ukraine-risque-juger-guerre-pendant-guerre.html\/embed#?secret=bTVzfuoaYO\" width=\"600\" height=\"338\" title=\"\u00ab\u00a0Ukraine\u00a0: le risque de juger la guerre pendant la guerre\u00a0\u00bb &#8212; JusticeInfo.net\" data-secret=\"bTVzfuoaYO\" frameborder=\"0\" marginwidth=\"0\" marginheight=\"0\" scrolling=\"no\" class=\"wp-embedded-content\"><\/iframe><script type=\"text\/javascript\">\n\/* <![CDATA[ *\/\n\/*! This file is auto-generated *\/\n!function(d,l){\"use strict\";l.querySelector&&d.addEventListener&&\"undefined\"!=typeof URL&&(d.wp=d.wp||{},d.wp.receiveEmbedMessage||(d.wp.receiveEmbedMessage=function(e){var t=e.data;if((t||t.secret||t.message||t.value)&&!\/[^a-zA-Z0-9]\/.test(t.secret)){for(var s,r,n,a=l.querySelectorAll('iframe[data-secret=\"'+t.secret+'\"]'),o=l.querySelectorAll('blockquote[data-secret=\"'+t.secret+'\"]'),c=new RegExp(\"^https?:$\",\"i\"),i=0;i<o.length;i++)o[i].style.display=\"none\";for(i=0;i<a.length;i++)s=a[i],e.source===s.contentWindow&&(s.removeAttribute(\"style\"),\"height\"===t.message?(1e3<(r=parseInt(t.value,10))?r=1e3:~~r<200&&(r=200),s.height=r):\"link\"===t.message&&(r=new URL(s.getAttribute(\"src\")),n=new URL(t.value),c.test(n.protocol))&&n.host===r.host&&l.activeElement===s&&(d.top.location.href=t.value))}},d.addEventListener(\"message\",d.wp.receiveEmbedMessage,!1),l.addEventListener(\"DOMContentLoaded\",function(){for(var e,t,s=l.querySelectorAll(\"iframe.wp-embedded-content\"),r=0;r<s.length;r++)(t=(e=s[r]).getAttribute(\"data-secret\"))||(t=Math.random().toString(36).substring(2,12),e.src+=\"#?secret=\"+t,e.setAttribute(\"data-secret\",t)),e.contentWindow.postMessage({message:\"ready\",secret:t},\"*\")},!1)))}(window,document);\n\/* ]]> *\/\n<\/script>\n","thumbnail_url":"https:\/\/www.justiceinfo.net\/wp-content\/uploads\/Ukraine_Karim-Khan-ICC-Bucha_@Fadel-Senna-AFP.jpg","thumbnail_width":1200,"thumbnail_height":800,"description":"D\u00e8s les premiers jours du conflit, les armes du droit ont \u00e9t\u00e9 mobilis\u00e9es par l\u2019Ukraine et la Cour p\u00e9nale internationale a \u00ab pris les armes \u00bb aux c\u00f4t\u00e9s de celle-ci. La juriste et militante C\u00e9line Bardet rappelle le pr\u00e9c\u00e9dent historique libyen et s\u2019interroge sur la capacit\u00e9 de la Cour et de la justice ukrainienne \u00e0 poser en temps de guerre des gardes fous clairs afin de juger en toute ind\u00e9pendance."}

Dès les premiers jours du conflit, les armes du droit ont été mobilisées par l’Ukraine et la Cour pénale internationale a « pris les armes » aux côtés de celle-ci. La juriste et militante Céline Bardet rappelle le précédent historique libyen et s’interroge sur la capacité de la Cour et de la justice ukrainienne à poser en temps de guerre des gardes fous clairs afin de juger en toute indépendance.
